000
CXUS55 KGGW 010810
CF6JDN
PRELIMINARY LOCAL CLIMATOLOGICAL DATA (WS FORM: F-6)
STATION: JORDAN ASOS MT
MONTH: JULY
YEAR: 2022
LATITUDE: 47 19 N
LONGITUDE: 106 50 W
TEMPERATURE IN F: :PCPN: SNOW: WIND :SUNSHINE: SKY :PK WND
================================================================================
1 2 3 4 5 6A 6B 7 8 9 10 11 12 13 14 15 16 17 18
12Z AVG MX 2MIN
DY MAX MIN AVG DEP HDD CDD WTR SNW DPTH SPD SPD DIR MIN PSBL S-S WX SPD DR
================================================================================
1 91 48 70 2 0 5 0.00 M M 4.9 15 110 M M 0 20 50
2 96 54 75 7 0 10 0.00 M M 6.6 15 60 M M 0 31 40
3 87 60 74 6 0 9 0.62 M M 10.4 24 60 M M 0 44 240
4 85 62 74 5 0 9 0.20 M M 7.3 13 100 M M 0 18 100
5 83 64 74 5 0 9 0.50 M M 4.7 9 120 M M 0 39 330
6 89 59 74 5 0 9 1.27 M M 9.6 41 170 M M 0 61 170
7 83 60 72 2 0 7 0.00 M M 6.2 10 130 M M 0 M M
8 94 64 79 9 0 14 0.19 M M 10.4 45 270 M M 0 72 250
9 91 63 77 7 0 12 0.26 M M 10.7 24 320 M M 0 52 340
10 84 59 72 2 0 7 0.00 M M 12.3 24 340 M M 0 31 280
11 85 56 71 0 0 6 0.00 M M 7.6 15 320 M M 0 22 360
12 90 55 73 2 0 8 0.00 M M 7.1 15 110 M M 0 31 90
13 99 64 82 11 0 17 0.41 M M 10.5 26 310 M M 0 70 260
14 94 66 80 9 0 15 0.00 M M 5.3 13 280 M M 0 M M
15 96 62 79 7 0 14 0.00 M M 6.8 26 220 M M 0 35 180
16 97 63 80 8 0 15 0.00 M M 6.8 17 280 M M 0 29 280
17 105 61 83 11 0 18 0.00 M M 8.2 25 210 M M 0 35 220
18 99 58 79 7 0 14 0.09 M M 10.0 37 330 M M 0 49 320
19 88 57 73 1 0 8 0.01 M M 15.3 28 300 M M 0 53 270
20 89 61 75 2 0 10 0.00 M M 6.9 17 330 M M 0 24 320
21 94 57 76 3 0 11 0.00 M M 7.7 17 280 M M 0 30 320
22 97 56 77 4 0 12 0.00 M M 10.4 20 360 M M 0 33 350
23 85 61 73 0 0 8 0.00 M M 6.9 17 360 M M 0 24 360
24 89 56 73 0 0 8 0.00 M M 8.4 14 100 M M 0 31 100
25 91 58 75 2 0 10 0.01 M M 9.1 25 10 M M 0 35 20
26 85 58 72 -1 0 7 0.00 M M 9.0 18 320 M M 0 26 320
27 82 54 68 -5 0 3 0.00 M M 6.4 22 360 M M 0 29 340
28 88 49 69 -4 0 4 0.00 M M 3.6 14 90 M M 0 22 90
29 96 57 77 4 0 12 0.00 M M 5.4 13 120 M M 0 20 130
30 98 65 82 9 0 17 0.00 M M 9.5 30 320 M M 0 41 330
31 94 58 76 3 0 11 0.00 M M 7.0 17 160 M M 0 26 170
================================================================================
SM 2824 1825 0 319 3.56 M 250.9 M 0
================================================================================
AV 91.1 58.9 8.1 FASTST M M 0 MAX(MPH)
MISC ----> 45 270 72 250
================================================================================
NOTES:
# LAST OF SEVERAL OCCURRENCES
COLUMN 17 PEAK WIND IN M.P.H.
PRELIMINARY LOCAL CLIMATOLOGICAL DATA (WS FORM: F-6) , PAGE 2
STATION: JORDAN ASOS MT
MONTH: JULY
YEAR: 2022
LATITUDE: 47 19 N
LONGITUDE: 106 50 W
[TEMPERATURE DATA] [PRECIPITATION DATA] SYMBOLS USED IN COLUMN 16
AVERAGE MONTHLY: 75.0 TOTAL FOR MONTH: 3.56 1 = FOG OR MIST
DPTR FM NORMAL: 3.7 DPTR FM NORMAL: 1.97 2 = FOG REDUCING VISIBILITY
HIGHEST: 105 ON 17 GRTST 24HR 1.27 ON 6- 6 TO 1/4 MILE OR LESS
LOWEST: 48 ON 1 3 = THUNDER
SNOW, ICE PELLETS, HAIL 4 = ICE PELLETS
TOTAL MONTH: M 5 = HAIL
GRTST 24HR M ON M 6 = FREEZING RAIN OR DRIZZLE
GRTST DEPTH: M ON M 7 = DUSTSTORM OR SANDSTORM:
VSBY 1/2 MILE OR LESS
8 = SMOKE OR HAZE
[NO. OF DAYS WITH] [WEATHER - DAYS WITH] 9 = BLOWING SNOW
X = TORNADO
MAX 32 OR BELOW: 0 0.01 INCH OR MORE: 10
MAX 90 OR ABOVE: 17 0.10 INCH OR MORE: 7
MIN 32 OR BELOW: 0 0.50 INCH OR MORE: 3
MIN 0 OR BELOW: 0 1.00 INCH OR MORE: 1
[HDD (BASE 65) ]
TOTAL THIS MO. 0 CLEAR (SCALE 0-3) 31
DPTR FM NORMAL -16 PTCLDY (SCALE 4-7) 0
TOTAL FM JUL 1 0 CLOUDY (SCALE 8-10) 0
DPTR FM NORMAL -12
[CDD (BASE 65) ]
TOTAL THIS MO. 319
DPTR FM NORMAL 108 [PRESSURE DATA]
TOTAL FM JAN 1 459 HIGHEST SLP M ON M
DPTR FM NORMAL 185 LOWEST SLP 29.47 ON 18
[REMARKS]
#FINAL-07-22#