000
CXUS55 KGGW 010810
CF6JDN
PRELIMINARY LOCAL CLIMATOLOGICAL DATA (WS FORM: F-6)
STATION: JORDAN ASOS MT
MONTH: JULY
YEAR: 2021
LATITUDE: 47 19 N
LONGITUDE: 106 50 W
TEMPERATURE IN F: :PCPN: SNOW: WIND :SUNSHINE: SKY :PK WND
================================================================================
1 2 3 4 5 6A 6B 7 8 9 10 11 12 13 14 15 16 17 18
12Z AVG MX 2MIN
DY MAX MIN AVG DEP HDD CDD WTR SNW DPTH SPD SPD DIR MIN PSBL S-S WX SPD DR
================================================================================
1 102 67 85 17 0 20 0.00 M M 13.0 25 130 M M 0 35 120
2 102 71 87 19 0 22 0.00 M M 6.5 18 140 M M 0 26 120
3 103 66 85 17 0 20 0.00 M M 10.7 23 320 M M 0 31 300
4 98 62 80 11 0 15 0.00 M M 7.8 18 180 M M 0 26 180
5 88 69 79 10 0 14 0.00 M M 15.1 24 10 M M 0 31 10
6 85 60 73 4 0 8 0.41 M M 10.3 22 90 M M 0 35 70
7 94 60 77 7 0 12 0.10 M M 9.3 37 320 M M 0 52 310
8 93 56 75 5 0 10 0.01 M M 10.1 37 350 M M 0 46 350
9 87 52 70 0 0 5 0.89 M M 5.3 29 140 M M 0 39 280
10 90 56 73 3 0 8 0.04 M M 4.3 12 140 M M 0 17 140
11 103 66 85 14 0 20 0.03 M M 10.0 38 340 M M 0 50 320
12 88 56 72 1 0 7 0.03 M M 8.0 15 40 M M 0 21 20
13 86 55 71 0 0 6 0.07 M M 8.1 32 260 M M 0 46 260
14 89 53 71 0 0 6 0.05 M M 4.0 13 120 M M 0 18 120
15 100 56 78 6 0 13 0.02 M M 5.7 35 190 M M 0 62 150
16 101 72 87 15 0 22 0.00 M M 6.0 18 200 M M 0 23 200
17 102 66 84 12 0 19 0.00 M M 4.7 18 70 M M 0 26 70
18 104 59 82 10 0 17 0.00 M M 5.1 15 360 M M 0 23 360
19 108 65 87 15 0 22 0.00 M M 10.1 23 140 M M 0 32 140
20 92 70 81 8 0 16 0.00 M M 8.0 17 360 M M 0 23 350
21 99 67 83 10 0 18 0.00 M M 4.9 24 330 M M 0 33 340
22 101 66 84 11 0 19 0.00 M M 7.5 39 330 M M 0 53 330
23 94 55 75 2 0 10 0.00 M M 9.6 23 300 M M 0 31 310
24 95 52 74 1 0 9 0.00 M M 5.7 20 300 M M 0 27 300
25 102 52 77 4 0 12 0.00 M M 6.5 15 340 M M 0 20 240
26 101 56 79 6 0 14 0.00 M M 6.3 18 310 M M 0 28 310
27 106 61 84 11 0 19 0.00 M M 5.7 16 360 M M 0 22 10
28 89 70 80 7 0 15 0.00 M M 10.1 21 40 M M 0 29 10
29 83 61 72 -1 0 7 0.00 M M 10.9 24 150 M M 0 31 140
30 97 60 79 6 0 14 0.00 M M 6.9 17 60 M M 0 27 30
31 94 56 75 2 0 10 0.00 M M 7.4 18 90 M M 0 27 100
================================================================================
SM 2976 1893 0 429 1.65 M 243.6 M 0
================================================================================
AV 96.0 61.1 7.9 FASTST M M 0 MAX(MPH)
MISC ----> 39 330 62 150
================================================================================
NOTES:
# LAST OF SEVERAL OCCURRENCES
COLUMN 17 PEAK WIND IN M.P.H.
PRELIMINARY LOCAL CLIMATOLOGICAL DATA (WS FORM: F-6) , PAGE 2
STATION: JORDAN ASOS MT
MONTH: JULY
YEAR: 2021
LATITUDE: 47 19 N
LONGITUDE: 106 50 W
[TEMPERATURE DATA] [PRECIPITATION DATA] SYMBOLS USED IN COLUMN 16
AVERAGE MONTHLY: 78.5 TOTAL FOR MONTH: 1.65 1 = FOG OR MIST
DPTR FM NORMAL: 7.2 DPTR FM NORMAL: 0.06 2 = FOG REDUCING VISIBILITY
HIGHEST: 108 ON 19 GRTST 24HR 0.89 ON 9- 9 TO 1/4 MILE OR LESS
LOWEST: 52 ON 25,24 3 = THUNDER
SNOW, ICE PELLETS, HAIL 4 = ICE PELLETS
TOTAL MONTH: M 5 = HAIL
GRTST 24HR M ON M 6 = FREEZING RAIN OR DRIZZLE
GRTST DEPTH: M ON M 7 = DUSTSTORM OR SANDSTORM:
VSBY 1/2 MILE OR LESS
8 = SMOKE OR HAZE
[NO. OF DAYS WITH] [WEATHER - DAYS WITH] 9 = BLOWING SNOW
X = TORNADO
MAX 32 OR BELOW: 0 0.01 INCH OR MORE: 10
MAX 90 OR ABOVE: 23 0.10 INCH OR MORE: 3
MIN 32 OR BELOW: 0 0.50 INCH OR MORE: 1
MIN 0 OR BELOW: 0 1.00 INCH OR MORE: 0
[HDD (BASE 65) ]
TOTAL THIS MO. 0 CLEAR (SCALE 0-3) 31
DPTR FM NORMAL -16 PTCLDY (SCALE 4-7) 0
TOTAL FM JUL 1 0 CLOUDY (SCALE 8-10) 0
DPTR FM NORMAL -12
[CDD (BASE 65) ]
TOTAL THIS MO. 429
DPTR FM NORMAL 218 [PRESSURE DATA]
TOTAL FM JAN 1 644 HIGHEST SLP M ON M
DPTR FM NORMAL 370 LOWEST SLP 29.64 ON 15
[REMARKS]
#FINAL-07-21#