826
CXUS55 KGGW 010910
CF6JDN
PRELIMINARY LOCAL CLIMATOLOGICAL DATA (WS FORM: F-6)
STATION: JORDAN ASOS MT
MONTH: DECEMBER
YEAR: 2020
LATITUDE: 47 19 N
LONGITUDE: 106 50 W
TEMPERATURE IN F: :PCPN: SNOW: WIND :SUNSHINE: SKY :PK WND
================================================================================
1 2 3 4 5 6A 6B 7 8 9 10 11 12 13 14 15 16 17 18
12Z AVG MX 2MIN
DY MAX MIN AVG DEP HDD CDD WTR SNW DPTH SPD SPD DIR MIN PSBL S-S WX SPD DR
================================================================================
1 39 14 27 4 38 0 0.03 M M 13.8 35 320 M M 0 44 310
2 45 8 27 5 38 0 0.00 M M 6.9 17 250 M M 0 22 240
3 57 18 38 16 27 0 0.00 M M 6.7 13 270 M M 0 15 270
4 55 24 40 18 25 0 0.00 M M 9.5 23 320 M M 0 29 320
5 55 16 36 15 29 0 0.00 M M 2.2 12 200 M M 0 15 210
6 59 10 35 14 30 0 0.00 M M 6.5 18 300 M M 0 24 280
7 60 22 41 20 24 0 0.00 M M 8.3 21 270 M M 0 29 280
8 69 31 50 30 15 0 0.00 M M 6.6 25 280 M M 0 32 290
9 64 26 45 25 20 0 0.00 M M 8.4 26 310 M M 0 34 320
10 42 12 27 7 38 0 0.00 M M 3.0 9 290 M M 0 10 290
11 27 7 17 -3 48 0 0.00 M M 5.1 13 90 M M 0 17 70
12 27 22 25 6 40 0 0.00 M M 6.9 14 70 M M 0 19 270
13 27 11 19 0 46 0 0.00 M M 7.8 21 350 M M 0 28 350
14 25 6 16 -3 49 0 0.00 M M 5.2 12 90 M M 0 15 80
15 43 7 25 7 40 0 0.00 M M 5.6 17 240 M M 0 22 220
16 48 16 32 14 33 0 0.00 M M 7.5 22 290 M M 0 29 280
17 48 16 32 14 33 0 0.00 M M 4.9 15 240 M M 0 22 220
18 40 16 28 10 37 0 0.00 M M 6.8 22 310 M M 0 31 310
19 55 20 38 20 27 0 0.00 M M 12.7 37 290 M M 0 53 300
20 56 23 40 22 25 0 0.02 M M 16.9 46 290 M M 0 69 290
21 48 29 39 22 26 0 0.00 M M 6.8 18 220 M M 0 24 210
22 49 18 34 17 31 0 0.01 M M 15.8 38 320 M M 0 58 290
23 32 7 20 3 45 0 0.00 M M 11.2 28 310 M M 0 35 310
24 54 28 41 24 24 0 0.00 M M 11.8 24 270 M M 0 35 260
25 49 16 33 16 32 0 0.00 M M 3.9 16 260 M M 0 20 260
26 47 16 32 15 33 0 0.00 M M 6.0 16 320 M M 0 22 330
27 26 10 18 1 47 0 0.03 M M 5.7 14 340 M M 0 18 350
28 29 13 21 4 44 0 0.00 M M 6.1 15 210 M M 0 18 210
29 31 6 19 2 46 0 0.00 M M 7.6 20 300 M M 0 26 320
30 41 2 22 6 43 0 0.00 M M 4.0 15 290 M M 0 18 300
31 47 23 35 19 30 0 0.00 M M 7.6 18 280 M M 0 26 270
================================================================================
SM 1394 493 1063 0 0.09 M 237.8 M 0
================================================================================
AV 45.0 15.9 7.7 FASTST M M 0 MAX(MPH)
MISC ----> 46 290 69 290
================================================================================
NOTES:
# LAST OF SEVERAL OCCURRENCES
COLUMN 17 PEAK WIND IN M.P.H.
PRELIMINARY LOCAL CLIMATOLOGICAL DATA (WS FORM: F-6) , PAGE 2
STATION: JORDAN ASOS MT
MONTH: DECEMBER
YEAR: 2020
LATITUDE: 47 19 N
LONGITUDE: 106 50 W
[TEMPERATURE DATA] [PRECIPITATION DATA] SYMBOLS USED IN COLUMN 16
AVERAGE MONTHLY: 30.4 TOTAL FOR MONTH: 0.09 1 = FOG OR MIST
DPTR FM NORMAL: 11.6 DPTR FM NORMAL: -0.20 2 = FOG REDUCING VISIBILITY
HIGHEST: 69 ON 8 GRTST 24HR 0.03 ON 1- 1 TO 1/4 MILE OR LESS
LOWEST: 2 ON 30 3 = THUNDER
SNOW, ICE PELLETS, HAIL 4 = ICE PELLETS
TOTAL MONTH: M 5 = HAIL
GRTST 24HR M ON M 6 = FREEZING RAIN OR DRIZZLE
GRTST DEPTH: M ON M 7 = DUSTSTORM OR SANDSTORM:
VSBY 1/2 MILE OR LESS
8 = SMOKE OR HAZE
[NO. OF DAYS WITH] [WEATHER - DAYS WITH] 9 = BLOWING SNOW
X = TORNADO
MAX 32 OR BELOW: 8 0.01 INCH OR MORE: 4
MAX 90 OR ABOVE: 0 0.10 INCH OR MORE: 0
MIN 32 OR BELOW: 31 0.50 INCH OR MORE: 0
MIN 0 OR BELOW: 0 1.00 INCH OR MORE: 0
[HDD (BASE 65) ]
TOTAL THIS MO. 1063 CLEAR (SCALE 0-3) 31
DPTR FM NORMAL -369 PTCLDY (SCALE 4-7) 0
TOTAL FM JUL 1 2929 CLOUDY (SCALE 8-10) 0
DPTR FM NORMAL -518
[CDD (BASE 65) ]
TOTAL THIS MO. 0
DPTR FM NORMAL 0 [PRESSURE DATA]
TOTAL FM JAN 1 637 HIGHEST SLP M ON M
DPTR FM NORMAL 216 LOWEST SLP 29.35 ON 22
[REMARKS]
#FINAL-12-20#