000
CXUS55 KGGW 010800
CF6JDN
PRELIMINARY LOCAL CLIMATOLOGICAL DATA (WS FORM: F-6)
STATION: JORDAN ASOS MT
MONTH: APRIL
YEAR: 2020
LATITUDE: 47 19 N
LONGITUDE: 106 50 W
TEMPERATURE IN F: :PCPN: SNOW: WIND :SUNSHINE: SKY :PK WND
================================================================================
1 2 3 4 5 6A 6B 7 8 9 10 11 12 13 14 15 16 17 18
12Z AVG MX 2MIN
DY MAX MIN AVG DEP HDD CDD WTR SNW DPTH SPD SPD DIR MIN PSBL S-S WX SPD DR
================================================================================
1 32 19 26 -14 39 0 0.14 M 0 18.0 22 330 M M 0 29 30
2 22 7 15 -25 50 0 0.00 0.0 0 5.8 16 320 M M 0 18 330
3 46 9 28 -12 37 0 0.00 0.0 0 10.1 20 140 M M 0 26 180
4 47 26 37 -3 28 0 0.00 0.0 0 8.3 18 340 M M 0 23 330
5 62 25 44 3 21 0 0.00 0.0 0 8.0 20 140 M M 0 24 130
6 68 32 50 9 15 0 0.00 0.0 0 8.4 25 300 M M 0 31 300
7 65 31 48 6 17 0 0.00 0.0 0 14.3 33 290 M M 0 40 290
8 51 31 41 -1 24 0 0.00 0.0 0 17.3 32 320 M M 0 45 300
9 53 22 38 -4 27 0 0.00 0.0 0 6.8 14 160 M M 0 20 140
10 64 26 45 3 20 0 0.01 M 0 6.9 24 20 M M 0 30 10
11 40 24 32 -11 33 0 0.28 M 0 11.8 24 50 M M 0 31 40
12 33 15 24 -19 41 0 0.02 M 0 12.6 37 320 M M 0 55 320
13 28 11 20 -23 45 0 0.05 M 0 12.5 26 310 M M 0 29 320
14 47 14 31 -13 34 0 0.00 0.0 0 9.6 20 310 M M 0 24 320
15 44 28 36 -8 29 0 0.04 M 0 9.6 22 360 M M 0 28 350
16 46 22 34 -10 31 0 0.00 0.0 0 7.5 15 270 M M 0 21 310
17 66 24 45 1 20 0 0.00 0.0 0 11.4 25 280 M M 0 34 270
18 56 29 43 -2 22 0 0.03 M 0 10.1 31 340 M M 0 35 340
19 62 30 46 1 19 0 0.00 0.0 0 8.4 23 280 M M 0 27 280
20 70 40 55 10 10 0 0.00 0.0 0 10.0 26 310 M M 0 32 290
21 75 41 58 12 7 0 0.00 0.0 0 12.1 25 290 M M 0 32 270
22 72 45 59 13 6 0 0.00 0.0 0 12.7 28 310 M M 0 33 320
23 67 43 55 9 10 0 0.00 0.0 0 12.7 25 320 M M 0 30 320
24 63 34 49 3 16 0 0.00 0.0 0 13.4 32 310 M M 0 39 300
25 70 29 50 3 15 0 0.00 0.0 0 6.5 17 180 M M 0 24 190
26 73 40 57 10 8 0 0.00 0.0 0 11.3 25 290 M M 0 33 310
27 74 33 54 7 11 0 0.00 0.0 0 8.6 38 290 M M 0 56 270
28 69 35 52 5 13 0 0.01 M 0 19.1 41 300 M M 0 54 310
29 80 41 61 13 4 0 0.00 0.0 0 6.1 17 250 M M 0 25 270
30 81 52 67 19 0 2 0.03 0.0 0 8.5 37 300 M M 0 47 270
================================================================================
SM 1726 858 652 2 0.61 0.0 318.4 M 0
================================================================================
AV 57.5 28.6 10.6 FASTST M M 0 MAX(MPH)
MISC ----> # 41 300 # 56 270
================================================================================
NOTES:
# LAST OF SEVERAL OCCURRENCES
COLUMN 17 PEAK WIND IN M.P.H.
PRELIMINARY LOCAL CLIMATOLOGICAL DATA (WS FORM: F-6) , PAGE 2
STATION: JORDAN ASOS MT
MONTH: APRIL
YEAR: 2020
LATITUDE: 47 19 N
LONGITUDE: 106 50 W
[TEMPERATURE DATA] [PRECIPITATION DATA] SYMBOLS USED IN COLUMN 16
AVERAGE MONTHLY: 43.1 TOTAL FOR MONTH: 0.61 1 = FOG OR MIST
DPTR FM NORMAL: -0.9 DPTR FM NORMAL: -0.47 2 = FOG REDUCING VISIBILITY
HIGHEST: 81 ON 30 GRTST 24HR 0.28 ON 11-11 TO 1/4 MILE OR LESS
LOWEST: 7 ON 2 3 = THUNDER
SNOW, ICE PELLETS, HAIL 4 = ICE PELLETS
TOTAL MONTH: 0.0 INCH 5 = HAIL
GRTST 24HR 0.0 6 = FREEZING RAIN OR DRIZZLE
GRTST DEPTH: 0 7 = DUSTSTORM OR SANDSTORM:
VSBY 1/2 MILE OR LESS
8 = SMOKE OR HAZE
[NO. OF DAYS WITH] [WEATHER - DAYS WITH] 9 = BLOWING SNOW
X = TORNADO
MAX 32 OR BELOW: 3 0.01 INCH OR MORE: 9
MAX 90 OR ABOVE: 0 0.10 INCH OR MORE: 2
MIN 32 OR BELOW: 20 0.50 INCH OR MORE: 0
MIN 0 OR BELOW: 0 1.00 INCH OR MORE: 0
[HDD (BASE 65) ]
TOTAL THIS MO. 652 CLEAR (SCALE 0-3) 30
DPTR FM NORMAL 20 PTCLDY (SCALE 4-7) 0
TOTAL FM JUL 1 7173 CLOUDY (SCALE 8-10) 0
DPTR FM NORMAL -561
[CDD (BASE 65) ]
TOTAL THIS MO. 2
DPTR FM NORMAL 2 [PRESSURE DATA]
TOTAL FM JAN 1 2 HIGHEST SLP M ON M
DPTR FM NORMAL 2 LOWEST SLP 29.58 ON 30
[REMARKS]
#FINAL-04-20#