000
CXUS55 KGGW 010910
CF6JDN
PRELIMINARY LOCAL CLIMATOLOGICAL DATA (WS FORM: F-6)
STATION: JORDAN ASOS MT
MONTH: NOVEMBER
YEAR: 2023
LATITUDE: 47 19 N
LONGITUDE: 106 50 W
TEMPERATURE IN F: :PCPN: SNOW: WIND :SUNSHINE: SKY :PK WND
================================================================================
1 2 3 4 5 6A 6B 7 8 9 10 11 12 13 14 15 16 17 18
12Z AVG MX 2MIN
DY MAX MIN AVG DEP HDD CDD WTR SNW DPTH SPD SPD DIR MIN PSBL S-S WX SPD DR
================================================================================
1 37 11 24 -13 41 0 0.00 M M 3.3 13 280 M M 0 14 270
2 41 12 27 -9 38 0 0.09 M M 4.7 9 290 M M 0 12 270
3 42 33 38 2 27 0 0.02 M M 2.9 10 280 M M 0 11 280
4 57 29 43 7 22 0 0.00 M M 5.0 14 190 M M 0 19 190
5 59 35 47 12 18 0 0.01 M M 7.7 22 280 M M 0 31 280
6 58 31 45 10 20 0 0.01 M M 5.7 23 230 M M 0 34 220
7 59 35 47 13 18 0 0.00 M M 11.6 28 270 M M 0 39 270
8 50 30 40 6 25 0 0.00 M M 12.1 28 310 M M 0 37 290
9 47 29 38 4 27 0 0.01 M M 8.5 21 290 M M 0 28 290
10 49 25 37 4 28 0 0.00 M M 3.3 9 180 M M 0 13 120
11 52 24 38 5 27 0 0.00 M M 8.9 22 240 M M 0 29 240
12 57 31 44 12 21 0 0.00 M M 10.1 27 280 M M 0 46 280
13 62 30 46 14 19 0 0.00 M M 5.1 16 240 M M 0 21 90
14 53 24 39 7 26 0 0.00 M M 5.7 21 310 M M 0 26 310
15 65 24 45 14 20 0 0.00 M M 5.1 30 270 M M 0 46 290
16 41 30 36 5 29 0 0.00 M M 7.1 25 330 M M 0 32 330
17 60 27 44 14 21 0 0.00 M M 7.3 16 270 M M 0 21 270
18 60 26 43 13 22 0 0.00 M M 4.1 12 150 M M 0 15 140
19 56 25 41 11 24 0 0.00 M M 3.9 20 290 M M 0 27 290
20 51 22 37 8 28 0 0.00 M M 11.0 24 320 M M 0 32 310
21 61 19 40 11 25 0 0.00 M M 4.6 16 270 M M 0 23 250
22 54 29 42 14 23 0 0.00 M M 10.0 22 320 M M 0 29 330
23 29 5 17 -11 48 0 0.00 M M 5.1 13 360 M M 0 16 360
24 29 1 15 -13 50 0 0.00 M M 2.0 6 330 M M 0 8 110
25 41 10 26 -1 39 0 0.01 M M 12.7 31 330 M M 0 40 330
26 36 23 30 3 35 0 0.00 M M 10.0 22 320 M M 0 29 330
27 44 14 29 2 36 0 0.00 M M 5.6 22 320 M M 0 29 330
28 52 15 34 8 31 0 0.00 M M 5.7 15 300 M M 0 18 300
29 45 14 30 4 35 0 0.00 M M 10.5 22 310 M M 0 28 310
30 36 25 31 5 34 0 0.00 M M 3.5 9 350 M M 0 10 360
================================================================================
SM 1483 688 857 0 0.15 M 202.8 M 0
================================================================================
AV 49.4 22.9 6.8 FASTST M M 0 MAX(MPH)
MISC ----> 31 330 # 46 280
================================================================================
NOTES:
# LAST OF SEVERAL OCCURRENCES
COLUMN 17 PEAK WIND IN M.P.H.
PRELIMINARY LOCAL CLIMATOLOGICAL DATA (WS FORM: F-6) , PAGE 2
STATION: JORDAN ASOS MT
MONTH: NOVEMBER
YEAR: 2023
LATITUDE: 47 19 N
LONGITUDE: 106 50 W
[TEMPERATURE DATA] [PRECIPITATION DATA] SYMBOLS USED IN COLUMN 16
AVERAGE MONTHLY: 36.2 TOTAL FOR MONTH: 0.15 1 = FOG OR MIST
DPTR FM NORMAL: 5.2 DPTR FM NORMAL: -0.36 2 = FOG REDUCING VISIBILITY
HIGHEST: 65 ON 15 GRTST 24HR 0.11 ON 2- 3 TO 1/4 MILE OR LESS
LOWEST: 1 ON 24 3 = THUNDER
SNOW, ICE PELLETS, HAIL 4 = ICE PELLETS
TOTAL MONTH: M 5 = HAIL
GRTST 24HR M ON M 6 = FREEZING RAIN OR DRIZZLE
GRTST DEPTH: M ON M 7 = DUSTSTORM OR SANDSTORM:
VSBY 1/2 MILE OR LESS
8 = SMOKE OR HAZE
[NO. OF DAYS WITH] [WEATHER - DAYS WITH] 9 = BLOWING SNOW
X = TORNADO
MAX 32 OR BELOW: 2 0.01 INCH OR MORE: 6
MAX 90 OR ABOVE: 0 0.10 INCH OR MORE: 0
MIN 32 OR BELOW: 27 0.50 INCH OR MORE: 0
MIN 0 OR BELOW: 0 1.00 INCH OR MORE: 0
[HDD (BASE 65) ]
TOTAL THIS MO. 857 CLEAR (SCALE 0-3) 30
DPTR FM NORMAL -161 PTCLDY (SCALE 4-7) 0
TOTAL FM JUL 1 1625 CLOUDY (SCALE 8-10) 0
DPTR FM NORMAL -314
[CDD (BASE 65) ]
TOTAL THIS MO. 0
DPTR FM NORMAL 0 [PRESSURE DATA]
TOTAL FM JAN 1 654 HIGHEST SLP M ON M
DPTR FM NORMAL 163 LOWEST SLP 29.54 ON 15
[REMARKS]
#FINAL-11-23#