000
CXUS55 KGGW 010810
CF6JDN
PRELIMINARY LOCAL CLIMATOLOGICAL DATA (WS FORM: F-6)
STATION: JORDAN ASOS MT
MONTH: JULY
YEAR: 2023
LATITUDE: 47 19 N
LONGITUDE: 106 50 W
TEMPERATURE IN F: :PCPN: SNOW: WIND :SUNSHINE: SKY :PK WND
================================================================================
1 2 3 4 5 6A 6B 7 8 9 10 11 12 13 14 15 16 17 18
12Z AVG MX 2MIN
DY MAX MIN AVG DEP HDD CDD WTR SNW DPTH SPD SPD DIR MIN PSBL S-S WX SPD DR
================================================================================
1 94 61 78 10 0 13 0.00 M M 8.8 22 240 M M 0 31 240
2 87 60 74 6 0 9 0.03 M M 10.8 22 320 M M 0 32 300
3 72 53 63 -5 2 0 0.04 M M 7.6 16 40 M M 0 24 40
4 65 50 58 -11 7 0 0.00 M M 9.7 24 330 M M 0 31 320
5 77 43 60 -9 5 0 0.00 M M 3.2 12 230 M M 0 18 230
6 85 49 67 -2 0 2 0.00 M M 2.8 9 290 M M 0 M M
7 82 52 67 -3 0 2 0.00 M M 5.3 14 70 M M 0 19 20
8 88 51 70 0 0 5 0.00 M M 4.0 14 180 M M 0 23 180
9 93 53 73 3 0 8 0.00 M M 6.4 16 310 M M 0 33 270
10 95 55 75 5 0 10 0.08 M M 9.5 25 90 M M 0 36 80
11 89 63 76 5 0 11 0.00 M M 6.2 24 360 M M 0 32 360
12 85 56 71 0 0 6 0.01 M M 9.1 24 330 M M 0 34 340
13 87 56 72 1 0 7 0.00 M M 10.9 40 340 M M 0 63 320
14 84 57 71 0 0 6 0.00 M M 12.7 26 310 M M 0 36 290
15 81 54 68 -4 0 3 0.00 M M 6.8 16 320 M M 0 21 330
16 82 55 69 -3 0 4 0.00 M M 6.2 15 50 M M 0 24 40
17 89 58 74 2 0 9 0.00 M M 11.0 30 200 M M 0 40 200
18 88 56 72 0 0 7 0.00 M M 11.5 25 310 M M 0 33 310
19 83 51 67 -5 0 2 0.00 M M 9.8 24 340 M M 0 34 330
20 86 49 68 -5 0 3 0.00 M M 3.9 14 90 M M 0 20 80
21 93 59 76 3 0 11 0.13 M M 2.7 21 10 M M 0 28 340
22 99 60 80 7 0 15 0.00 M M 5.3 21 220 M M 0 32 240
23 101 59 80 7 0 15 0.00 M M 8.0 18 290 M M 0 27 280
24 105 57 81 8 0 16 0.00 M M 8.2 36 210 M M 0 54 210
25 98 70 84 11 0 19 0.00 M M 9.9 28 320 M M 0 39 320
26 94 64 79 6 0 14 0.00 M M 8.2 21 260 M M 0 32 250
27 91 64 78 5 0 13 0.03 M M 8.1 17 150 M M 0 26 340
28 87 59 73 0 0 8 0.00 M M 4.4 22 240 M M 0 31 260
29 91 60 76 3 0 11 0.00 M M 7.7 23 350 M M 0 28 350
30 96 67 82 9 0 17 0.03 M M 12.5 32 350 M M 0 42 340
31 98 64 81 8 0 16 0.00 M M 8.2 35 360 M M 0 46 360
================================================================================
SM 2745 1765 14 262 0.35 M 239.4 M 0
================================================================================
AV 88.5 56.9 7.7 FASTST M M 0 MAX(MPH)
MISC ----> 40 340 63 320
================================================================================
NOTES:
# LAST OF SEVERAL OCCURRENCES
COLUMN 17 PEAK WIND IN M.P.H.
PRELIMINARY LOCAL CLIMATOLOGICAL DATA (WS FORM: F-6) , PAGE 2
STATION: JORDAN ASOS MT
MONTH: JULY
YEAR: 2023
LATITUDE: 47 19 N
LONGITUDE: 106 50 W
[TEMPERATURE DATA] [PRECIPITATION DATA] SYMBOLS USED IN COLUMN 16
AVERAGE MONTHLY: 72.7 TOTAL FOR MONTH: 0.35 1 = FOG OR MIST
DPTR FM NORMAL: 1.4 DPTR FM NORMAL: -1.24 2 = FOG REDUCING VISIBILITY
HIGHEST: 105 ON 24 GRTST 24HR 0.13 ON 21-21 TO 1/4 MILE OR LESS
LOWEST: 43 ON 5 3 = THUNDER
SNOW, ICE PELLETS, HAIL 4 = ICE PELLETS
TOTAL MONTH: M 5 = HAIL
GRTST 24HR M ON M 6 = FREEZING RAIN OR DRIZZLE
GRTST DEPTH: M ON M 7 = DUSTSTORM OR SANDSTORM:
VSBY 1/2 MILE OR LESS
8 = SMOKE OR HAZE
[NO. OF DAYS WITH] [WEATHER - DAYS WITH] 9 = BLOWING SNOW
X = TORNADO
MAX 32 OR BELOW: 0 0.01 INCH OR MORE: 7
MAX 90 OR ABOVE: 13 0.10 INCH OR MORE: 1
MIN 32 OR BELOW: 0 0.50 INCH OR MORE: 0
MIN 0 OR BELOW: 0 1.00 INCH OR MORE: 0
[HDD (BASE 65) ]
TOTAL THIS MO. 14 CLEAR (SCALE 0-3) 31
DPTR FM NORMAL -2 PTCLDY (SCALE 4-7) 0
TOTAL FM JUL 1 14 CLOUDY (SCALE 8-10) 0
DPTR FM NORMAL 2
[CDD (BASE 65) ]
TOTAL THIS MO. 262
DPTR FM NORMAL 51 [PRESSURE DATA]
TOTAL FM JAN 1 361 HIGHEST SLP M ON M
DPTR FM NORMAL 87 LOWEST SLP 29.70 ON 17
[REMARKS]
#FINAL-07-23#