000
CXUS53 KJKL 011310
CF6JKL
PRELIMINARY LOCAL CLIMATOLOGICAL DATA (WS FORM: F-6)
STATION: JACKSON KY
MONTH: OCTOBER
YEAR: 2022
LATITUDE: 37 35 N
LONGITUDE: 83 19 W
TEMPERATURE IN F: :PCPN: SNOW: WIND :SUNSHINE: SKY :PK WND
================================================================================
1 2 3 4 5 6A 6B 7 8 9 10 11 12 13 14 15 16 17 18
12Z AVG MX 2MIN
DY MAX MIN AVG DEP HDD CDD WTR SNW DPTH SPD SPD DIR MIN PSBL S-S WX SPD DR
================================================================================
1 55 50 53 -11 12 0 0.19 0.0 0 1.8 9 360 M M 9 1 17 340
2 58 51 55 -9 10 0 0.01 0.0 0 0.5 7 330 M M 10 1 12 330
3 65 49 57 -6 8 0 0.00 0.0 0 0.5 5 140 M M 6 10 360
4 67 39 53 -10 12 0 0.00 0.0 0 1.2 9 310 M M 0 12 13 290
5 71 42 57 -5 8 0 0.00 0.0 0 0.4 8 340 M M 0 12 310
6 76 47 62 0 3 0 0.00 0.0 0 1.2 6 310 M M 2 10 220
7 71 47 59 -3 6 0 0.00 0.0 0 3.1 12 330 M M 2 19 310
8 59 40 50 -12 15 0 0.00 0.0 0 1.2 9 320 M M 1 14 310
9 64 35 50 -11 15 0 0.00 0.0 0 1.2 7 320 M M 0 11 300
10 70 40 55 -6 10 0 0.00 0.0 0 1.4 7 140 M M 0 10 160
11 73 45 59 -1 6 0 0.00 0.0 0 1.8 10 180 M M 0 17 150
12 76 55 66 6 0 1 0.05 0.0 0 4.2 12 160 M M 3 13 22 180
13 65 49 57 -3 8 0 0.01 0.0 0 4.1 15 300 M M 5 26 340
14 68 45 57 -2 8 0 0.00 0.0 0 4.0 14 270 M M 1 27 270
15 77 55 66 7 0 1 0.00 0.0 0 4.2 12 260 M M 1 24 280
16 63 49 56 -3 9 0 0.16 0.0 0 1.1 7 230 M M 7 13 12 260
17 57 36 47 -11 18 0 0.00 0.0 0 6.7 16 280 M M 4 1 27 280
18 43 33 38 -20 27 0 T T 0 3.4 9 270 M M 9 17 290
19 55 34 45 -13 20 0 0.00 0.0 0 3.5 12 290 M M 3 23 300
20 59 36 48 -9 17 0 0.00 0.0 0 3.1 12 190 M M 1 23 180
21 68 41 55 -2 10 0 0.00 0.0 0 4.0 12 170 M M 0 17 170
22 78 51 65 9 0 0 0.00 0.0 0 2.8 8 180 M M 0 14 180
23 77 54 66 10 0 1 0.00 0.0 0 2.8 8 160 M M 0 8 13 170
24 78 52 65 9 0 0 0.00 0.0 0 3.0 8 140 M M 0 8 11 270
25 78 57 68 12 0 3 0.05 0.0 0 5.0 10 140 M M 2 17 140
26 60 47 54 -1 11 0 0.01 0.0 0 3.0 14 260 M M 10 1 25 250
27 61 41 51 -4 14 0 0.00 0.0 0 3.2 8 50 M M 3 16 30
28 71 44 58 4 7 0 0.00 0.0 0 3.0 8 280 M M 0 12 360
29 74 47 61 7 4 0 0.00 0.0 0 2.5 7 150 M M 0 13 50
30 71 54 63 9 2 0 0.12 0.0 0 3.2 8 130 M M 5 1 12 130
31 66 59 63 10 2 0 0.23 0.0 0 3.1 12 250 M M 10 12 19 250
================================================================================
SM 2074 1424 262 6 0.83 T 84.2 M 94
================================================================================
AV 66.9 45.9 2.7 FASTST M M 3 MAX(MPH)
MISC ----> 16 280 # 27 270
================================================================================
NOTES:
# LAST OF SEVERAL OCCURRENCES
COLUMN 17 PEAK WIND IN M.P.H.
PRELIMINARY LOCAL CLIMATOLOGICAL DATA (WS FORM: F-6) , PAGE 2
STATION: JACKSON KY
MONTH: OCTOBER
YEAR: 2022
LATITUDE: 37 35 N
LONGITUDE: 83 19 W
[TEMPERATURE DATA] [PRECIPITATION DATA] SYMBOLS USED IN COLUMN 16
AVERAGE MONTHLY: 56.4 TOTAL FOR MONTH: 0.83 1 = FOG OR MIST
DPTR FM NORMAL: -2.3 DPTR FM NORMAL: -2.62 2 = FOG REDUCING VISIBILITY
HIGHEST: 78 ON 25,24 GRTST 24HR 0.35 ON 30-31 TO 1/4 MILE OR LESS
LOWEST: 33 ON 18 3 = THUNDER
SNOW, ICE PELLETS, HAIL 4 = ICE PELLETS
TOTAL MONTH: T 5 = HAIL
GRTST 24HR T ON 18-18 6 = FREEZING RAIN OR DRIZZLE
GRTST DEPTH: 0 7 = DUSTSTORM OR SANDSTORM:
VSBY 1/2 MILE OR LESS
8 = SMOKE OR HAZE
[NO. OF DAYS WITH] [WEATHER - DAYS WITH] 9 = BLOWING SNOW
X = TORNADO
MAX 32 OR BELOW: 0 0.01 INCH OR MORE: 9
MAX 90 OR ABOVE: 0 0.10 INCH OR MORE: 4
MIN 32 OR BELOW: 0 0.50 INCH OR MORE: 0
MIN 0 OR BELOW: 0 1.00 INCH OR MORE: 0
[HDD (BASE 65) ]
TOTAL THIS MO. 262 CLEAR (SCALE 0-3) 21
DPTR FM NORMAL 29 PTCLDY (SCALE 4-7) 5
TOTAL FM JUL 1 310 CLOUDY (SCALE 8-10) 5
DPTR FM NORMAL 38
[CDD (BASE 65) ]
TOTAL THIS MO. 6
DPTR FM NORMAL -30 [PRESSURE DATA]
TOTAL FM JAN 1 1373 HIGHEST SLP 30.39 ON 8
DPTR FM NORMAL 142 LOWEST SLP 29.70 ON 26
[REMARKS]
#FINAL-10-22#