000
CXHW50 PHFO 011250
CF6JRF
PRELIMINARY LOCAL CLIMATOLOGICAL DATA (WS FORM: F-6)
STATION: KALAELOA ARPT/OAHU HI
MONTH: SEPTEMBER
YEAR: 2021
LATITUDE: 21 19 N
LONGITUDE: 158 4 W
TEMPERATURE IN F: :PCPN: SNOW: WIND :SUNSHINE: SKY :PK WND
================================================================================
1 2 3 4 5 6A 6B 7 8 9 10 11 12 13 14 15 16 17 18
12Z AVG MX 2MIN
DY MAX MIN AVG DEP HDD CDD WTR SNW DPTH SPD SPD DIR MIN PSBL S-S WX SPD DR
================================================================================
1 88 70 79 -2 0 14 0.00 M M 6.9 21 130 M M 3 24 130
2 92 75 84 3 0 19 0.00 M M 6.8 17 70 M M 3 25 60
3 90 76 83 2 0 18 0.00 M M 9.2 18 70 M M 3 30 50
4 89 74 82 1 0 17 0.01 M M 8.1 17 100 M M 2 29 80
5 91 73 82 1 0 17 T M M 5.7 14 120 M M 2 19 80
6 89 73 81 0 0 16 T M M 5.9 17 280 M M 2 23 270
7 92 72 82 1 0 17 0.00 M M 6.2 13 30 M M 1 21 30
8 91 75 83 2 0 18 0.00 M M 6.7 15 70 M M 2 24 70
9 90 72 81 0 0 16 T M M 6.8 15 40 M M 1 20 20
10 87 73 80 -1 0 15 T M M 5.2 13 70 M M 6 20 150
11 91 75 83 2 0 18 0.00 M M 7.0 15 50 M M 4 23 40
12 91 75 83 2 0 18 T M M 7.3 15 60 M M 5 23 70
13 90 74 82 1 0 17 T M M 7.9 15 50 M M 1 23 30
14 91 75 83 2 0 18 0.01 M M 7.6 16 40 M M 2 25 40
15 89 74 82 1 0 17 T M M 6.4 14 140 M M 5 20 20
16 91 75 83 2 0 18 T M M 7.6 16 100 M M 1 23 110
17 89 78 84 3 0 19 T M M 8.9 15 60 M M 4 24 50
18 90 74 82 1 0 17 T M M 7.9 16 50 M M 3 25 30
19 92 75 84 3 0 19 T M M 6.5 17 90 M M 5 25 80
20 91 73 82 2 0 17 0.00 M M 7.7 16 40 M M 1 28 30
21 91 74 83 3 0 18 0.00 M M 7.1 17 110 M M 3 24 100
22 91 70 81 1 0 16 0.00 M M 7.2 17 100 M M 1 26 80
23 90 75 83 3 0 18 T M M 7.1 16 80 M M 6 24 70
24 90 74 82 2 0 17 0.01 M M 6.7 15 50 M M 7 8 22 60
25 90 71 81 1 0 16 0.02 M M 6.7 15 100 M M 6 22 60
26 92 76 84 4 0 19 0.00 M M 8.9 17 50 M M 2 26 40
27 92 75 84 4 0 19 0.00 M M 6.9 16 30 M M 2 23 30
28 90 73 82 2 0 17 T M M 7.5 16 100 M M 2 25 60
29 89 75 82 2 0 17 T M M 6.1 15 30 M M 3 20 30
30 91 72 82 2 0 17 0.00 M M 6.9 15 50 M M 2 24 80
================================================================================
SM 2710 2216 0 519 0.05 M 213.4 M 90
================================================================================
AV 90.3 73.9 7.1 FASTST M M 3 MAX(MPH)
MISC ----> 21 130 30 50
================================================================================
NOTES:
# LAST OF SEVERAL OCCURRENCES
COLUMN 17 PEAK WIND IN M.P.H.
PRELIMINARY LOCAL CLIMATOLOGICAL DATA (WS FORM: F-6) , PAGE 2
STATION: KALAELOA ARPT/OAHU HI
MONTH: SEPTEMBER
YEAR: 2021
LATITUDE: 21 19 N
LONGITUDE: 158 4 W
[TEMPERATURE DATA] [PRECIPITATION DATA] SYMBOLS USED IN COLUMN 16
AVERAGE MONTHLY: 82.1 TOTAL FOR MONTH: 0.05 1 = FOG OR MIST
DPTR FM NORMAL: 1.4 DPTR FM NORMAL: -0.62 2 = FOG REDUCING VISIBILITY
HIGHEST: 92 ON 27,26 GRTST 24HR 0.33 ON 31- 1 TO 1/4 MILE OR LESS
LOWEST: 70 ON 22, 1 3 = THUNDER
SNOW, ICE PELLETS, HAIL 4 = ICE PELLETS
TOTAL MONTH: M 5 = HAIL
GRTST 24HR M ON M 6 = FREEZING RAIN OR DRIZZLE
GRTST DEPTH: M ON M 7 = DUSTSTORM OR SANDSTORM:
VSBY 1/2 MILE OR LESS
8 = SMOKE OR HAZE
[NO. OF DAYS WITH] [WEATHER - DAYS WITH] 9 = BLOWING SNOW
X = TORNADO
MAX 32 OR BELOW: 0 0.01 INCH OR MORE: 4
MAX 90 OR ABOVE: 23 0.10 INCH OR MORE: 0
MIN 32 OR BELOW: 0 0.50 INCH OR MORE: 0
MIN 0 OR BELOW: 0 1.00 INCH OR MORE: 0
[HDD (BASE 65) ]
TOTAL THIS MO. 0 CLEAR (SCALE 0-3) 20
DPTR FM NORMAL 0 PTCLDY (SCALE 4-7) 10
TOTAL FM JUL 1 0 CLOUDY (SCALE 8-10) 0
DPTR FM NORMAL 0
[CDD (BASE 65) ]
TOTAL THIS MO. 519
DPTR FM NORMAL 49 [PRESSURE DATA]
TOTAL FM JAN 1 3568 HIGHEST SLP 30.15 ON 27
DPTR FM NORMAL 268 LOWEST SLP 29.93 ON 1
[REMARKS]
#FINAL-09-21#