000
CXUS51 KCTP 010800
CF6JST
PRELIMINARY LOCAL CLIMATOLOGICAL DATA (WS FORM: F-6)
STATION: JOHNSTOWN
MONTH: APRIL
YEAR: 2020
LATITUDE: 40 18 N
LONGITUDE: 78 50 W
TEMPERATURE IN F: :PCPN: SNOW: WIND :SUNSHINE: SKY :PK WND
================================================================================
1 2 3 4 5 6A 6B 7 8 9 10 11 12 13 14 15 16 17 18
12Z AVG MX 2MIN
DY MAX MIN AVG DEP HDD CDD WTR SNW DPTH SPD SPD DIR MIN PSBL S-S WX SPD DR
================================================================================
1 48 35 42 0 23 0 0.11 M M 8.1 21 320 M M 7 1 25 330
2 52 30 41 -1 24 0 0.00 M M 18.3 31 310 M M 1 40 330
3 55 34 45 3 20 0 0.00 M M 17.3 28 280 M M 2 36 290
4 50 39 45 2 20 0 0.00 M M 5.3 12 310 M M 8 19 310
5 66 40 53 10 12 0 T M M 7.8 17 290 M M 7 22 270
6 61 37 49 5 16 0 0.00 M M 5.6 16 320 M M 3 19 340
7 61 47 54 10 11 0 0.10 M M 7.7 16 260 M M 7 13 21 260
8 64 50 57 13 8 0 0.62 M M 11.8 39 310 M M 5 138 49 320
9 52 31 42 -3 23 0 0.38 M M 15.0 37 310 M M 8 1238 45 300
10 35 27 31 -14 34 0 0.01 M M 19.8 33 300 M M 10 12 43 300
11 48 30 39 -7 26 0 T M M 12.2 23 260 M M 2 30 250
12 63 39 51 5 14 0 0.16 M M 11.4 26 160 M M 6 1 40 160
13 63 36 50 4 15 0 0.32 M M 19.4 33 280 M M 9 1 48 190
14 42 30 36 -11 29 0 0.01 M M 11.0 20 240 M M 8 18 28 240
15 44 27 36 -11 29 0 0.07 M M 11.5 25 310 M M 5 12 32 310
16 35 27 31 -17 34 0 T M M 16.9 24 250 M M 9 18 35 280
17 45 27 36 -12 29 0 0.65 M M 9.7 24 230 M M 8 128 37 230
18 44 30 37 -11 28 0 0.24 M M 12.2 24 300 M M 8 12 32 310
19 54 31 43 -6 22 0 T M M 10.3 21 240 M M 4 25 260
20 55 39 47 -2 18 0 0.00 M M 7.7 18 270 M M 1 25 260
21 47 30 39 -10 26 0 0.14 M M 17.0 33 320 M M 8 1 50 320
22 45 27 36 -14 29 0 T M M 13.2 26 280 M M 6 1 33 260
23 57 35 46 -4 19 0 0.09 M M 6.8 15 160 M M 9 19 170
24 51 43 47 -4 18 0 0.22 M M 5.7 13 330 M M 9 12 14 340
25 62 40 51 0 14 0 0.04 M M 7.5 21 130 M M 6 12 28 150
26 48 35 42 -9 23 0 0.75 M M 8.4 15 20 M M 10 1 24 140
27 54 35 45 -7 20 0 0.03 M M 11.6 21 320 M M 7 1 35 290
28 55 41 48 -4 17 0 0.01 M M 6.8 14 180 M M 9 20 180
29 62 42 52 0 13 0 0.06 M M 11.6 28 150 M M 5 1 41 100
30 57 45 51 -1 14 0 0.70 M M 9.3 24 130 M M 10 1 38 130
================================================================================
SM 1575 1059 628 0 4.71 M 336.9 M 197
================================================================================
AV 52.5 35.3 11.2 FASTST M M 7 MAX(MPH)
MISC ----> 39 310 50 320
================================================================================
NOTES:
# LAST OF SEVERAL OCCURRENCES
COLUMN 17 PEAK WIND IN M.P.H.
PRELIMINARY LOCAL CLIMATOLOGICAL DATA (WS FORM: F-6) , PAGE 2
STATION: JOHNSTOWN
MONTH: APRIL
YEAR: 2020
LATITUDE: 40 18 N
LONGITUDE: 78 50 W
[TEMPERATURE DATA] [PRECIPITATION DATA] SYMBOLS USED IN COLUMN 16
AVERAGE MONTHLY: 43.9 TOTAL FOR MONTH: 4.71 1 = FOG OR MIST
DPTR FM NORMAL: -3.4 DPTR FM NORMAL: 1.12 2 = FOG REDUCING VISIBILITY
HIGHEST: 66 ON 5 GRTST 24HR 0.89 ON 17-18 TO 1/4 MILE OR LESS
LOWEST: 27 ON 22,17 3 = THUNDER
SNOW, ICE PELLETS, HAIL 4 = ICE PELLETS
TOTAL MONTH: M 5 = HAIL
GRTST 24HR M ON M 6 = FREEZING RAIN OR DRIZZLE
GRTST DEPTH: M ON M 7 = DUSTSTORM OR SANDSTORM:
VSBY 1/2 MILE OR LESS
8 = SMOKE OR HAZE
[NO. OF DAYS WITH] [WEATHER - DAYS WITH] 9 = BLOWING SNOW
X = TORNADO
MAX 32 OR BELOW: 0 0.01 INCH OR MORE: 20
MAX 90 OR ABOVE: 0 0.10 INCH OR MORE: 12
MIN 32 OR BELOW: 12 0.50 INCH OR MORE: 4
MIN 0 OR BELOW: 0 1.00 INCH OR MORE: 0
[HDD (BASE 65) ]
TOTAL THIS MO. 628 CLEAR (SCALE 0-3) 5
DPTR FM NORMAL 90 PTCLDY (SCALE 4-7) 14
TOTAL FM JUL 1 5481 CLOUDY (SCALE 8-10) 11
DPTR FM NORMAL -854
[CDD (BASE 65) ]
TOTAL THIS MO. 0
DPTR FM NORMAL -5 [PRESSURE DATA]
TOTAL FM JAN 1 0 HIGHEST SLP 30.30 ON 17
DPTR FM NORMAL -5 LOWEST SLP 29.32 ON 9
[REMARKS]
#FINAL-04-20#