000
CXUS54 KFWD 010833
CF6JWY
PRELIMINARY LOCAL CLIMATOLOGICAL DATA (WS FORM: F-6)
STATION: WAXAHACHIE
MONTH: DECEMBER
YEAR: 2023
LATITUDE: 32 27 N
LONGITUDE: 96 54 W
TEMPERATURE IN F: :PCPN: SNOW: WIND :SUNSHINE: SKY :PK WND
================================================================================
1 2 3 4 5 6A 6B 7 8 9 10 11 12 13 14 15 16 17 18
12Z AVG MX 2MIN
DY MAX MIN AVG DEP HDD CDD WTR SNW DPTH SPD SPD DIR MIN PSBL S-S WX SPD DR
================================================================================
1 60 43 52 3 13 0 0.00 M M 7.4 14 330 M M 3 18 330
2 67 42 55 6 10 0 0.00 M M 3.5 7 230 M M 3 M M
3 72 40 56 7 9 0 0.00 M M 7.7 14 220 M M 4 20 220
4 63 40 52 4 13 0 0.00 M M 4.8 18 350 M M 6 26 350
5 70 36 53 5 12 0 0.00 M M 1.9 8 210 M M 4 M M
6 66 39 53 5 12 0 0.00 M M 2.3 8 170 M M 7 M M
7 69 43 56 9 9 0 0.00 M M 9.7 17 190 M M 5 30 190
8 78 60 69 22 0 4 0.00 M M 13.2 18 200 M M 5 32 210
9 65 45 55 8 10 0 0.00 M M 11.9 20 340 M M 2 28 350
10 53 34 44 -3 21 0 0.00 M M 5.9 13 330 M M 3 18 330
11 64 33 49 3 16 0 0.00 M M 5.0 9 210 M M 2 M M
12 65 37 51 5 14 0 0.00 M M 3.0 7 130 M M 6 9 130
13 59 45 52 6 13 0 0.00 M M 4.7 9 70 M M 9 M M
14 64 43 54 8 11 0 0.00 M M 5.7 8 120 M M 8 M M
15 58 45 52 6 13 0 0.52 M M 4.5 10 150 M M 10 1 18 140
16 59 38 49 4 16 0 0.00 M M 5.7 14 330 M M 8 18 330
17 70 35 53 8 12 0 0.00 M M 2.8 9 220 M M 5 M M
18 63 37 50 5 15 0 0.00 M M 7.1 14 360 M M 5 22 360
19 61 33 47 2 18 0 0.00 M M 4.8 10 180 M M 5 17 130
20 67 44 56 11 9 0 0.00 M M 5.0 12 180 M M 8 23 160
21 58 55 57 12 8 0 0.55 M M 3.0 6 160 M M 10 1 M M
22 69 56 63 18 2 0 0.34 M M 4.9 9 220 M M 10 1 M M
23 64 58 61 16 4 0 0.21 M M 4.3 12 150 M M 10 12 18 140
24 65 46 56 12 9 0 1.89 M M 9.3 22 320 M M 8 33 320
25 51 34 43 -1 22 0 0.00 M M 11.1 22 310 M M 1 31 320
26 55 31 43 -1 22 0 0.00 M M 6.4 17 180 M M 2 20 180
27 52 34 43 -1 22 0 0.00 M M 6.2 17 320 M M 1 21 320
28 49 31 40 -4 25 0 M M M 6.1 14 340 M M 4 23 340
29 56 30 43 -1 22 0 0.00 M M 7.9 16 270 M M 2 23 270
30 64 32 48 4 17 0 0.00 M M 4.5 8 230 M M 3 M M
31 65 39 52 8 13 0 0.00 M M 2.2 7 30 M M 5 M M
================================================================================
SM 1941 1258 412 4 3.51 M 182.6 M 164
================================================================================
AV 62.6 40.6 5.9 FASTST M M 5 MAX(MPH)
MISC ----> # 22 320 33 320
================================================================================
NOTES:
# LAST OF SEVERAL OCCURRENCES
COLUMN 17 PEAK WIND IN M.P.H.
PRELIMINARY LOCAL CLIMATOLOGICAL DATA (WS FORM: F-6) , PAGE 2
STATION: WAXAHACHIE
MONTH: DECEMBER
YEAR: 2023
LATITUDE: 32 27 N
LONGITUDE: 96 54 W
[TEMPERATURE DATA] [PRECIPITATION DATA] SYMBOLS USED IN COLUMN 16
AVERAGE MONTHLY: 51.6 TOTAL FOR MONTH: 3.51 1 = FOG OR MIST
DPTR FM NORMAL: 5.7 DPTR FM NORMAL: 0.41 2 = FOG REDUCING VISIBILITY
HIGHEST: 78 ON 8 GRTST 24HR 1.89 ON 24-24 TO 1/4 MILE OR LESS
LOWEST: 30 ON 29 3 = THUNDER
SNOW, ICE PELLETS, HAIL 4 = ICE PELLETS
TOTAL MONTH: M 5 = HAIL
GRTST 24HR M ON M 6 = FREEZING RAIN OR DRIZZLE
GRTST DEPTH: M ON M 7 = DUSTSTORM OR SANDSTORM:
VSBY 1/2 MILE OR LESS
8 = SMOKE OR HAZE
[NO. OF DAYS WITH] [WEATHER - DAYS WITH] 9 = BLOWING SNOW
X = TORNADO
MAX 32 OR BELOW: 0 0.01 INCH OR MORE: 5
MAX 90 OR ABOVE: 0 0.10 INCH OR MORE: 5
MIN 32 OR BELOW: 4 0.50 INCH OR MORE: 3
MIN 0 OR BELOW: 0 1.00 INCH OR MORE: 1
[HDD (BASE 65) ]
TOTAL THIS MO. 412 CLEAR (SCALE 0-3) 8
DPTR FM NORMAL -182 PTCLDY (SCALE 4-7) 18
TOTAL FM JUL 1 781 CLOUDY (SCALE 8-10) 5
DPTR FM NORMAL -211
[CDD (BASE 65) ]
TOTAL THIS MO. 4
DPTR FM NORMAL 2 [PRESSURE DATA]
TOTAL FM JAN 1 2521 HIGHEST SLP M ON M
DPTR FM NORMAL 88 LOWEST SLP M ON M
[REMARKS]
#FINAL-12-23#