000
CXUS53 KGID 021223 CCA
CF6JYR
PRELIMINARY LOCAL CLIMATOLOGICAL DATA (WS FORM: F-6)
STATION: YORK NE
MONTH: JULY
YEAR: 2021
LATITUDE: 40 54 N
LONGITUDE: 97 37 W
TEMPERATURE IN F: :PCPN: SNOW: WIND :SUNSHINE: SKY :PK WND
================================================================================
1 2 3 4 5 6A 6B 7 8 9 10 11 12 13 14 15 16 17 18
12Z AVG MX 2MIN
DY MAX MIN AVG DEP HDD CDD WTR SNW DPTH SPD SPD DIR MIN PSBL S-S WX SPD DR
================================================================================
1 82 61 72 M 0 7 0.00 M M 4.2 10 50 M M 2 1 14 50
2 82 61 72 M 0 7 0.00 M M 1.4 7 140 M M 2 1 16 130
3 86 63 75 M 0 10 0.00 M M 7.0 14 180 M M 0 20 180
4 88 63 76 M 0 11 0.00 M M 8.4 13 210 M M 0 20 190
5 88 64 76 M 0 11 0.00 M M 6.1 12 210 M M 1 1 15 180
6 86 64 75 M 0 10 0.05 M M 7.9 10 50 M M 3 17 160
7 75 63 69 M 0 4 0.02 M M 7.8 17 20 M M 8 1 24 20
8 86 61 74 M 0 9 0.00 M M 8.6 16 170 M M 1 1 23 160
9 93 68 81 M 0 16 0.41 M M 8.5 23 210 M M 2 13 38 210
10 79 64 72 M 0 7 0.13 M M 8.6 27 70 M M 6 18 36 70
11 79 61 70 M 0 5 0.00 M M 9.7 20 20 M M 4 25 20
12 81 57 69 M 0 4 0.00 M M 1.0 5 150 M M 3 12 M M
13 84 61 73 M 0 8 0.00 M M 4.7 10 140 M M 0 M M
14 84 68 76 M 0 11 M M M 9.7 24 160 M M 4 1 32 160
15 77 68 73 M 0 8 M M M 6.5 12 50 M M 9 1 14 80
16 81 64 73 M 0 8 0.00 M M 4.1 9 90 M M 6 12 12 90
17 82 68 75 M 0 10 0.00 M M 6.5 12 120 M M 4 1 13 310
18 79 66 73 M 0 8 0.00 M M 6.3 10 160 M M 5 1 17 140
19 81 59 70 M 0 5 0.00 M M 1.7 7 110 M M 1 1 12 0
20 82 61 72 M 0 7 0.00 M M 2.9 9 130 M M 1 1 13 130
21 82 66 74 M 0 9 0.00 M M 7.7 16 180 M M 1 18 190
22 88 64 76 M 0 11 0.00 M M 10.7 16 160 M M 0 18 190
23 90 68 79 M 0 14 0.00 M M 9.6 13 170 M M 0 21 200
24 86 70 78 M 0 13 0.00 M M 4.6 9 200 M M 2 1 M M
25 82 64 73 M 0 8 0.00 M M 2.7 6 160 M M 1 1 M M
26 88 63 76 M 0 11 0.00 M M 6.7 13 170 M M 1 12 17 160
27 91 68 80 M 0 15 0.00 M M 6.9 10 190 M M 0 M M
28 93 70 82 M 0 17 0.00 M M 7.7 13 180 M M 0 17 170
29 91 72 82 M 0 17 0.00 M M 6.6 15 40 M M 3 21 40
30 90 72 81 M 0 16 0.00 M M 8.2 12 70 M M 4 18 18 40
31 77 66 72 M 0 7 0.19 M M 8.3 23 20 M M 3 18 32 20
================================================================================
SM 2613 2008 0 304 M M 201.3 M 77
================================================================================
AV 84.3 64.8 6.5 FASTST M M 2 MAX(MPH)
MISC ----> 27 70 M M
================================================================================
NOTES:
# LAST OF SEVERAL OCCURRENCES
COLUMN 17 PEAK WIND IN M.P.H.
PRELIMINARY LOCAL CLIMATOLOGICAL DATA (WS FORM: F-6) , PAGE 2
STATION: YORK NE
MONTH: JULY
YEAR: 2021
LATITUDE: 40 54 N
LONGITUDE: 97 37 W
[TEMPERATURE DATA] [PRECIPITATION DATA] SYMBOLS USED IN COLUMN 16
AVERAGE MONTHLY: 74.5 TOTAL FOR MONTH: M 1 = FOG OR MIST
DPTR FM NORMAL: 0.0 DPTR FM NORMAL: M 2 = FOG REDUCING VISIBILITY
HIGHEST: 93 ON 28, 9 GRTST 24HR M ON M TO 1/4 MILE OR LESS
LOWEST: 57 ON 12 3 = THUNDER
SNOW, ICE PELLETS, HAIL 4 = ICE PELLETS
TOTAL MONTH: M 5 = HAIL
GRTST 24HR M ON M 6 = FREEZING RAIN OR DRIZZLE
GRTST DEPTH: M ON M 7 = DUSTSTORM OR SANDSTORM:
VSBY 1/2 MILE OR LESS
8 = SMOKE OR HAZE
[NO. OF DAYS WITH] [WEATHER - DAYS WITH] 9 = BLOWING SNOW
X = TORNADO
MAX 32 OR BELOW: 0 0.01 INCH OR MORE: M
MAX 90 OR ABOVE: 6 0.10 INCH OR MORE: M
MIN 32 OR BELOW: 0 0.50 INCH OR MORE: M
MIN 0 OR BELOW: 0 1.00 INCH OR MORE: M
[HDD (BASE 65) ]
TOTAL THIS MO. 0 CLEAR (SCALE 0-3) 22
DPTR FM NORMAL M PTCLDY (SCALE 4-7) 8
TOTAL FM JUL 1 0 CLOUDY (SCALE 8-10) 1
DPTR FM NORMAL M
[CDD (BASE 65) ]
TOTAL THIS MO. 304
DPTR FM NORMAL M [PRESSURE DATA]
TOTAL FM JAN 1 651 HIGHEST SLP M ON M
DPTR FM NORMAL M LOWEST SLP M ON M
[REMARKS]
#FINAL-07-21#