000
CXUS54 KOUN 010910
CF6LAW
PRELIMINARY LOCAL CLIMATOLOGICAL DATA (WS FORM: F-6)
STATION: LAWTON
MONTH: NOVEMBER
YEAR: 2022
LATITUDE: 34 34 N
LONGITUDE: 98 25 W
TEMPERATURE IN F: :PCPN: SNOW: WIND :SUNSHINE: SKY :PK WND
================================================================================
1 2 3 4 5 6A 6B 7 8 9 10 11 12 13 14 15 16 17 18
12Z AVG MX 2MIN
DY MAX MIN AVG DEP HDD CDD WTR SNW DPTH SPD SPD DIR MIN PSBL S-S WX SPD DR
================================================================================
1 78 44 61 4 4 0 0.00 0.0 0 5.3 16 170 M M 0 21 170
2 75 51 63 7 2 0 0.00 0.0 0 8.9 20 150 M M 3 1 26 160
3 79 57 68 12 0 3 0.00 0.0 0 12.1 22 170 M M 6 1 28 200
4 75 41 58 2 7 0 0.41 0.0 0 12.4 25 360 M M 7 138 33 340
5 64 36 50 -5 15 0 0.00 0.0 0 9.8 20 180 M M 0 26 170
6 75 46 61 6 4 0 0.00 0.0 0 6.6 16 20 M M 0 21 160
7 72 51 62 8 3 0 0.00 0.0 0 9.2 17 20 M M 6 1 23 20
8 81 66 74 20 0 9 0.00 0.0 0 12.6 23 170 M M 7 1 28 170
9 80 66 73 19 0 8 0.00 0.0 0 13.8 25 170 M M 6 1 32 170
10 75 50 63 10 2 0 0.00 0.0 0 14.2 29 20 M M 9 40 10
11 50 35 43 -10 22 0 0.00 0.0 0 21.5 35 10 M M 6 43 20
12 53 26 40 -12 25 0 0.00 0.0 0 4.3 16 360 M M 0 20 350
13 56 24 40 -12 25 0 0.00 0.0 0 7.9 18 160 M M 0 27 130
14 41 31 36 -16 29 0 0.48 0.0 0 8.7 18 350 M M 7 1 23 340
15 48 27 38 -13 27 0 0.00 T 0 6.6 18 360 M M 0 22 10
16 53 27 40 -11 25 0 0.00 0.0 0 3.5 14 20 M M 0 19 350
17 58 24 41 -9 24 0 0.00 0.0 0 5.2 26 10 M M 0 32 10
18 40 31 36 -14 29 0 0.00 0.0 0 16.3 28 20 M M 9 33 20
19 51 25 38 -12 27 0 0.00 0.0 0 3.3 13 350 M M 4 16 10
20 52 20 36 -13 29 0 0.00 0.0 0 4.2 12 170 M M 0 17 190
21 59 23 41 -8 24 0 0.00 0.0 0 3.9 14 180 M M 0 17 180
22 62 30 46 -3 19 0 0.00 0.0 0 5.0 15 170 M M 3 12 26 160
23 56 38 47 -1 18 0 0.00 0.0 0 6.8 15 130 M M 8 12 22 130
24 55 47 51 3 14 0 0.00 0.0 0 13.7 25 30 M M 9 1 35 20
25 50 41 46 -1 19 0 0.01 0.0 0 14.9 24 10 M M 4 30 10
26 49 44 47 0 18 0 1.10 0.0 0 6.7 23 10 M M 10 1 29 10
27 54 34 44 -3 21 0 0.00 0.0 0 6.7 20 350 M M 2 22 340
28 68 29 49 3 16 0 0.00 0.0 0 8.4 20 170 M M 0 1 26 170
29 69 34 52 6 13 0 0.00 0.0 0 14.4 37 10 M M 0 45 10
30 47 23 35 -11 30 0 0.00 0.0 0 5.2 15 20 M M 0 21 40
================================================================================
SM 1825 1121 491 20 2.00 T 272.1 M 106
================================================================================
AV 60.8 37.4 9.1 FASTST M M 4 MAX(MPH)
MISC ----> 37 10 45 10
================================================================================
NOTES:
# LAST OF SEVERAL OCCURRENCES
COLUMN 17 PEAK WIND IN M.P.H.
PRELIMINARY LOCAL CLIMATOLOGICAL DATA (WS FORM: F-6) , PAGE 2
STATION: LAWTON
MONTH: NOVEMBER
YEAR: 2022
LATITUDE: 34 34 N
LONGITUDE: 98 25 W
[TEMPERATURE DATA] [PRECIPITATION DATA] SYMBOLS USED IN COLUMN 16
AVERAGE MONTHLY: 49.1 TOTAL FOR MONTH: 2.00 1 = FOG OR MIST
DPTR FM NORMAL: -2.1 DPTR FM NORMAL: 0.50 2 = FOG REDUCING VISIBILITY
HIGHEST: 81 ON 8 GRTST 24HR 1.11 ON 25-26 TO 1/4 MILE OR LESS
LOWEST: 20 ON 20 3 = THUNDER
SNOW, ICE PELLETS, HAIL 4 = ICE PELLETS
TOTAL MONTH: T 5 = HAIL
GRTST 24HR T ON 15-15 6 = FREEZING RAIN OR DRIZZLE
GRTST DEPTH: 0 7 = DUSTSTORM OR SANDSTORM:
VSBY 1/2 MILE OR LESS
8 = SMOKE OR HAZE
[NO. OF DAYS WITH] [WEATHER - DAYS WITH] 9 = BLOWING SNOW
X = TORNADO
MAX 32 OR BELOW: 0 0.01 INCH OR MORE: 4
MAX 90 OR ABOVE: 0 0.10 INCH OR MORE: 3
MIN 32 OR BELOW: 13 0.50 INCH OR MORE: 1
MIN 0 OR BELOW: 0 1.00 INCH OR MORE: 1
[HDD (BASE 65) ]
TOTAL THIS MO. 491 CLEAR (SCALE 0-3) 15
DPTR FM NORMAL 69 PTCLDY (SCALE 4-7) 10
TOTAL FM JUL 1 599 CLOUDY (SCALE 8-10) 5
DPTR FM NORMAL 31
[CDD (BASE 65) ]
TOTAL THIS MO. 20
DPTR FM NORMAL 14 [PRESSURE DATA]
TOTAL FM JAN 1 2839 HIGHEST SLP 30.55 ON 16
DPTR FM NORMAL 518 LOWEST SLP 29.58 ON 29
[REMARKS]
#FINAL-11-22#