000
CXUS54 KOUN 011343
CF6LAW
PRELIMINARY LOCAL CLIMATOLOGICAL DATA (WS FORM: F-6)
STATION: LAWTON
MONTH: AUGUST
YEAR: 2022
LATITUDE: 34 34 N
LONGITUDE: 98 25 W
TEMPERATURE IN F: :PCPN: SNOW: WIND :SUNSHINE: SKY :PK WND
================================================================================
1 2 3 4 5 6A 6B 7 8 9 10 11 12 13 14 15 16 17 18
12Z AVG MX 2MIN
DY MAX MIN AVG DEP HDD CDD WTR SNW DPTH SPD SPD DIR MIN PSBL S-S WX SPD DR
================================================================================
1 98 79 89 4 0 24 0.04 0.0 0 9.3 17 130 M M 2 23 180
2 105 72 89 4 0 24 0.00 0.0 0 9.6 20 170 M M 0 27 170
3 107 76 92 7 0 27 0.00 0.0 0 10.9 22 190 M M 0 30 200
4 108 78 93 8 0 28 0.00 0.0 0 9.5 26 130 M M 1 32 130
5 108 79 94 9 0 29 0.01 0.0 0 9.3 18 160 M M 2 3 23 150
6 105 80 93 8 0 28 0.00 0.0 0 12.1 22 130 M M 0 29 130
7 102 78 90 5 0 25 0.00 0.0 0 10.4 18 170 M M 2 24 160
8 104 75 90 5 0 25 0.00 0.0 0 7.0 18 160 M M 2 3 24 160
9 102 74 88 3 0 23 0.21 0.0 0 7.0 24 250 M M 2 3 34 250
10 100 75 88 3 0 23 0.00 0.0 0 4.1 14 270 M M 0 3 22 290
11 100 69 85 0 0 20 0.00 0.0 0 6.5 18 30 M M 1 23 30
12 100 70 85 0 0 20 0.00 0.0 0 5.5 15 90 M M 2 19 80
13 100 72 86 2 0 21 0.00 0.0 0 6.1 16 120 M M 1 19 130
14 101 68 85 1 0 20 0.00 0.0 0 5.8 18 130 M M 0 25 130
15 102 70 86 2 0 21 0.00 0.0 0 6.7 18 190 M M 0 22 210
16 103 70 87 3 0 22 0.00 0.0 0 5.2 14 30 M M 0 19 260
17 93 75 84 0 0 19 0.00 0.0 0 13.5 23 360 M M 1 28 350
18 94 72 83 -1 0 18 0.00 0.0 0 8.4 18 50 M M 5 26 20
19 97 63 80 -3 0 15 0.00 0.0 0 5.6 15 170 M M 0 1 19 160
20 98 70 84 1 0 19 0.02 0.0 0 5.7 24 230 M M 2 36 250
21 76 68 72 -11 0 7 1.57 0.0 0 7.5 16 100 M M 9 13 22 90
22 89 71 80 -3 0 15 0.44 0.0 0 9.4 20 40 M M 8 1 24 50
23 87 70 79 -3 0 14 0.00 0.0 0 7.4 16 20 M M 6 22 10
24 92 70 81 -1 0 16 0.00 0.0 0 5.9 17 110 M M 4 23 130
25 98 68 83 1 0 18 0.00 0.0 0 2.3 14 340 M M 1 18 340
26 95 66 81 -1 0 16 0.00 0.0 0 4.4 13 150 M M 1 17 160
27 98 70 84 3 0 19 0.00 0.0 0 7.9 18 130 M M 0 22 130
28 101 74 88 7 0 23 0.00 0.0 0 11.2 22 160 M M 0 30 190
29 98 69 84 3 0 19 0.35 0.0 0 10.2 39 350 M M 2 13 50 360
30 94 68 81 0 0 16 0.01 0.0 0 6.3 18 60 M M 2 3 23 70
31 92 73 83 3 0 18 0.00 0.0 0 5.2 17 140 M M 2 1 25 120
================================================================================
SM 3047 2232 0 632 2.65 0.0 235.9 M 58
================================================================================
AV 98.3 72.0 7.6 FASTST M M 2 MAX(MPH)
MISC ----> 39 350 50 360
================================================================================
NOTES:
# LAST OF SEVERAL OCCURRENCES
COLUMN 17 PEAK WIND IN M.P.H.
PRELIMINARY LOCAL CLIMATOLOGICAL DATA (WS FORM: F-6) , PAGE 2
STATION: LAWTON
MONTH: AUGUST
YEAR: 2022
LATITUDE: 34 34 N
LONGITUDE: 98 25 W
[TEMPERATURE DATA] [PRECIPITATION DATA] SYMBOLS USED IN COLUMN 16
AVERAGE MONTHLY: 85.1 TOTAL FOR MONTH: 2.65 1 = FOG OR MIST
DPTR FM NORMAL: 1.5 DPTR FM NORMAL: -0.56 2 = FOG REDUCING VISIBILITY
HIGHEST: 108 ON 5, 4 GRTST 24HR 1.71 ON 21-22 TO 1/4 MILE OR LESS
LOWEST: 63 ON 19 3 = THUNDER
SNOW, ICE PELLETS, HAIL 4 = ICE PELLETS
TOTAL MONTH: 0.0 INCH 5 = HAIL
GRTST 24HR 0.0 6 = FREEZING RAIN OR DRIZZLE
GRTST DEPTH: 0 7 = DUSTSTORM OR SANDSTORM:
VSBY 1/2 MILE OR LESS
8 = SMOKE OR HAZE
[NO. OF DAYS WITH] [WEATHER - DAYS WITH] 9 = BLOWING SNOW
X = TORNADO
MAX 32 OR BELOW: 0 0.01 INCH OR MORE: 8
MAX 90 OR ABOVE: 28 0.10 INCH OR MORE: 4
MIN 32 OR BELOW: 0 0.50 INCH OR MORE: 1
MIN 0 OR BELOW: 0 1.00 INCH OR MORE: 1
[HDD (BASE 65) ]
TOTAL THIS MO. 0 CLEAR (SCALE 0-3) 26
DPTR FM NORMAL 0 PTCLDY (SCALE 4-7) 4
TOTAL FM JUL 1 0 CLOUDY (SCALE 8-10) 1
DPTR FM NORMAL 0
[CDD (BASE 65) ]
TOTAL THIS MO. 632
DPTR FM NORMAL 57 [PRESSURE DATA]
TOTAL FM JAN 1 2344 HIGHEST SLP 30.10 ON 10
DPTR FM NORMAL 428 LOWEST SLP 29.65 ON 28
[REMARKS]
#FINAL-08-22#