018
CXUS54 KOUN 010700
CF6LAW
PRELIMINARY LOCAL CLIMATOLOGICAL DATA (WS FORM: F-6)
STATION: LAWTON
MONTH: APRIL
YEAR: 2020
LATITUDE: 34 34 N
LONGITUDE: 98 25 W
TEMPERATURE IN F: :PCPN: SNOW: WIND :SUNSHINE: SKY :PK WND
================================================================================
1 2 3 4 5 6A 6B 7 8 9 10 11 12 13 14 15 16 17 18
12Z AVG MX 2MIN
DY MAX MIN AVG DEP HDD CDD WTR SNW DPTH SPD SPD DIR MIN PSBL S-S WX SPD DR
================================================================================
1 72 46 59 0 6 0 0.00 0.0 0 12.1 22 140 M M 0 30 170
2 74 56 65 6 0 0 0.07 0.0 0 13.8 24 170 M M 4 1 31 160
3 64 34 49 -10 16 0 0.04 M 0 20.7 37 360 M M 9 13 47 360
4 52 38 45 -14 20 0 0.00 0.0 0 10.5 22 360 M M 8 26 20
5 68 41 55 -5 10 0 0.00 0.0 0 7.4 20 150 M M 9 26 140
6 72 59 66 6 0 1 0.00 0.0 0 10.5 20 180 M M 8 1 23 190
7 86 59 73 13 0 8 0.00 0.0 0 7.1 15 240 M M 3 12 18 230
8 90 54 72 12 0 7 0.00 0.0 0 6.9 20 20 M M 0 8 25 20
9 74 53 64 4 1 0 0.00 0.0 0 13.8 23 60 M M 0 30 40
10 71 45 58 -3 7 0 0.00 0.0 0 8.5 15 70 M M 0 20 80
11 72 51 62 1 3 0 0.96 0.0 0 10.9 24 130 M M 8 13 38 230
12 74 39 57 -4 8 0 0.61 0.0 0 15.4 35 360 M M 5 13 46 340
13 49 35 42 -19 23 0 0.00 0.0 0 15.3 26 10 M M 8 33 10
14 47 32 40 -22 25 0 0.01 M 0 5.8 23 20 M M 8 1 27 20
15 63 29 46 -16 19 0 0.00 0.0 0 6.8 16 170 M M 0 1 22 170
16 76 43 60 -2 5 0 0.00 0.0 0 15.1 28 170 M M 0 34 170
17 58 38 48 -14 17 0 0.00 0.0 0 14.1 32 360 M M 6 40 10
18 68 34 51 -12 14 0 0.00 0.0 0 6.0 16 190 M M 3 1 22 170
19 73 52 63 0 2 0 0.00 0.0 0 7.4 20 10 M M 6 12 23 350
20 76 48 62 -1 3 0 0.00 0.0 0 3.6 13 360 M M 0 1 16 160
21 83 49 66 3 0 1 0.00 0.0 0 9.7 28 140 M M 3 13 36 140
22 83 56 70 6 0 5 0.05 0.0 0 11.8 25 130 M M 6 3 33 350
23 85 49 67 3 0 2 0.00 0.0 0 6.1 15 30 M M 0 3 19 30
24 80 57 69 5 0 4 0.00 0.0 0 12.2 28 340 M M 0 37 350
25 77 51 64 0 1 0 0.00 0.0 0 7.8 21 20 M M 0 30 350
26 83 46 65 0 0 0 0.00 0.0 0 9.3 21 170 M M 0 27 170
27 85 62 74 9 0 9 0.00 0.0 0 11.7 26 180 M M 0 34 180
28 91 61 76 11 0 11 0.00 0.0 0 10.4 33 30 M M 0 39 30
29 78 50 64 -2 1 0 0.00 0.0 0 11.5 32 360 M M 0 8 42 340
30 86 44 65 -1 0 0 0.00 0.0 0 7.3 17 180 M M 0 24 170
================================================================================
SM 2210 1411 181 48 1.74 0.0 309.5 M 94
================================================================================
AV 73.7 47.0 10.3 FASTST M M 3 MAX(MPH)
MISC ----> # 37 360 # 47 360
================================================================================
NOTES:
# LAST OF SEVERAL OCCURRENCES
COLUMN 17 PEAK WIND IN M.P.H.
PRELIMINARY LOCAL CLIMATOLOGICAL DATA (WS FORM: F-6) , PAGE 2
STATION: LAWTON
MONTH: APRIL
YEAR: 2020
LATITUDE: 34 34 N
LONGITUDE: 98 25 W
[TEMPERATURE DATA] [PRECIPITATION DATA] SYMBOLS USED IN COLUMN 16
AVERAGE MONTHLY: 60.4 TOTAL FOR MONTH: 1.74 1 = FOG OR MIST
DPTR FM NORMAL: -1.8 DPTR FM NORMAL: -1.05 2 = FOG REDUCING VISIBILITY
HIGHEST: 91 ON 28 GRTST 24HR 0.96 ON 11-11 TO 1/4 MILE OR LESS
LOWEST: 29 ON 15 3 = THUNDER
SNOW, ICE PELLETS, HAIL 4 = ICE PELLETS
TOTAL MONTH: 0.0 INCH 5 = HAIL
GRTST 24HR 0.0 6 = FREEZING RAIN OR DRIZZLE
GRTST DEPTH: 0 7 = DUSTSTORM OR SANDSTORM:
VSBY 1/2 MILE OR LESS
8 = SMOKE OR HAZE
[NO. OF DAYS WITH] [WEATHER - DAYS WITH] 9 = BLOWING SNOW
X = TORNADO
MAX 32 OR BELOW: 0 0.01 INCH OR MORE: 6
MAX 90 OR ABOVE: 2 0.10 INCH OR MORE: 2
MIN 32 OR BELOW: 2 0.50 INCH OR MORE: 2
MIN 0 OR BELOW: 0 1.00 INCH OR MORE: 0
[HDD (BASE 65) ]
TOTAL THIS MO. 181 CLEAR (SCALE 0-3) 17
DPTR FM NORMAL 36 PTCLDY (SCALE 4-7) 10
TOTAL FM JUL 1 3050 CLOUDY (SCALE 8-10) 3
DPTR FM NORMAL -77
[CDD (BASE 65) ]
TOTAL THIS MO. 48
DPTR FM NORMAL -10 [PRESSURE DATA]
TOTAL FM JAN 1 70 HIGHEST SLP M ON M
DPTR FM NORMAL -6 LOWEST SLP 29.43 ON 12
[REMARKS]
#FINAL-04-20#