000
CXUS54 KOUN 021249
CF6LAW
PRELIMINARY LOCAL CLIMATOLOGICAL DATA (WS FORM: F-6)
STATION: LAWTON
MONTH: FEBRUARY
YEAR: 2020
LATITUDE: 34 34 N
LONGITUDE: 98 25 W
TEMPERATURE IN F: :PCPN: SNOW: WIND :SUNSHINE: SKY :PK WND
================================================================================
1 2 3 4 5 6A 6B 7 8 9 10 11 12 13 14 15 16 17 18
12Z AVG MX 2MIN
DY MAX MIN AVG DEP HDD CDD WTR SNW DPTH SPD SPD DIR MIN PSBL S-S WX SPD DR
================================================================================
1 68 23 46 4 19 0 0.00 0.0 0 3.5 13 290 M M 0 20 280
2 80 32 56 13 9 0 0.00 0.0 0 5.9 14 210 M M 0 17 190
3 68 40 54 11 11 0 0.00 0.0 0 9.8 30 20 M M 1 36 10
4 42 30 36 -7 29 0 T 0.0 0 19.5 26 360 M M 10 1 34 350
5 33 16 25 -18 40 0 0.27 3.4 3 10.9 24 360 M M 9 16 30 360
6 41 13 27 -16 38 0 0.00 0.0 3 4.4 12 220 M M 0 17 210
7 57 24 41 -3 24 0 0.00 0.0 2 5.0 17 360 M M 4 24 340
8 62 28 45 1 20 0 0.00 0.0 0 7.4 20 160 M M 1 25 160
9 74 42 58 14 7 0 0.00 0.0 0 16.2 29 10 M M 6 41 20
10 42 35 39 -5 26 0 0.16 0.0 0 13.5 25 10 M M 6 1 32 10
11 44 36 40 -4 25 0 0.03 0.0 0 13.1 24 30 M M 10 1 31 30
12 48 36 42 -2 23 0 0.31 0.0 0 6.4 18 360 M M 9 1 22 340
13 40 25 33 -12 32 0 0.00 0.0 0 14.7 24 10 M M 5 29 10
14 48 24 36 -9 29 0 0.00 0.0 0 8.7 16 160 M M 3 21 160
15 61 37 49 4 16 0 0.00 0.0 0 9.3 21 200 M M 0 30 180
16 64 36 50 5 15 0 0.00 0.0 0 5.2 14 30 M M 2 1 17 10
17 65 33 49 3 16 0 0.00 0.0 0 8.0 21 360 M M 4 12 26 350
18 57 37 47 1 18 0 0.00 0.0 0 18.7 30 20 M M 2 38 10
19 57 33 45 -1 20 0 0.00 0.0 0 8.8 17 40 M M 4 20 40
20 50 27 39 -7 26 0 0.00 0.0 M 17.7 28 10 M M 6 34 10
21 48 18 33 -13 32 0 0.00 0.0 0 6.2 14 170 M M 0 1 17 170
22 62 36 49 2 16 0 0.00 0.0 0 11.6 21 180 M M 1 28 190
23 58 48 53 6 12 0 0.03 0.0 0 10.5 17 210 M M 7 23 190
24 59 39 49 2 16 0 0.00 0.0 0 12.6 25 340 M M 4 33 290
25 56 36 46 -2 19 0 0.00 0.0 0 14.1 26 340 M M 7 37 330
26 47 22 35 -13 30 0 0.00 0.0 0 14.3 31 350 M M 2 40 350
27 64 19 42 -6 23 0 0.00 0.0 0 6.1 15 230 M M 0 22 230
28 66 28 47 -2 18 0 0.00 0.0 0 6.4 15 250 M M 0 22 260
29 77 30 54 5 11 0 0.00 0.0 0 8.1 25 180 M M 0 33 200
================================================================================
SM 1638 883 620 0 0.80 3.4 296.6 M 103
================================================================================
AV 56.5 30.5 10.2 FASTST M M 4 MAX(MPH)
MISC ----> # 31 350 # 41 20
================================================================================
NOTES:
# LAST OF SEVERAL OCCURRENCES
COLUMN 17 PEAK WIND IN M.P.H.
PRELIMINARY LOCAL CLIMATOLOGICAL DATA (WS FORM: F-6) , PAGE 2
STATION: LAWTON
MONTH: FEBRUARY
YEAR: 2020
LATITUDE: 34 34 N
LONGITUDE: 98 25 W
[TEMPERATURE DATA] [PRECIPITATION DATA] SYMBOLS USED IN COLUMN 16
AVERAGE MONTHLY: 43.5 TOTAL FOR MONTH: 0.80 1 = FOG OR MIST
DPTR FM NORMAL: -1.6 DPTR FM NORMAL: -0.54 2 = FOG REDUCING VISIBILITY
HIGHEST: 80 ON 2 GRTST 24HR 0.31 ON 12-12 TO 1/4 MILE OR LESS
LOWEST: 13 ON 6 3 = THUNDER
SNOW, ICE PELLETS, HAIL 4 = ICE PELLETS
TOTAL MONTH: 3.4 INCHES 5 = HAIL
GRTST 24HR 3.4 ON 5- 5 6 = FREEZING RAIN OR DRIZZLE
GRTST DEPTH: 3 ON 6, 5 7 = DUSTSTORM OR SANDSTORM:
VSBY 1/2 MILE OR LESS
8 = SMOKE OR HAZE
[NO. OF DAYS WITH] [WEATHER - DAYS WITH] 9 = BLOWING SNOW
X = TORNADO
MAX 32 OR BELOW: 0 0.01 INCH OR MORE: 5
MAX 90 OR ABOVE: 0 0.10 INCH OR MORE: 3
MIN 32 OR BELOW: 15 0.50 INCH OR MORE: 0
MIN 0 OR BELOW: 0 1.00 INCH OR MORE: 0
[HDD (BASE 65) ]
TOTAL THIS MO. 620 CLEAR (SCALE 0-3) 14
DPTR FM NORMAL 63 PTCLDY (SCALE 4-7) 11
TOTAL FM JUL 1 2618 CLOUDY (SCALE 8-10) 4
DPTR FM NORMAL -16
[CDD (BASE 65) ]
TOTAL THIS MO. 0
DPTR FM NORMAL -1 [PRESSURE DATA]
TOTAL FM JAN 1 0 HIGHEST SLP 30.77 ON 21
DPTR FM NORMAL -1 LOWEST SLP 29.64 ON 24
[REMARKS]
#FINAL-02-20#