000
CXUS56 KLOX 011155
CF6LAX
PRELIMINARY LOCAL CLIMATOLOGICAL DATA (WS FORM: F-6)
STATION: LOS ANGELES INTL AIRPORT CA
MONTH: MARCH
YEAR: 2023
LATITUDE: 33 55 N
LONGITUDE: 118 24 W
TEMPERATURE IN F: :PCPN: SNOW: WIND :SUNSHINE: SKY :PK WND
================================================================================
1 2 3 4 5 6A 6B 7 8 9 10 11 12 13 14 15 16 17 18
12Z AVG MX 2MIN
DY MAX MIN AVG DEP HDD CDD WTR SNW DPTH SPD SPD DIR MIN PSBL S-S WX SPD DR
================================================================================
1 55 49 52 -6 13 0 0.09 M M 18.6 40 260 M M 6 18 46 270
2 60 44 52 -6 13 0 0.00 M M 6.5 22 290 M M 2 27 280
3 59 44 52 -6 13 0 0.00 M M 5.8 15 260 M M 2 18 240
4 59 46 53 -5 12 0 0.00 M M 8.7 18 260 M M 6 23 260
5 58 50 54 -4 11 0 0.06 M M 7.9 16 240 M M 8 18 21 200
6 59 49 54 -5 11 0 T M M 8.8 20 260 M M 7 1 24 270
7 59 46 53 -6 12 0 0.00 M M 7.4 20 270 M M 4 8 24 260
8 58 44 51 -8 14 0 0.00 M M 6.8 17 260 M M 6 22 270
9 62 48 55 -4 10 0 0.00 M M 6.4 20 260 M M 6 22 250
10 57 51 54 -5 11 0 0.97 M M 8.8 16 110 M M 10 1 20 130
11 61 57 59 0 6 0 0.14 M M 5.8 12 240 M M 10 12 13 270
12 62 55 59 0 6 0 T M M 6.6 16 250 M M 10 12 18 230
13 62 54 58 -1 7 0 0.00 M M 7.2 17 260 M M 10 1 20 270
14 59 55 57 -2 8 0 1.97 M M 8.9 17 100 M M 10 1 25 140
15 59 54 57 -2 8 0 1.18 M M 8.0 21 260 M M 9 12 26 250
16 60 53 57 -2 8 0 0.00 M M 6.1 14 260 M M 7 17 250
17 62 48 55 -4 10 0 0.00 M M 6.2 16 270 M M 6 1 20 260
18 75 50 63 4 2 0 0.00 M M 6.0 15 240 M M 4 20 240
19 61 53 57 -2 8 0 0.06 M M 7.5 17 120 M M 10 1 23 90
20 61 53 57 -2 8 0 0.07 M M 8.6 18 260 M M 9 1 21 250
21 60 48 54 -5 11 0 1.01 M M 14.1 33 270 M M 9 13 39 270
22 59 48 54 -6 11 0 0.18 M M 9.5 23 250 M M 7 1 26 260
23 60 51 56 -4 9 0 T M M 10.4 28 260 M M 6 32 270
24 63 53 58 -2 7 0 0.00 M M 14.3 25 260 M M 2 29 330
25 65 49 57 -3 8 0 0.00 M M 10.3 22 250 M M 2 27 240
26 64 51 58 -2 7 0 0.00 M M 14.2 26 270 M M 3 34 320
27 72 47 60 0 5 0 0.00 M M 7.6 17 270 M M 3 21 280
28 68 52 60 0 5 0 0.00 M M 6.8 18 250 M M 4 21 260
29 59 48 54 -6 11 0 0.98 M M 10.4 22 240 M M 7 1 27 240
30 59 46 53 -7 12 0 0.71 M M 6.9 23 320 M M 6 1 27 320
31 61 45 53 -7 12 0 0.00 M M 8.1 18 250 M M 6 22 280
================================================================================
SM 1898 1541 289 0 7.42 M 269.2 M 197
================================================================================
AV 61.2 49.7 8.7 FASTST M M 6 MAX(MPH)
MISC ----> 40 260 46 270
================================================================================
NOTES:
# LAST OF SEVERAL OCCURRENCES
COLUMN 17 PEAK WIND IN M.P.H.
PRELIMINARY LOCAL CLIMATOLOGICAL DATA (WS FORM: F-6) , PAGE 2
STATION: LOS ANGELES INTL AIRPORT CA
MONTH: MARCH
YEAR: 2023
LATITUDE: 33 55 N
LONGITUDE: 118 24 W
[TEMPERATURE DATA] [PRECIPITATION DATA] SYMBOLS USED IN COLUMN 16
AVERAGE MONTHLY: 55.5 TOTAL FOR MONTH: 7.42 1 = FOG OR MIST
DPTR FM NORMAL: -3.6 DPTR FM NORMAL: 5.69 2 = FOG REDUCING VISIBILITY
HIGHEST: 75 ON 18 GRTST 24HR 3.14 ON 14-15 TO 1/4 MILE OR LESS
LOWEST: 44 ON 8, 3 3 = THUNDER
SNOW, ICE PELLETS, HAIL 4 = ICE PELLETS
TOTAL MONTH: M 5 = HAIL
GRTST 24HR M ON M 6 = FREEZING RAIN OR DRIZZLE
GRTST DEPTH: M ON M 7 = DUSTSTORM OR SANDSTORM:
VSBY 1/2 MILE OR LESS
8 = SMOKE OR HAZE
[NO. OF DAYS WITH] [WEATHER - DAYS WITH] 9 = BLOWING SNOW
X = TORNADO
MAX 32 OR BELOW: 0 0.01 INCH OR MORE: 12
MAX 90 OR ABOVE: 0 0.10 INCH OR MORE: 8
MIN 32 OR BELOW: 0 0.50 INCH OR MORE: 6
MIN 0 OR BELOW: 0 1.00 INCH OR MORE: 3
[HDD (BASE 65) ]
TOTAL THIS MO. 289 CLEAR (SCALE 0-3) 5
DPTR FM NORMAL 99 PTCLDY (SCALE 4-7) 17
TOTAL FM JUL 1 1261 CLOUDY (SCALE 8-10) 9
DPTR FM NORMAL 262
[CDD (BASE 65) ]
TOTAL THIS MO. 0
DPTR FM NORMAL -8 [PRESSURE DATA]
TOTAL FM JAN 1 0 HIGHEST SLP 30.26 ON 24
DPTR FM NORMAL -21 LOWEST SLP 29.65 ON 21
[REMARKS]
#FINAL-03-23#