000
CXUS56 KLOX 011155
CF6LAX
PRELIMINARY LOCAL CLIMATOLOGICAL DATA (WS FORM: F-6)
STATION: LOS ANGELES INTL AIRPORT CA
MONTH: AUGUST
YEAR: 2021
LATITUDE: 33 55 N
LONGITUDE: 118 24 W
TEMPERATURE IN F: :PCPN: SNOW: WIND :SUNSHINE: SKY :PK WND
================================================================================
1 2 3 4 5 6A 6B 7 8 9 10 11 12 13 14 15 16 17 18
12Z AVG MX 2MIN
DY MAX MIN AVG DEP HDD CDD WTR SNW DPTH SPD SPD DIR MIN PSBL S-S WX SPD DR
================================================================================
1 74 62 68 -2 0 3 0.00 M M 8.0 21 250 M M 2 25 260
2 78 63 71 1 0 6 0.00 M M 7.7 22 250 M M 1 26 250
3 75 63 69 -1 0 4 0.00 M M 7.9 20 240 M M 2 23 260
4 73 63 68 -2 0 3 0.00 M M 8.2 21 240 M M 1 1 25 250
5 73 64 69 -1 0 4 0.00 M M 6.7 17 250 M M 1 18 22 260
6 73 64 69 -1 0 4 0.00 M M 7.8 16 250 M M 6 18 20 220
7 74 64 69 -1 0 4 0.00 M M 8.0 14 240 M M 6 1 19 210
8 72 64 68 -2 0 3 0.00 M M 7.1 17 250 M M 6 8 21 260
9 74 63 69 -1 0 4 0.00 M M 8.2 18 260 M M 4 18 24 280
10 73 62 68 -3 0 3 0.00 M M 8.9 17 260 M M 6 18 22 250
11 76 64 70 -1 0 5 T M M 7.9 16 270 M M 7 19 260
12 79 66 73 2 0 8 0.00 M M 7.1 15 260 M M 3 1 18 260
13 80 66 73 2 0 8 0.00 M M 6.9 15 270 M M 2 20 260
14 75 65 70 -1 0 5 0.00 M M 8.9 22 260 M M 4 26 260
15 76 65 71 0 0 6 0.00 M M 7.5 17 260 M M 2 21 270
16 79 66 73 2 0 8 0.00 M M 7.1 16 270 M M 4 20 270
17 78 68 73 2 0 8 0.00 M M 7.6 16 260 M M 6 24 250
18 76 68 72 1 0 7 0.02 M M 8.2 15 260 M M 9 1 22 170
19 78 67 73 2 0 8 0.00 M M 9.8 17 250 M M 4 24 240
20 76 67 72 1 0 7 0.00 M M 9.5 17 260 M M 6 23 250
21 75 65 70 -1 0 5 T M M 8.7 15 280 M M 7 18 23 290
22 74 66 70 -1 0 5 0.00 M M 9.7 20 260 M M 5 23 250
23 76 64 70 -1 0 5 0.00 M M 8.1 18 270 M M 4 25 230
24 74 63 69 -2 0 4 0.00 M M 10.0 20 260 M M 2 23 270
25 75 64 70 -1 0 5 0.00 M M 8.0 20 260 M M 2 23 260
26 79 64 72 1 0 7 0.00 M M 7.2 23 270 M M 1 8 27 260
27 77 62 70 -1 0 5 0.00 M M 7.4 16 270 M M 2 18 19 270
28 72 61 67 -4 0 2 0.00 M M 7.3 15 250 M M 6 128 20 280
29 70 61 66 -5 0 1 0.00 M M 9.7 16 270 M M 7 128 21 270
30 73 64 69 -2 0 4 0.00 M M 6.8 15 260 M M 6 18 21 230
31 72 65 69 -2 0 4 0.00 M M 6.9 15 270 M M 8 8 18 240
================================================================================
SM 2329 1993 0 155 0.02 M 248.8 M 132
================================================================================
AV 75.1 64.3 8.0 FASTST M M 4 MAX(MPH)
MISC ----> 23 270 27 260
================================================================================
NOTES:
# LAST OF SEVERAL OCCURRENCES
COLUMN 17 PEAK WIND IN M.P.H.
PRELIMINARY LOCAL CLIMATOLOGICAL DATA (WS FORM: F-6) , PAGE 2
STATION: LOS ANGELES INTL AIRPORT CA
MONTH: AUGUST
YEAR: 2021
LATITUDE: 33 55 N
LONGITUDE: 118 24 W
[TEMPERATURE DATA] [PRECIPITATION DATA] SYMBOLS USED IN COLUMN 16
AVERAGE MONTHLY: 69.7 TOTAL FOR MONTH: 0.02 1 = FOG OR MIST
DPTR FM NORMAL: -1.0 DPTR FM NORMAL: 0.02 2 = FOG REDUCING VISIBILITY
HIGHEST: 80 ON 13 GRTST 24HR 0.02 ON 18-18 TO 1/4 MILE OR LESS
LOWEST: 61 ON 29,28 3 = THUNDER
SNOW, ICE PELLETS, HAIL 4 = ICE PELLETS
TOTAL MONTH: M 5 = HAIL
GRTST 24HR M ON M 6 = FREEZING RAIN OR DRIZZLE
GRTST DEPTH: M ON M 7 = DUSTSTORM OR SANDSTORM:
VSBY 1/2 MILE OR LESS
8 = SMOKE OR HAZE
[NO. OF DAYS WITH] [WEATHER - DAYS WITH] 9 = BLOWING SNOW
X = TORNADO
MAX 32 OR BELOW: 0 0.01 INCH OR MORE: 1
MAX 90 OR ABOVE: 0 0.10 INCH OR MORE: 0
MIN 32 OR BELOW: 0 0.50 INCH OR MORE: 0
MIN 0 OR BELOW: 0 1.00 INCH OR MORE: 0
[HDD (BASE 65) ]
TOTAL THIS MO. 0 CLEAR (SCALE 0-3) 12
DPTR FM NORMAL -1 PTCLDY (SCALE 4-7) 17
TOTAL FM JUL 1 0 CLOUDY (SCALE 8-10) 2
DPTR FM NORMAL -2
[CDD (BASE 65) ]
TOTAL THIS MO. 155
DPTR FM NORMAL -24 [PRESSURE DATA]
TOTAL FM JAN 1 354 HIGHEST SLP 30.08 ON 14
DPTR FM NORMAL -85 LOWEST SLP 29.67 ON 27
[REMARKS]
#FINAL-08-21#