000
CXUS55 KLBF 020448
CF6LBF
PRELIMINARY LOCAL CLIMATOLOGICAL DATA (WS FORM: F-6)
STATION: NORTH PLATTE
MONTH: JULY
YEAR: 2021
LATITUDE: 41 7 N
LONGITUDE: 100 41 W
TEMPERATURE IN F: :PCPN: SNOW: WIND :SUNSHINE: SKY :PK WND
================================================================================
1 2 3 4 5 6A 6B 7 8 9 10 11 12 13 14 15 16 17 18
12Z AVG MX 2MIN
DY MAX MIN AVG DEP HDD CDD WTR SNW DPTH SPD SPD DIR MIN PSBL S-S WX SPD DR
================================================================================
1 85 59 72 -2 0 7 0.00 0.0 0 6.7 16 120 M M 1 18 25 140
2 85 58 72 -2 0 7 0.00 0.0 0 7.0 17 120 M M 0 25 120
3 90 60 75 1 0 10 0.00 0.0 0 10.2 22 180 M M 1 29 190
4 96 68 82 8 0 17 0.00 0.0 M 6.6 14 190 M M 0 20 200
5 94 64 79 4 0 14 0.00 0.0 0 5.8 16 120 M M 0 21 110
6 84 66 75 0 0 10 0.41 0.0 0 6.9 26 300 M M 3 13 34 300
7 84 63 74 -1 0 9 0.00 0.0 0 5.9 16 110 M M 3 1 21 120
8 98 65 82 7 0 17 0.00 0.0 0 14.1 23 170 M M 0 35 170
9 94 65 80 5 0 15 0.12 0.0 0 6.4 46 360 M M 0 13 71 360
10 82 59 71 -4 0 6 0.23 0.0 0 13.7 51 20 M M 3 3 69 350
11 82 53 68 -8 0 3 0.00 0.0 0 4.3 12 80 M M 2 15 90
12 89 52 71 -5 0 6 0.00 0.0 0 4.7 13 110 M M 0 16 180
13 85 58 72 -4 0 7 0.35 0.0 M 10.1 20 80 M M 0 13 29 190
14 79 64 72 -4 0 7 T 0.0 0 10.2 21 10 M M 2 3 30 10
15 85 61 73 -3 0 8 0.00 0.0 0 6.1 13 130 M M 3 18 130
16 89 63 76 0 0 11 0.39 0.0 0 9.6 41 360 M M 5 13 56 360
17 88 63 76 0 0 11 1.09 0.0 0 7.9 24 10 M M 2 13 36 360
18 87 67 77 1 0 12 0.00 0.0 0 7.9 22 80 M M 2 30 90
19 87 64 76 0 0 11 0.00 0.0 0 8.2 17 110 M M 2 25 110
20 85 60 73 -3 0 8 0.00 0.0 0 7.8 16 160 M M 1 1 21 120
21 90 64 77 1 0 12 0.00 0.0 0 11.5 22 170 M M 0 31 180
22 95 68 82 6 0 17 0.00 0.0 0 9.2 16 180 M M 0 23 160
23 98 67 83 7 0 18 0.00 0.0 0 6.7 17 170 M M 0 26 160
24 93 67 80 4 0 15 0.00 0.0 0 7.5 21 70 M M 0 28 50
25 89 64 77 1 0 12 0.00 0.0 0 5.8 15 110 M M 1 1 20 100
26 93 61 77 1 0 12 0.00 0.0 0 7.1 17 130 M M 0 1 25 160
27 97 65 81 5 0 16 0.00 0.0 0 5.7 14 180 M M 0 20 160
28 102 72 87 11 0 22 0.00 0.0 0 8.7 17 170 M M 1 25 160
29 95 72 84 8 0 19 0.00 0.0 0 10.6 23 80 M M 2 30 90
30 93 74 84 8 0 19 0.00 0.0 0 10.8 25 40 M M 4 18 34 50
31 77 62 70 -6 0 5 0.01 0.0 0 6.5 24 50 M M 7 138 34 40
================================================================================
SM 2770 1968 0 363 2.60 0.0 250.2 M 45
================================================================================
AV 89.4 63.5 8.1 FASTST M M 1 MAX(MPH)
MISC ----> 51 20 71 360
================================================================================
NOTES:
# LAST OF SEVERAL OCCURRENCES
COLUMN 17 PEAK WIND IN M.P.H.
PRELIMINARY LOCAL CLIMATOLOGICAL DATA (WS FORM: F-6) , PAGE 2
STATION: NORTH PLATTE
MONTH: JULY
YEAR: 2021
LATITUDE: 41 7 N
LONGITUDE: 100 41 W
[TEMPERATURE DATA] [PRECIPITATION DATA] SYMBOLS USED IN COLUMN 16
AVERAGE MONTHLY: 76.4 TOTAL FOR MONTH: 2.60 1 = FOG OR MIST
DPTR FM NORMAL: 0.8 DPTR FM NORMAL: -0.58 2 = FOG REDUCING VISIBILITY
HIGHEST: 102 ON 28 GRTST 24HR 1.48 ON 16-17 TO 1/4 MILE OR LESS
LOWEST: 52 ON 12 3 = THUNDER
SNOW, ICE PELLETS, HAIL 4 = ICE PELLETS
TOTAL MONTH: 0.0 INCH 5 = HAIL
GRTST 24HR 0.0 6 = FREEZING RAIN OR DRIZZLE
GRTST DEPTH: 0 7 = DUSTSTORM OR SANDSTORM:
VSBY 1/2 MILE OR LESS
8 = SMOKE OR HAZE
[NO. OF DAYS WITH] [WEATHER - DAYS WITH] 9 = BLOWING SNOW
X = TORNADO
MAX 32 OR BELOW: 0 0.01 INCH OR MORE: 7
MAX 90 OR ABOVE: 14 0.10 INCH OR MORE: 6
MIN 32 OR BELOW: 0 0.50 INCH OR MORE: 1
MIN 0 OR BELOW: 0 1.00 INCH OR MORE: 1
[HDD (BASE 65) ]
TOTAL THIS MO. 0 CLEAR (SCALE 0-3) 24
DPTR FM NORMAL -3 PTCLDY (SCALE 4-7) 7
TOTAL FM JUL 1 0 CLOUDY (SCALE 8-10) 0
DPTR FM NORMAL 0
[CDD (BASE 65) ]
TOTAL THIS MO. 363
DPTR FM NORMAL 33 [PRESSURE DATA]
TOTAL FM JAN 1 664 HIGHEST SLP 30.21 ON 31
DPTR FM NORMAL 120 LOWEST SLP 29.68 ON 8
[REMARKS]
#FINAL-07-21#