000
CXUS52 KILM 011100
CF6LBT
PRELIMINARY LOCAL CLIMATOLOGICAL DATA (WS FORM: F-6)
STATION: LUMBERTON NORTH CAROLINA
MONTH: JANUARY
YEAR: 2024
LATITUDE: 34 35 N
LONGITUDE: 79 4 W
TEMPERATURE IN F: :PCPN: SNOW: WIND :SUNSHINE: SKY :PK WND
================================================================================
1 2 3 4 5 6A 6B 7 8 9 10 11 12 13 14 15 16 17 18
12Z AVG MX 2MIN
DY MAX MIN AVG DEP HDD CDD WTR SNW DPTH SPD SPD DIR MIN PSBL S-S WX SPD DR
================================================================================
1 55 37 46 1 19 0 0.00 M M 6.0 20 350 M M 2 27 340
2 52 32 42 -3 23 0 0.00 M M 6.0 18 360 M M 0 24 20
3 53 27 40 -5 25 0 0.02 M M 3.3 13 240 M M 1 17 230
4 53 30 42 -3 23 0 0.00 M M 6.9 25 350 M M 2 1 34 10
5 49 25 37 -8 28 0 0.00 M M 3.6 10 50 M M 0 16 120
6 69 39 54 9 11 0 0.84 M M 10.3 24 260 M M 9 1 36 140
7 58 42 50 5 15 0 0.00 M M 9.8 22 270 M M 1 32 270
8 50 32 41 -4 24 0 0.00 M M 6.7 16 50 M M 1 25 60
9 70 42 56 11 9 0 1.59 M M 16.6 44 240 M M 9 13 62 240
10 54 37 46 1 19 0 0.02 M M 13.8 33 270 M M 2 1 52 280
11 56 35 46 1 19 0 0.00 M M 4.0 13 250 M M 0 16 280
12 70 31 51 6 14 0 0.68 M M 9.0 29 140 M M 4 13 40 130
13 70 39 55 10 10 0 0.02 M M 15.1 28 250 M M 1 40 260
14 58 34 46 1 19 0 0.00 M M 8.5 23 230 M M 0 33 250
15 63 40 52 7 13 0 0.00 M M 1.4 9 200 M M 2 16 210
16 51 33 42 -3 23 0 T M M 6.5 22 360 M M 8 1 30 360
17 39 23 31 -14 34 0 0.00 M M 5.7 17 360 M M 1 23 350
18 56 23 40 -5 25 0 0.00 M M 2.6 14 240 M M 2 20 210
19 58 33 46 1 19 0 0.00 M M 12.6 30 310 M M 3 38 320
20 37 25 31 -14 34 0 0.00 M M 9.5 21 310 M M 0 29 310
21 42 18 30 -15 35 0 0.00 M M 5.5 15 360 M M 0 19 300
22 51 21 36 -9 29 0 0.00 M M 1.1 8 120 M M 0 12 190
23 60 33 47 2 18 0 0.00 M M 1.4 6 80 M M 8 8 30
24 72 51 62 17 3 0 T M M 6.5 17 150 M M 6 1 24 150
25 73 65 69 24 0 4 0.10 M M 5.0 12 220 M M 8 1 16 230
26 79 58 69 24 0 4 T M M 7.2 17 250 M M 5 1 22 190
27 74 55 65 20 0 0 0.09 M M 4.6 16 130 M M 5 1 20 130
28 70 48 59 14 6 0 0.03 M M 14.4 30 240 M M 6 38 240
29 60 37 49 3 16 0 0.00 M M 9.1 18 340 M M 1 26 360
30 58 32 45 -1 20 0 0.00 M M 5.0 12 100 M M 2 17 70
31 49 38 44 -2 21 0 0.10 M M 6.2 15 350 M M 8 1 20 360
================================================================================
SM 1809 1115 554 8 3.49 M 223.9 M 97
================================================================================
AV 58.4 36.0 7.2 FASTST M M 3 MAX(MPH)
MISC ----> 44 240 62 240
================================================================================
NOTES:
# LAST OF SEVERAL OCCURRENCES
COLUMN 17 PEAK WIND IN M.P.H.
PRELIMINARY LOCAL CLIMATOLOGICAL DATA (WS FORM: F-6) , PAGE 2
STATION: LUMBERTON NORTH CAROLINA
MONTH: JANUARY
YEAR: 2024
LATITUDE: 34 35 N
LONGITUDE: 79 4 W
[TEMPERATURE DATA] [PRECIPITATION DATA] SYMBOLS USED IN COLUMN 16
AVERAGE MONTHLY: 47.2 TOTAL FOR MONTH: 3.49 1 = FOG OR MIST
DPTR FM NORMAL: 2.3 DPTR FM NORMAL: 0.94 2 = FOG REDUCING VISIBILITY
HIGHEST: 79 ON 26 GRTST 24HR 1.59 ON 9- 9 TO 1/4 MILE OR LESS
LOWEST: 18 ON 21 3 = THUNDER
SNOW, ICE PELLETS, HAIL 4 = ICE PELLETS
TOTAL MONTH: M 5 = HAIL
GRTST 24HR M ON M 6 = FREEZING RAIN OR DRIZZLE
GRTST DEPTH: M ON M 7 = DUSTSTORM OR SANDSTORM:
VSBY 1/2 MILE OR LESS
8 = SMOKE OR HAZE
[NO. OF DAYS WITH] [WEATHER - DAYS WITH] 9 = BLOWING SNOW
X = TORNADO
MAX 32 OR BELOW: 0 0.01 INCH OR MORE: 10
MAX 90 OR ABOVE: 0 0.10 INCH OR MORE: 5
MIN 32 OR BELOW: 12 0.50 INCH OR MORE: 3
MIN 0 OR BELOW: 0 1.00 INCH OR MORE: 1
[HDD (BASE 65) ]
TOTAL THIS MO. 554 CLEAR (SCALE 0-3) 19
DPTR FM NORMAL -69 PTCLDY (SCALE 4-7) 8
TOTAL FM JUL 1 1449 CLOUDY (SCALE 8-10) 4
DPTR FM NORMAL -172
[CDD (BASE 65) ]
TOTAL THIS MO. 8
DPTR FM NORMAL 6 [PRESSURE DATA]
TOTAL FM JAN 1 8 HIGHEST SLP 30.69 ON 22
DPTR FM NORMAL 6 LOWEST SLP 29.35 ON 9
[REMARKS]
#FINAL-01-24#