000
CXUS54 KHGX 011603
CF6LBX
PRELIMINARY LOCAL CLIMATOLOGICAL DATA (WS FORM: F-6)
STATION: ANGLETON/LAKE_JACKS
MONTH: JANUARY
YEAR: 2021
LATITUDE: 29 6 N
LONGITUDE: 95 28 W
TEMPERATURE IN F: :PCPN: SNOW: WIND :SUNSHINE: SKY :PK WND
================================================================================
1 2 3 4 5 6A 6B 7 8 9 10 11 12 13 14 15 16 17 18
12Z AVG MX 2MIN
DY MAX MIN AVG DEP HDD CDD WTR SNW DPTH SPD SPD DIR MIN PSBL S-S WX SPD DR
================================================================================
1 55 38 47 -7 18 0 0.00 0.0 0 6.8 14 350 M M 0 23 280
2 59 37 48 -6 17 0 0.00 0.0 0 4.6 16 330 M M 2 21 330
3 67 37 52 -2 13 0 0.00 0.0 0 6.0 18 180 M M 0 22 160
4 77 44 61 8 4 0 0.00 0.0 0 2.5 13 220 M M 3 128 18 210
5 69 49 59 6 6 0 0.00 0.0 0 6.8 15 140 M M 7 12 20 130
6 74 51 63 10 2 0 0.33 0.0 0 10.3 28 170 M M 3 13 35 170
7 61 40 51 -2 14 0 0.00 0.0 0 8.5 16 320 M M 0 25 310
8 57 36 47 -6 18 0 0.00 0.0 0 5.1 16 10 M M 1 1 23 10
9 57 32 45 -8 20 0 0.01 0.0 0 4.8 15 80 M M 1 1 20 80
10 48 38 43 -10 22 0 0.51 0.0 0 14.1 26 360 M M 10 1 33 360
11 46 35 41 -12 24 0 0.00 0.0 0 10.7 21 350 M M 9 27 340
12 49 30 40 -13 25 0 T 0.0 0 1.7 12 10 M M 6 18 14 30
13 61 33 47 -6 18 0 0.00 0.0 0 3.7 13 170 M M 1 18 15 200
14 74 36 55 2 10 0 0.00 0.0 0 6.9 17 210 M M 0 128 25 230
15 63 35 49 -4 16 0 0.00 0.0 0 7.3 18 310 M M 0 34 300
16 62 36 49 -4 16 0 0.00 0.0 0 4.8 15 340 M M 8 8 20 320
17 70 33 52 -2 13 0 0.00 0.0 0 2.9 10 330 M M 4 15 320
18 72 38 55 1 10 0 T 0.0 0 10.4 24 160 M M 4 30 150
19 76 57 67 13 0 2 0.00 0.0 0 10.4 22 170 M M 5 28 170
20 65 57 61 7 4 0 0.00 0.0 0 5.1 10 50 M M 9 12 14 90
21 73 61 67 13 0 2 0.13 0.0 0 4.1 13 200 M M 10 1 16 200
22 72 62 67 13 0 2 0.01 0.0 0 3.1 9 30 M M 10 12 11 40
23 64 60 62 8 3 0 0.03 0.0 0 8.4 15 60 M M 10 1 20 70
24 79 61 70 16 0 5 T 0.0 0 12.5 26 170 M M 9 1 32 170
25 82 67 75 21 0 10 0.04 0.0 0 10.6 24 160 M M 9 18 29 210
26 76 64 70 16 0 5 0.00 0.0 0 7.2 16 60 M M 9 1 22 80
27 71 46 59 5 6 0 0.00 0.0 0 13.4 28 10 M M 4 1 34 350
28 61 38 50 -4 15 0 0.00 0.0 0 6.6 17 50 M M 0 21 40
29 64 38 51 -3 14 0 0.00 0.0 0 6.9 17 110 M M 3 1 22 130
30 77 59 68 14 0 3 T 0.0 0 14.1 33 180 M M 10 1 41 190
31 70 51 61 7 4 0 0.00 0.0 0 9.8 23 340 M M 3 1 31 340
================================================================================
SM 2051 1399 312 29 1.06 0.0 230.1 M 150
================================================================================
AV 66.2 45.1 7.4 FASTST M M 5 MAX(MPH)
MISC ----> 33 180 41 190
================================================================================
NOTES:
# LAST OF SEVERAL OCCURRENCES
COLUMN 17 PEAK WIND IN M.P.H.
PRELIMINARY LOCAL CLIMATOLOGICAL DATA (WS FORM: F-6) , PAGE 2
STATION: ANGLETON/LAKE_JACKS
MONTH: JANUARY
YEAR: 2021
LATITUDE: 29 6 N
LONGITUDE: 95 28 W
[TEMPERATURE DATA] [PRECIPITATION DATA] SYMBOLS USED IN COLUMN 16
AVERAGE MONTHLY: 55.6 TOTAL FOR MONTH: 1.06 1 = FOG OR MIST
DPTR FM NORMAL: 2.0 DPTR FM NORMAL: -3.39 2 = FOG REDUCING VISIBILITY
HIGHEST: 82 ON 25 GRTST 24HR 1.64 ON 6- 6 TO 1/4 MILE OR LESS
LOWEST: 30 ON 12 3 = THUNDER
SNOW, ICE PELLETS, HAIL 4 = ICE PELLETS
TOTAL MONTH: 0.0 INCH 5 = HAIL
GRTST 24HR 0.0 6 = FREEZING RAIN OR DRIZZLE
GRTST DEPTH: 0 7 = DUSTSTORM OR SANDSTORM:
VSBY 1/2 MILE OR LESS
8 = SMOKE OR HAZE
[NO. OF DAYS WITH] [WEATHER - DAYS WITH] 9 = BLOWING SNOW
X = TORNADO
MAX 32 OR BELOW: 0 0.01 INCH OR MORE: 7
MAX 90 OR ABOVE: 0 0.10 INCH OR MORE: 3
MIN 32 OR BELOW: 2 0.50 INCH OR MORE: 1
MIN 0 OR BELOW: 0 1.00 INCH OR MORE: 0
[HDD (BASE 65) ]
TOTAL THIS MO. 312 CLEAR (SCALE 0-3) 12
DPTR FM NORMAL -53 PTCLDY (SCALE 4-7) 9
TOTAL FM JUL 1 685 CLOUDY (SCALE 8-10) 10
DPTR FM NORMAL -182
[CDD (BASE 65) ]
TOTAL THIS MO. 29
DPTR FM NORMAL 16 [PRESSURE DATA]
TOTAL FM JAN 1 29 HIGHEST SLP 30.57 ON 28
DPTR FM NORMAL 16 LOWEST SLP 29.68 ON 25
[REMARKS]
#FINAL-01-21#