000
CXUS53 KLMK 010710
CF6LEX
PRELIMINARY LOCAL CLIMATOLOGICAL DATA (WS FORM: F-6)
STATION: LEXINGTON KY
MONTH: JUNE
YEAR: 2022
LATITUDE: 38 1 N
LONGITUDE: 84 36 W
TEMPERATURE IN F: :PCPN: SNOW: WIND :SUNSHINE: SKY :PK WND
================================================================================
1 2 3 4 5 6A 6B 7 8 9 10 11 12 13 14 15 16 17 18
12Z AVG MX 2MIN
DY MAX MIN AVG DEP HDD CDD WTR SNW DPTH SPD SPD DIR MIN PSBL S-S WX SPD DR
================================================================================
1 89 67 78 8 0 13 0.00 0.0 0 7.2 14 220 M M 1 20 250
2 83 63 73 3 0 8 0.01 0.0 0 6.7 20 290 M M 4 3 29 290
3 82 58 70 0 0 5 0.00 0.0 0 5.4 14 350 M M 0 19 20
4 86 53 70 -1 0 5 0.00 0.0 0 2.6 12 30 M M 1 14 20
5 85 55 70 -1 0 5 0.00 0.0 0 5.3 14 200 M M 1 26 210
6 87 65 76 5 0 11 0.85 0.0 0 10.8 28 270 M M 6 138 40 270
7 85 66 76 5 0 11 0.46 0.0 0 6.8 18 190 M M 6 1 27 150
8 86 66 76 4 0 11 0.30 0.0 0 7.4 22 230 M M 4 138 33 240
9 78 60 69 -3 0 4 0.00 0.0 0 7.8 16 350 M M 2 21 350
10 76 60 68 -4 0 3 0.14 0.0 0 4.7 12 250 M M 7 1 16 250
11 81 62 72 0 0 7 0.02 0.0 0 5.3 10 190 M M 4 1 16 200
12 86 70 78 5 0 13 0.00 0.0 0 6.9 15 200 M M 6 20 210
13 94 76 85 12 0 20 0.00 0.0 0 9.0 16 220 M M 2 22 200
14 95 79 87 14 0 22 0.00 0.0 0 8.5 17 260 M M 0 24 260
15 94 76 85 12 0 20 0.00 0.0 0 6.1 12 180 M M 0 1 17 210
16 95 77 86 12 0 21 0.00 0.0 0 9.1 18 250 M M 0 8 27 270
17 87 71 79 5 0 14 0.17 0.0 0 7.9 24 320 M M 1 138 40 280
18 79 60 70 -4 0 5 0.00 0.0 0 9.2 18 20 M M 0 26 20
19 80 58 69 -5 0 4 0.00 0.0 0 7.1 15 60 M M 0 20 80
20 89 54 72 -2 0 7 0.00 0.0 0 3.5 9 130 M M 0 13 140
21 95 58 77 2 0 12 0.00 0.0 0 5.3 13 230 M M 0 8 17 260
22 98 68 83 8 0 18 0.01 0.0 M 5.8 29 310 M M 1 3 48 320
23 90 66 78 3 0 13 0.00 0.0 0 6.9 16 10 M M 0 22 10
24 92 63 78 3 0 13 0.00 0.0 0 6.4 16 50 M M 1 23 60
25 95 68 82 7 0 17 0.00 0.0 0 7.4 15 340 M M 1 19 340
26 90 73 82 6 0 17 0.13 0.0 0 8.2 15 260 M M 2 1 22 250
27 83 63 73 -3 0 8 0.01 0.0 0 7.7 15 350 M M 3 23 10
28 82 57 70 -6 0 5 0.00 0.0 0 5.2 13 10 M M 0 16 20
29 90 53 72 -4 0 7 0.00 0.0 0 3.4 10 40 M M 0 18 320
30 96 62 79 3 0 14 0.00 0.0 0 5.5 12 260 M M 1 18 250
================================================================================
SM 2628 1927 0 333 2.10 0.0 199.1 M 54
================================================================================
AV 87.6 64.2 6.6 FASTST M M 2 MAX(MPH)
MISC ----> 29 310 48 320
================================================================================
NOTES:
# LAST OF SEVERAL OCCURRENCES
COLUMN 17 PEAK WIND IN M.P.H.
PRELIMINARY LOCAL CLIMATOLOGICAL DATA (WS FORM: F-6) , PAGE 2
STATION: LEXINGTON KY
MONTH: JUNE
YEAR: 2022
LATITUDE: 38 1 N
LONGITUDE: 84 36 W
[TEMPERATURE DATA] [PRECIPITATION DATA] SYMBOLS USED IN COLUMN 16
AVERAGE MONTHLY: 75.9 TOTAL FOR MONTH: 2.10 1 = FOG OR MIST
DPTR FM NORMAL: 2.6 DPTR FM NORMAL: -2.86 2 = FOG REDUCING VISIBILITY
HIGHEST: 98 ON 22 GRTST 24HR 1.30 ON 6- 7 TO 1/4 MILE OR LESS
LOWEST: 53 ON 29, 4 3 = THUNDER
SNOW, ICE PELLETS, HAIL 4 = ICE PELLETS
TOTAL MONTH: 0.0 INCH 5 = HAIL
GRTST 24HR 0.0 6 = FREEZING RAIN OR DRIZZLE
GRTST DEPTH: 0 7 = DUSTSTORM OR SANDSTORM:
VSBY 1/2 MILE OR LESS
8 = SMOKE OR HAZE
[NO. OF DAYS WITH] [WEATHER - DAYS WITH] 9 = BLOWING SNOW
X = TORNADO
MAX 32 OR BELOW: 0 0.01 INCH OR MORE: 10
MAX 90 OR ABOVE: 12 0.10 INCH OR MORE: 6
MIN 32 OR BELOW: 0 0.50 INCH OR MORE: 1
MIN 0 OR BELOW: 0 1.00 INCH OR MORE: 0
[HDD (BASE 65) ]
TOTAL THIS MO. 0 CLEAR (SCALE 0-3) 23
DPTR FM NORMAL -8 PTCLDY (SCALE 4-7) 7
TOTAL FM JUL 1 4162 CLOUDY (SCALE 8-10) 0
DPTR FM NORMAL -268
[CDD (BASE 65) ]
TOTAL THIS MO. 333
DPTR FM NORMAL 76 [PRESSURE DATA]
TOTAL FM JAN 1 520 HIGHEST SLP M ON M
DPTR FM NORMAL 128 LOWEST SLP 29.73 ON 8
[REMARKS]
#FINAL-06-22#