000
CXUS53 KLMK 010810
CF6LEX
PRELIMINARY LOCAL CLIMATOLOGICAL DATA (WS FORM: F-6)
STATION: LEXINGTON KY
MONTH: DECEMBER
YEAR: 2021
LATITUDE: 38 1 N
LONGITUDE: 84 36 W
TEMPERATURE IN F: :PCPN: SNOW: WIND :SUNSHINE: SKY :PK WND
================================================================================
1 2 3 4 5 6A 6B 7 8 9 10 11 12 13 14 15 16 17 18
12Z AVG MX 2MIN
DY MAX MIN AVG DEP HDD CDD WTR SNW DPTH SPD SPD DIR MIN PSBL S-S WX SPD DR
================================================================================
1 58 30 44 3 21 0 T 0.0 0 8.7 23 150 M M 7 31 150
2 69 50 60 19 5 0 0.00 0.0 0 11.4 24 220 M M 3 35 230
3 68 36 52 12 13 0 0.00 0.0 0 5.8 16 230 M M 0 21 220
4 54 36 45 5 20 0 0.00 0.0 0 9.0 21 50 M M 0 26 40
5 65 36 51 11 14 0 0.21 0.0 0 13.3 24 190 M M 5 13 35 190
6 61 28 45 5 20 0 2.39 0.0 0 11.6 28 290 M M 6 13 46 290
7 35 24 30 -10 35 0 0.00 0.0 0 3.7 10 310 M M 2 15 320
8 44 25 35 -4 30 0 T T 0 5.8 17 260 M M 3 25 240
9 58 24 41 2 24 0 0.00 0.0 0 10.1 25 180 M M 3 36 170
10 63 52 58 19 7 0 T 0.0 0 11.6 21 180 M M 10 30 180
11 67 31 49 10 16 0 0.73 0.0 0 16.1 33 280 M M 8 13 49 280
12 46 26 36 -2 29 0 0.00 0.0 0 5.8 12 200 M M 0 15 230
13 53 27 40 2 25 0 0.00 0.0 0 7.5 16 210 M M 0 24 240
14 59 30 45 7 20 0 0.00 0.0 0 5.6 13 140 M M 2 17 140
15 65 48 57 19 8 0 0.00 0.0 0 13.2 21 200 M M 5 30 190
16 63 49 56 18 9 0 0.15 0.0 0 13.9 25 200 M M 7 1 39 230
17 51 40 46 9 19 0 0.06 0.0 0 7.4 13 60 M M 10 18 16 40
18 62 37 50 13 15 0 0.53 0.0 0 10.7 23 300 M M 8 1 35 280
19 37 26 32 -5 33 0 0.00 0.0 0 8.7 16 40 M M 9 22 10
20 43 20 32 -5 33 0 0.00 0.0 0 2.9 9 210 M M 0 13 120
21 45 23 34 -3 31 0 0.00 0.0 0 6.2 13 210 M M 1 1 16 210
22 39 24 32 -4 33 0 0.00 0.0 0 6.2 15 320 M M 0 20 310
23 54 22 38 2 27 0 0.00 0.0 0 11.3 24 210 M M 1 32 220
24 60 49 55 19 10 0 0.00 0.0 0 15.5 25 200 M M 7 33 200
25 70 50 60 24 5 0 0.00 0.0 0 15.4 28 220 M M 7 45 210
26 58 47 53 17 12 0 0.00 0.0 0 5.1 13 80 M M 6 1 18 90
27 68 51 60 24 5 0 0.10 0.0 0 13.8 24 170 M M 7 1 32 210
28 67 43 55 19 10 0 0.20 0.0 0 13.2 29 210 M M 10 1 40 210
29 59 48 54 19 11 0 0.08 0.0 0 6.1 14 320 M M 7 1 18 310
30 54 43 49 14 16 0 0.00 0.0 0 4.8 12 210 M M 8 12 15 210
31 64 40 52 17 13 0 0.14 0.0 0 8.8 21 200 M M 8 123 29 200
================================================================================
SM 1759 1115 569 0 4.59 T 289.2 M 150
================================================================================
AV 56.7 36.0 9.3 FASTST M M 5 MAX(MPH)
MISC ----> 33 280 49 280
================================================================================
NOTES:
# LAST OF SEVERAL OCCURRENCES
COLUMN 17 PEAK WIND IN M.P.H.
PRELIMINARY LOCAL CLIMATOLOGICAL DATA (WS FORM: F-6) , PAGE 2
STATION: LEXINGTON KY
MONTH: DECEMBER
YEAR: 2021
LATITUDE: 38 1 N
LONGITUDE: 84 36 W
[TEMPERATURE DATA] [PRECIPITATION DATA] SYMBOLS USED IN COLUMN 16
AVERAGE MONTHLY: 46.4 TOTAL FOR MONTH: 4.59 1 = FOG OR MIST
DPTR FM NORMAL: 8.6 DPTR FM NORMAL: 0.39 2 = FOG REDUCING VISIBILITY
HIGHEST: 70 ON 25 GRTST 24HR 2.60 ON 5- 6 TO 1/4 MILE OR LESS
LOWEST: 20 ON 20 3 = THUNDER
SNOW, ICE PELLETS, HAIL 4 = ICE PELLETS
TOTAL MONTH: T 5 = HAIL
GRTST 24HR T ON 8- 8 6 = FREEZING RAIN OR DRIZZLE
GRTST DEPTH: 0 7 = DUSTSTORM OR SANDSTORM:
VSBY 1/2 MILE OR LESS
8 = SMOKE OR HAZE
[NO. OF DAYS WITH] [WEATHER - DAYS WITH] 9 = BLOWING SNOW
X = TORNADO
MAX 32 OR BELOW: 0 0.01 INCH OR MORE: 10
MAX 90 OR ABOVE: 0 0.10 INCH OR MORE: 8
MIN 32 OR BELOW: 14 0.50 INCH OR MORE: 3
MIN 0 OR BELOW: 0 1.00 INCH OR MORE: 1
[HDD (BASE 65) ]
TOTAL THIS MO. 569 CLEAR (SCALE 0-3) 12
DPTR FM NORMAL -276 PTCLDY (SCALE 4-7) 12
TOTAL FM JUL 1 1437 CLOUDY (SCALE 8-10) 7
DPTR FM NORMAL -276
[CDD (BASE 65) ]
TOTAL THIS MO. 0
DPTR FM NORMAL 0 [PRESSURE DATA]
TOTAL FM JAN 1 1160 HIGHEST SLP 30.47 ON 14
DPTR FM NORMAL -129 LOWEST SLP 29.56 ON 11
[REMARKS]
#FINAL-12-21#