000
CXUS54 KSHV 011400
CF6LFK
PRELIMINARY LOCAL CLIMATOLOGICAL DATA (WS FORM: F-6)
STATION: LUFKIN
MONTH: NOVEMBER
YEAR: 2021
LATITUDE: 31 14 N
LONGITUDE: 94 45 W
TEMPERATURE IN F: :PCPN: SNOW: WIND :SUNSHINE: SKY :PK WND
================================================================================
1 2 3 4 5 6A 6B 7 8 9 10 11 12 13 14 15 16 17 18
12Z AVG MX 2MIN
DY MAX MIN AVG DEP HDD CDD WTR SNW DPTH SPD SPD DIR MIN PSBL S-S WX SPD DR
================================================================================
1 79 45 62 0 3 0 0.00 0.0 0 2.7 10 150 M M 0 16 150
2 80 48 64 3 1 0 0.00 0.0 0 3.8 10 70 M M 1 1 14 110
3 61 48 55 -6 10 0 0.68 0.0 0 6.0 12 30 M M 7 1 17 30
4 63 42 53 -7 12 0 0.00 0.0 0 6.2 14 20 M M 6 1 20 10
5 64 37 51 -9 14 0 0.00 0.0 0 3.4 10 330 M M 0 15 350
6 68 36 52 -8 13 0 0.00 0.0 0 2.4 9 10 M M 0 11 70
7 71 38 55 -5 10 0 0.00 0.0 0 2.1 8 140 M M 3 12 11 140
8 76 40 58 -1 7 0 0.00 0.0 0 3.7 12 150 M M 2 12 15 150
9 76 48 62 3 3 0 0.00 0.0 0 3.9 10 150 M M 3 12 13 150
10 77 53 65 7 0 0 0.00 0.0 0 7.7 16 150 M M 8 12 22 150
11 74 50 62 4 3 0 0.91 0.0 0 4.9 17 320 M M 4 13 27 320
12 75 42 59 1 6 0 0.00 0.0 0 4.0 13 310 M M 0 1 18 340
13 64 36 50 -8 15 0 0.00 0.0 0 3.4 9 280 M M 0 8 13 360
14 76 39 58 1 7 0 0.00 0.0 0 4.0 16 210 M M 0 21 210
15 80 49 65 8 0 0 0.00 0.0 0 5.2 16 190 M M 2 18 20 200
16 81 57 69 12 0 4 0.00 0.0 0 8.4 20 180 M M 4 12 25 180
17 84 61 73 17 0 8 0.00 0.0 0 7.9 20 190 M M 3 1 28 170
18 67 48 58 2 7 0 0.01 0.0 0 8.2 18 20 M M 4 1 27 20
19 65 39 52 -4 13 0 0.00 0.0 0 4.5 16 70 M M 0 20 80
20 75 41 58 2 7 0 0.00 0.0 0 5.8 13 160 M M 1 17 150
21 74 58 66 11 0 1 0.07 0.0 0 4.6 12 320 M M 9 13 19 320
22 70 42 56 1 9 0 0.00 0.0 0 4.9 13 10 M M 2 19 30
23 69 37 53 -2 12 0 0.00 0.0 0 5.2 14 170 M M 0 17 170
24 76 50 63 9 2 0 0.00 0.0 0 10.2 22 170 M M 5 30 160
25 68 48 58 4 7 0 0.73 0.0 0 6.9 17 310 M M 7 13 24 300
26 57 40 49 -5 16 0 0.00 0.0 0 4.3 13 20 M M 0 8 16 20
27 53 39 46 -8 19 0 0.34 0.0 0 1.8 7 220 M M 6 1 20 100
28 62 44 53 -1 12 0 0.10 0.0 0 2.0 9 320 M M 7 1 12 330
29 70 37 54 1 11 0 0.00 0.0 0 3.0 9 170 M M 0 12 12 160
30 71 41 56 3 9 0 0.00 0.0 0 3.5 13 220 M M 2 12 17 220
================================================================================
SM 2126 1333 228 13 2.84 0.0 144.6 M 86
================================================================================
AV 70.9 44.4 4.8 FASTST M M 3 MAX(MPH)
MISC ----> 22 170 30 160
================================================================================
NOTES:
# LAST OF SEVERAL OCCURRENCES
COLUMN 17 PEAK WIND IN M.P.H.
PRELIMINARY LOCAL CLIMATOLOGICAL DATA (WS FORM: F-6) , PAGE 2
STATION: LUFKIN
MONTH: NOVEMBER
YEAR: 2021
LATITUDE: 31 14 N
LONGITUDE: 94 45 W
[TEMPERATURE DATA] [PRECIPITATION DATA] SYMBOLS USED IN COLUMN 16
AVERAGE MONTHLY: 57.7 TOTAL FOR MONTH: 2.84 1 = FOG OR MIST
DPTR FM NORMAL: 0.7 DPTR FM NORMAL: -1.69 2 = FOG REDUCING VISIBILITY
HIGHEST: 84 ON 17 GRTST 24HR 0.91 ON 11-11 TO 1/4 MILE OR LESS
LOWEST: 36 ON 13, 6 3 = THUNDER
SNOW, ICE PELLETS, HAIL 4 = ICE PELLETS
TOTAL MONTH: 0.0 INCH 5 = HAIL
GRTST 24HR 0.0 6 = FREEZING RAIN OR DRIZZLE
GRTST DEPTH: 0 7 = DUSTSTORM OR SANDSTORM:
VSBY 1/2 MILE OR LESS
8 = SMOKE OR HAZE
[NO. OF DAYS WITH] [WEATHER - DAYS WITH] 9 = BLOWING SNOW
X = TORNADO
MAX 32 OR BELOW: 0 0.01 INCH OR MORE: 7
MAX 90 OR ABOVE: 0 0.10 INCH OR MORE: 5
MIN 32 OR BELOW: 0 0.50 INCH OR MORE: 3
MIN 0 OR BELOW: 0 1.00 INCH OR MORE: 0
[HDD (BASE 65) ]
TOTAL THIS MO. 228 CLEAR (SCALE 0-3) 19
DPTR FM NORMAL -41 PTCLDY (SCALE 4-7) 10
TOTAL FM JUL 1 254 CLOUDY (SCALE 8-10) 1
DPTR FM NORMAL -86
[CDD (BASE 65) ]
TOTAL THIS MO. 13
DPTR FM NORMAL -17 [PRESSURE DATA]
TOTAL FM JAN 1 2862 HIGHEST SLP 30.46 ON 19
DPTR FM NORMAL 350 LOWEST SLP 29.86 ON 11
[REMARKS]
#FINAL-11-21#