000
CXUS54 KLCH 010830
CF6LFT
PRELIMINARY LOCAL CLIMATOLOGICAL DATA (WS FORM: F-6)
STATION: LAFAYETTE
MONTH: JULY
YEAR: 2022
LATITUDE: 30 12 N
LONGITUDE: 92 0 W
TEMPERATURE IN F: :PCPN: SNOW: WIND :SUNSHINE: SKY :PK WND
================================================================================
1 2 3 4 5 6A 6B 7 8 9 10 11 12 13 14 15 16 17 18
12Z AVG MX 2MIN
DY MAX MIN AVG DEP HDD CDD WTR SNW DPTH SPD SPD DIR MIN PSBL S-S WX SPD DR
================================================================================
1 79 74 77 -6 0 12 0.69 0.0 M 0.8 20 190 M M 4 13 27 190
2 87 76 82 -1 0 17 0.38 0.0 M 2.2 14 190 M M 3 138 23 200
3 95 75 85 2 0 20 T 0.0 M 4.3 13 230 M M 4 1 17 160
4 95 76 86 3 0 21 0.00 0.0 M 4.4 13 210 M M 3 1 17 220
5 94 77 86 3 0 21 0.07 0.0 M 3.9 17 230 M M 2 1 21 220
6 90 76 83 0 0 18 0.04 0.0 M 3.0 21 220 M M 3 38 26 210
7 92 76 84 1 0 19 0.50 0.0 M 2.7 22 10 M M 3 13 29 350
8 92 77 85 2 0 20 1.03 0.0 M 2.9 12 230 M M 3 138 22 260
9 96 79 88 5 0 23 0.00 0.0 M 6.8 13 230 M M 3 17 260
10 95 78 87 4 0 22 T 0.0 M 6.6 17 270 M M 2 3 25 260
11 94 77 86 3 0 21 0.04 0.0 M 4.2 14 200 M M 4 13 18 200
12 97 77 87 4 0 22 0.00 0.0 0 3.9 15 190 M M 2 24 170
13 94 77 86 3 0 21 0.00 0.0 0 2.9 13 190 M M 3 17 190
14 90 77 84 1 0 19 0.04 0.0 M 2.6 13 210 M M 4 3 17 170
15 91 77 84 1 0 19 0.01 0.0 M 3.2 23 190 M M 3 3 32 190
16 95 76 86 3 0 21 0.00 0.0 M 3.0 12 230 M M 3 15 300
17 93 76 85 2 0 20 0.57 0.0 M 1.7 17 230 M M 3 13 25 200
18 93 76 85 2 0 20 0.17 0.0 M 6.7 15 200 M M 2 13 19 210
19 95 78 87 4 0 22 0.00 0.0 M 9.0 18 210 M M 3 25 230
20 96 79 88 4 0 23 0.00 0.0 M 8.9 18 220 M M 2 27 230
21 95 78 87 3 0 22 0.09 0.0 M 5.6 18 230 M M 5 3 28 220
22 86 72 79 -5 0 14 0.46 0.0 M 3.4 15 70 M M 2 13 36 80
23 91 75 83 -1 0 18 1.06 0.0 M 3.8 26 230 M M 3 13 43 220
24 94 76 85 1 0 20 0.00 0.0 M 1.7 17 200 M M 2 3 22 200
25 94 76 85 1 0 20 0.06 0.0 M 1.9 17 170 M M 3 3 31 180
26 90 77 84 0 0 19 T 0.0 M 1.6 14 290 M M 2 3 17 300
27 92 76 84 0 0 19 1.37 0.0 M 2.2 25 10 M M 2 13 33 10
28 89 76 83 -1 0 18 0.83 0.0 M 2.3 21 230 M M 3 138 27 240
29 92 76 84 0 0 19 0.00 0.0 M 2.4 13 200 M M 4 3 18 200
30 89 76 83 -1 0 18 0.35 0.0 M 2.2 22 270 M M 1 13 31 280
31 91 74 83 -1 0 18 0.00 0.0 M 2.3 16 190 M M 2 23 190
================================================================================
SM 2856 2366 0 606 7.76 0.0 113.1 M 88
================================================================================
AV 92.1 76.3 3.6 FASTST M M 3 MAX(MPH)
MISC ----> 26 230 43 220
================================================================================
NOTES:
# LAST OF SEVERAL OCCURRENCES
COLUMN 17 PEAK WIND IN M.P.H.
PRELIMINARY LOCAL CLIMATOLOGICAL DATA (WS FORM: F-6) , PAGE 2
STATION: LAFAYETTE
MONTH: JULY
YEAR: 2022
LATITUDE: 30 12 N
LONGITUDE: 92 0 W
[TEMPERATURE DATA] [PRECIPITATION DATA] SYMBOLS USED IN COLUMN 16
AVERAGE MONTHLY: 84.2 TOTAL FOR MONTH: 7.76 1 = FOG OR MIST
DPTR FM NORMAL: 0.9 DPTR FM NORMAL: 1.49 2 = FOG REDUCING VISIBILITY
HIGHEST: 97 ON 12 GRTST 24HR 1.55 ON 27-28 TO 1/4 MILE OR LESS
LOWEST: 72 ON 22 3 = THUNDER
SNOW, ICE PELLETS, HAIL 4 = ICE PELLETS
TOTAL MONTH: 0.0 INCH 5 = HAIL
GRTST 24HR 0.0 6 = FREEZING RAIN OR DRIZZLE
GRTST DEPTH: 0 7 = DUSTSTORM OR SANDSTORM:
VSBY 1/2 MILE OR LESS
8 = SMOKE OR HAZE
[NO. OF DAYS WITH] [WEATHER - DAYS WITH] 9 = BLOWING SNOW
X = TORNADO
MAX 32 OR BELOW: 0 0.01 INCH OR MORE: 18
MAX 90 OR ABOVE: 26 0.10 INCH OR MORE: 11
MIN 32 OR BELOW: 0 0.50 INCH OR MORE: 7
MIN 0 OR BELOW: 0 1.00 INCH OR MORE: 3
[HDD (BASE 65) ]
TOTAL THIS MO. 0 CLEAR (SCALE 0-3) 24
DPTR FM NORMAL 0 PTCLDY (SCALE 4-7) 7
TOTAL FM JUL 1 0 CLOUDY (SCALE 8-10) 0
DPTR FM NORMAL 0
[CDD (BASE 65) ]
TOTAL THIS MO. 606
DPTR FM NORMAL 39 [PRESSURE DATA]
TOTAL FM JAN 1 1900 HIGHEST SLP 30.18 ON 30
DPTR FM NORMAL 199 LOWEST SLP 29.78 ON 11
[REMARKS]
#FINAL-07-22#