000
CXUS51 KOKX 011010
CF6LGA
PRELIMINARY LOCAL CLIMATOLOGICAL DATA (WS FORM: F-6)
STATION: LAGUARDIA NY
MONTH: DECEMBER
YEAR: 2022
LATITUDE: 40 46 N
LONGITUDE: 73 54 W
TEMPERATURE IN F: :PCPN: SNOW: WIND :SUNSHINE: SKY :PK WND
================================================================================
1 2 3 4 5 6A 6B 7 8 9 10 11 12 13 14 15 16 17 18
12Z AVG MX 2MIN
DY MAX MIN AVG DEP HDD CDD WTR SNW DPTH SPD SPD DIR MIN PSBL S-S WX SPD DR
================================================================================
1 44 36 40 -4 25 0 0.00 0.0 0 17.1 28 290 M M 3 34 310
2 45 34 40 -4 25 0 0.00 0.0 0 6.6 17 290 M M 3 20 290
3 59 45 52 8 13 0 0.41 0.0 0 13.0 29 310 M M 8 1 42 290
4 46 39 43 0 22 0 0.00 0.0 0 9.6 23 320 M M 3 31 300
5 47 36 42 -1 23 0 0.00 0.0 0 5.3 12 170 M M 4 15 170
6 60 41 51 8 14 0 0.78 0.0 0 10.2 23 160 M M 10 18 32 180
7 59 55 57 15 8 0 0.36 0.0 0 8.6 23 170 M M 9 1 29 170
8 56 42 49 7 16 0 0.00 0.0 0 11.7 20 360 M M 6 25 330
9 45 36 41 -1 24 0 0.00 0.0 0 11.2 17 350 M M 1 24 330
10 39 31 35 -7 30 0 0.00 0.0 0 10.6 20 40 M M 4 25 50
11 41 33 37 -4 28 0 0.25 0.1 0 12.7 21 60 M M 10 1 24 60
12 38 30 34 -7 31 0 T 0.3 T 11.6 21 330 M M 7 1 25 360
13 41 27 34 -7 31 0 0.00 0.0 0 11.5 20 310 M M 1 24 350
14 40 32 36 -4 29 0 0.00 0.0 0 13.3 21 300 M M 4 28 300
15 44 33 39 -1 26 0 0.59 0.0 0 14.1 29 70 M M 10 37 70
16 47 39 43 3 22 0 0.54 0.0 0 20.4 30 70 M M 10 1 39 50
17 45 37 41 1 24 0 T 0.0 0 15.0 23 270 M M 6 29 260
18 40 34 37 -2 28 0 0.00 0.0 0 14.0 24 270 M M 5 32 280
19 39 32 36 -3 29 0 0.00 0.0 0 16.1 29 310 M M 3 34 310
20 40 32 36 -3 29 0 0.00 0.0 0 11.7 21 330 M M 3 26 320
21 41 29 35 -4 30 0 0.00 0.0 0 4.6 9 50 M M 5 15 70
22 47 34 41 3 24 0 0.21 0.0 0 13.5 28 60 M M 9 1 35 60
23 59 9 34 -4 31 0 0.95 T 0 24.3 39 140 M M 9 1348 56 270
24 16 7 12 -26 53 0 0.00 0.0 0 19.6 33 260 M M 3 42 260
25 28 15 22 -16 43 0 0.00 0.0 0 16.5 25 260 M M 3 34 260
26 30 19 25 -12 40 0 0.00 0.0 0 11.9 22 270 M M 4 28 270
27 35 29 32 -5 33 0 0.00 0.0 0 9.9 17 270 M M 8 24 280
28 47 33 40 3 25 0 0.00 0.0 0 7.6 17 230 M M 6 24 220
29 51 38 45 8 20 0 0.00 0.0 0 7.7 14 220 M M 6 16 220
30 60 38 49 13 16 0 0.00 0.0 0 5.5 13 210 M M 5 17 210
31 55 42 49 13 16 0 0.31 0.0 0 4.6 10 220 M M 10 128 15 230
================================================================================
SM 1384 1017 808 0 4.40 0.4 370.0 M 178
================================================================================
AV 44.6 32.8 11.9 FASTST M M 6 MAX(MPH)
MISC ----> 39 140 56 270
================================================================================
NOTES:
# LAST OF SEVERAL OCCURRENCES
COLUMN 17 PEAK WIND IN M.P.H.
PRELIMINARY LOCAL CLIMATOLOGICAL DATA (WS FORM: F-6) , PAGE 2
STATION: LAGUARDIA NY
MONTH: DECEMBER
YEAR: 2022
LATITUDE: 40 46 N
LONGITUDE: 73 54 W
[TEMPERATURE DATA] [PRECIPITATION DATA] SYMBOLS USED IN COLUMN 16
AVERAGE MONTHLY: 38.7 TOTAL FOR MONTH: 4.40 1 = FOG OR MIST
DPTR FM NORMAL: -1.3 DPTR FM NORMAL: 0.32 2 = FOG REDUCING VISIBILITY
HIGHEST: 60 ON 30, 6 GRTST 24HR 1.14 ON 6- 7 TO 1/4 MILE OR LESS
LOWEST: 7 ON 24 3 = THUNDER
SNOW, ICE PELLETS, HAIL 4 = ICE PELLETS
TOTAL MONTH: 0.4 INCH 5 = HAIL
GRTST 24HR 0.3 ON 12-12 6 = FREEZING RAIN OR DRIZZLE
GRTST DEPTH: T 7 = DUSTSTORM OR SANDSTORM:
VSBY 1/2 MILE OR LESS
8 = SMOKE OR HAZE
[NO. OF DAYS WITH] [WEATHER - DAYS WITH] 9 = BLOWING SNOW
X = TORNADO
MAX 32 OR BELOW: 3 0.01 INCH OR MORE: 9
MAX 90 OR ABOVE: 0 0.10 INCH OR MORE: 9
MIN 32 OR BELOW: 12 0.50 INCH OR MORE: 4
MIN 0 OR BELOW: 0 1.00 INCH OR MORE: 0
[HDD (BASE 65) ]
TOTAL THIS MO. 808 CLEAR (SCALE 0-3) 7
DPTR FM NORMAL 34 PTCLDY (SCALE 4-7) 14
TOTAL FM JUL 1 1438 CLOUDY (SCALE 8-10) 10
DPTR FM NORMAL -32
[CDD (BASE 65) ]
TOTAL THIS MO. 0
DPTR FM NORMAL 0 [PRESSURE DATA]
TOTAL FM JAN 1 1538 HIGHEST SLP M ON M
DPTR FM NORMAL 130 LOWEST SLP 28.99 ON 23
[REMARKS]
#FINAL-12-22#