000
CXUS51 KOKX 010910
CF6LGA
PRELIMINARY LOCAL CLIMATOLOGICAL DATA (WS FORM: F-6)
STATION: LAGUARDIA NY
MONTH: JUNE
YEAR: 2022
LATITUDE: 40 46 N
LONGITUDE: 73 54 W
TEMPERATURE IN F: :PCPN: SNOW: WIND :SUNSHINE: SKY :PK WND
================================================================================
1 2 3 4 5 6A 6B 7 8 9 10 11 12 13 14 15 16 17 18
12Z AVG MX 2MIN
DY MAX MIN AVG DEP HDD CDD WTR SNW DPTH SPD SPD DIR MIN PSBL S-S WX SPD DR
================================================================================
1 67 59 63 -6 2 0 0.84 0.0 0 11.4 23 50 M M 9 13 26 50
2 83 62 73 4 0 8 0.52 0.0 0 6.9 25 340 M M 9 13 34 330
3 75 61 68 -1 0 3 T 0.0 0 8.6 15 50 M M 8 128 18 40
4 81 63 72 2 0 7 0.00 0.0 0 6.6 21 180 M M 3 25 170
5 76 60 68 -2 0 3 0.00 0.0 0 7.1 16 310 M M 4 23 340
6 81 64 73 3 0 8 0.00 0.0 0 6.8 21 160 M M 3 26 180
7 78 65 72 1 0 7 0.05 0.0 0 15.4 28 170 M M 7 36 160
8 85 67 76 5 0 11 T 0.0 0 9.2 18 190 M M 7 25 190
9 85 66 76 5 0 11 0.70 0.0 0 14.5 25 270 M M 7 13 33 260
10 80 64 72 0 0 7 0.00 0.0 0 9.8 18 280 M M 6 26 280
11 75 65 70 -2 0 5 0.23 0.0 0 7.8 15 210 M M 8 19 200
12 73 64 69 -3 0 4 0.08 0.0 0 9.4 21 170 M M 8 25 160
13 86 69 78 5 0 13 T 0.0 0 5.3 15 230 M M 7 38 21 230
14 83 67 75 2 0 10 0.00 0.0 0 6.5 13 60 M M 7 17 30
15 81 67 74 1 0 9 0.00 0.0 0 9.8 21 180 M M 5 24 180
16 73 63 68 -6 0 3 0.28 0.0 0 12.2 22 170 M M 9 3 30 180
17 92 70 81 7 0 16 0.00 0.0 0 12.5 28 270 M M 6 34 260
18 77 59 68 -6 0 3 0.00 0.0 0 18.7 31 320 M M 5 41 310
19 74 56 65 -10 0 0 0.00 0.0 0 16.1 28 340 M M 4 36 340
20 79 61 70 -5 0 5 0.00 0.0 0 9.0 17 310 M M 5 22 310
21 77 64 71 -4 0 6 0.09 0.0 0 6.1 14 50 M M 9 1 20 60
22 68 62 65 -11 0 0 0.10 0.0 0 10.2 17 120 M M 10 18 23 150
23 75 60 68 -8 0 3 0.00 0.0 0 8.6 16 50 M M 8 25 60
24 83 64 74 -2 0 9 T 0.0 0 5.5 18 170 M M 5 23 160
25 90 69 80 4 0 15 0.00 0.0 0 7.1 17 160 M M 2 21 150
26 91 71 81 4 0 16 0.00 0.0 0 8.9 24 160 M M 4 31 190
27 79 69 74 -3 0 9 0.48 0.0 0 9.0 18 190 M M 9 1 23 190
28 79 68 74 -3 0 9 0.00 0.0 0 7.8 14 320 M M 7 20 60
29 86 66 76 -1 0 11 0.00 0.0 0 7.2 20 190 M M 4 24 180
30 88 71 80 2 0 15 0.00 0.0 0 7.6 16 170 M M 4 19 170
================================================================================
SM 2400 1936 2 226 3.37 0.0 281.6 M 189
================================================================================
AV 80.0 64.5 9.4 FASTST M M 6 MAX(MPH)
MISC ----> 31 320 41 310
================================================================================
NOTES:
# LAST OF SEVERAL OCCURRENCES
COLUMN 17 PEAK WIND IN M.P.H.
PRELIMINARY LOCAL CLIMATOLOGICAL DATA (WS FORM: F-6) , PAGE 2
STATION: LAGUARDIA NY
MONTH: JUNE
YEAR: 2022
LATITUDE: 40 46 N
LONGITUDE: 73 54 W
[TEMPERATURE DATA] [PRECIPITATION DATA] SYMBOLS USED IN COLUMN 16
AVERAGE MONTHLY: 72.3 TOTAL FOR MONTH: 3.37 1 = FOG OR MIST
DPTR FM NORMAL: -1.1 DPTR FM NORMAL: -0.66 2 = FOG REDUCING VISIBILITY
HIGHEST: 92 ON 17 GRTST 24HR 1.34 ON 1- 2 TO 1/4 MILE OR LESS
LOWEST: 56 ON 19 3 = THUNDER
SNOW, ICE PELLETS, HAIL 4 = ICE PELLETS
TOTAL MONTH: 0.0 INCH 5 = HAIL
GRTST 24HR 0.0 6 = FREEZING RAIN OR DRIZZLE
GRTST DEPTH: 0 7 = DUSTSTORM OR SANDSTORM:
VSBY 1/2 MILE OR LESS
8 = SMOKE OR HAZE
[NO. OF DAYS WITH] [WEATHER - DAYS WITH] 9 = BLOWING SNOW
X = TORNADO
MAX 32 OR BELOW: 0 0.01 INCH OR MORE: 10
MAX 90 OR ABOVE: 3 0.10 INCH OR MORE: 7
MIN 32 OR BELOW: 0 0.50 INCH OR MORE: 3
MIN 0 OR BELOW: 0 1.00 INCH OR MORE: 0
[HDD (BASE 65) ]
TOTAL THIS MO. 2 CLEAR (SCALE 0-3) 2
DPTR FM NORMAL -8 PTCLDY (SCALE 4-7) 21
TOTAL FM JUL 1 4054 CLOUDY (SCALE 8-10) 7
DPTR FM NORMAL -320
[CDD (BASE 65) ]
TOTAL THIS MO. 226
DPTR FM NORMAL -36 [PRESSURE DATA]
TOTAL FM JAN 1 311 HIGHEST SLP M ON M
DPTR FM NORMAL -34 LOWEST SLP 29.57 ON 9
[REMARKS]
#FINAL-06-22#