000
CXUS51 KOKX 011010
CF6LGA
PRELIMINARY LOCAL CLIMATOLOGICAL DATA (WS FORM: F-6)
STATION: LAGUARDIA NY
MONTH: JANUARY
YEAR: 2024
LATITUDE: 40 46 N
LONGITUDE: 73 54 W
TEMPERATURE IN F: :PCPN: SNOW: WIND :SUNSHINE: SKY :PK WND
================================================================================
1 2 3 4 5 6A 6B 7 8 9 10 11 12 13 14 15 16 17 18
12Z AVG MX 2MIN
DY MAX MIN AVG DEP HDD CDD WTR SNW DPTH SPD SPD DIR MIN PSBL S-S WX SPD DR
================================================================================
1 47 36 42 6 23 0 0.01 0.0 0 6.6 14 330 M M 8 17 260
2 43 30 37 1 28 0 0.00 0.0 0 9.3 15 320 M M 1 20 330
3 43 35 39 3 26 0 0.00 0.0 0 9.1 16 310 M M 6 21 300
4 45 29 37 1 28 0 0.00 0.0 0 14.9 29 320 M M 7 35 310
5 38 27 33 -2 32 0 0.00 0.0 0 11.8 28 320 M M 3 36 330
6 38 32 35 0 30 0 0.34 0.3 0 12.1 32 60 M M 8 1 39 60
7 39 35 37 2 28 0 0.17 T 0 15.8 31 50 M M 9 14 35 60
8 45 37 41 6 24 0 0.00 0.0 0 10.9 29 320 M M 4 38 320
9 57 33 45 10 20 0 1.95 0.0 0 15.3 40 160 M M 9 1 55 160
10 56 45 51 16 14 0 0.32 0.0 0 18.4 32 270 M M 8 1 44 250
11 46 42 44 10 21 0 0.00 0.0 0 12.7 23 260 M M 7 29 280
12 50 42 46 12 19 0 0.06 0.0 0 12.1 29 100 M M 6 37 110
13 60 36 48 14 17 0 1.03 0.0 0 20.4 39 260 M M 8 1 53 260
14 45 27 36 2 29 0 T T 0 19.4 36 280 M M 3 50 280
15 30 24 27 -7 38 0 0.04 0.3 0 8.3 18 290 M M 8 24 290
16 32 23 28 -6 37 0 0.33 2.0 2 13.2 30 310 M M 9 1468 37 310
17 25 19 22 -12 43 0 0.00 0.0 1 16.1 25 300 M M 1 8 32 300
18 34 23 29 -5 36 0 T T 1 9.9 22 260 M M 8 1 26 260
19 33 27 30 -4 35 0 0.03 1.3 T 11.1 22 300 M M 9 1 29 310
20 27 19 23 -11 42 0 0.00 0.0 1 20.3 30 310 M M 6 38 310
21 32 21 27 -7 38 0 0.00 0.0 1 19.3 28 310 M M 2 38 320
22 38 26 32 -2 33 0 0.00 0.0 T 11.0 21 240 M M 4 26 260
23 41 35 38 4 27 0 0.03 0.0 T 6.6 16 230 M M 9 23 230
24 44 37 41 7 24 0 0.07 0.0 0 6.1 10 50 M M 10 18 16 60
25 57 41 49 15 16 0 0.22 0.0 0 6.4 18 50 M M 10 1 22 230
26 45 40 43 9 22 0 0.21 0.0 0 9.5 20 40 M M 10 1 26 60
27 47 41 44 10 21 0 0.00 0.0 0 5.4 10 170 M M 10 12 12 50
28 43 38 41 7 24 0 0.93 0.0 0 13.1 30 60 M M 10 1 37 60
29 39 36 38 4 27 0 0.07 0.0 0 12.0 18 360 M M 10 1 24 10
30 39 35 37 3 28 0 T T 0 8.9 15 110 M M 10 8 18 360
31 40 33 37 3 28 0 T T 0 6.5 14 130 M M 10 16 140
================================================================================
SM 1298 1004 858 0 5.81 3.9 372.5 M 223
================================================================================
AV 41.9 32.4 12.0 FASTST M M 7 MAX(MPH)
MISC ----> 40 160 55 160
================================================================================
NOTES:
# LAST OF SEVERAL OCCURRENCES
COLUMN 17 PEAK WIND IN M.P.H.
PRELIMINARY LOCAL CLIMATOLOGICAL DATA (WS FORM: F-6) , PAGE 2
STATION: LAGUARDIA NY
MONTH: JANUARY
YEAR: 2024
LATITUDE: 40 46 N
LONGITUDE: 73 54 W
[TEMPERATURE DATA] [PRECIPITATION DATA] SYMBOLS USED IN COLUMN 16
AVERAGE MONTHLY: 37.1 TOTAL FOR MONTH: 5.81 1 = FOG OR MIST
DPTR FM NORMAL: 2.7 DPTR FM NORMAL: 2.56 2 = FOG REDUCING VISIBILITY
HIGHEST: 60 ON 13 GRTST 24HR 2.34 ON 9-10 TO 1/4 MILE OR LESS
LOWEST: 19 ON 20,17 3 = THUNDER
SNOW, ICE PELLETS, HAIL 4 = ICE PELLETS
TOTAL MONTH: 3.9 INCHES 5 = HAIL
GRTST 24HR 2.0 ON 16-16 6 = FREEZING RAIN OR DRIZZLE
GRTST DEPTH: 2 ON 16 7 = DUSTSTORM OR SANDSTORM:
VSBY 1/2 MILE OR LESS
8 = SMOKE OR HAZE
[NO. OF DAYS WITH] [WEATHER - DAYS WITH] 9 = BLOWING SNOW
X = TORNADO
MAX 32 OR BELOW: 5 0.01 INCH OR MORE: 16
MAX 90 OR ABOVE: 0 0.10 INCH OR MORE: 9
MIN 32 OR BELOW: 13 0.50 INCH OR MORE: 3
MIN 0 OR BELOW: 0 1.00 INCH OR MORE: 2
[HDD (BASE 65) ]
TOTAL THIS MO. 858 CLEAR (SCALE 0-3) 3
DPTR FM NORMAL -90 PTCLDY (SCALE 4-7) 13
TOTAL FM JUL 1 2176 CLOUDY (SCALE 8-10) 15
DPTR FM NORMAL -242
[CDD (BASE 65) ]
TOTAL THIS MO. 0
DPTR FM NORMAL 0 [PRESSURE DATA]
TOTAL FM JAN 1 0 HIGHEST SLP M ON M
DPTR FM NORMAL 0 LOWEST SLP 28.98 ON 10
[REMARKS]
#FINAL-01-24#