000
CXUS54 KFWD 010731
CF6LHB
PRELIMINARY LOCAL CLIMATOLOGICAL DATA (WS FORM: F-6)
STATION: HEARNE
MONTH: AUGUST
YEAR: 2023
LATITUDE: 30 52 N
LONGITUDE: 96 36 W
TEMPERATURE IN F: :PCPN: SNOW: WIND :SUNSHINE: SKY :PK WND
================================================================================
1 2 3 4 5 6A 6B 7 8 9 10 11 12 13 14 15 16 17 18
12Z AVG MX 2MIN
DY MAX MIN AVG DEP HDD CDD WTR SNW DPTH SPD SPD DIR MIN PSBL S-S WX SPD DR
================================================================================
1 106 78 92 M 0 27 0.00 M M 3.4 8 150 M M 0 M M
2 105 77 91 M 0 26 0.00 M M 4.5 10 160 M M 0 16 160
3 103 77 90 M 0 25 0.00 M M 5.2 12 160 M M 1 16 140
4 104 79 92 M 0 27 0.00 M M 6.3 12 180 M M 1 18 160
5 104 79 92 M 0 27 0.00 M M 6.4 12 170 M M 0 21 210
6 105 80 93 M 0 28 0.00 M M 7.4 13 170 M M 1 17 200
7 105 81 93 M 0 28 0.00 M M 8.4 14 200 M M 2 22 200
8 104 80 92 M 0 27 0.00 M M 8.5 14 170 M M 2 20 140
9 107 79 93 M 0 28 0.00 M M 11.7 17 170 M M 1 26 200
10 107 81 94 M 0 29 0.00 M M 10.4 16 180 M M 2 25 180
11 106 81 94 M 0 29 0.00 M M 10.4 16 210 M M 2 24 160
12 106 79 93 M 0 28 0.00 M M 9.4 16 200 M M 2 26 230
13 105 80 93 M 0 28 0.00 M M 8.0 13 150 M M 2 20 120
14 105 77 91 M 0 26 0.00 M M 4.3 15 190 M M 2 20 190
15 102 75 89 M 0 24 0.00 M M 6.3 13 40 M M 0 18 20
16 102 66 84 M 0 19 0.00 M M 1.7 8 330 M M 0 17 20
17 108 71 90 M 0 25 0.00 M M 3.3 8 150 M M 0 M M
18 106 77 92 M 0 27 0.00 M M 5.0 9 150 M M 0 16 150
19 105 78 92 M 0 27 0.00 M M 4.0 8 160 M M 0 M M
20 110 77 94 M 0 29 0.00 M M 3.5 8 60 M M 0 18 60
21 106 82 94 M 0 29 0.00 M M 4.7 9 90 M M 1 16 120
22 104 80 92 M 0 27 0.00 M M 6.1 15 70 M M 1 25 100
23 104 76 90 M 0 25 0.00 M M 3.1 13 150 M M 1 18 150
24 108 77 93 M 0 28 0.00 M M 1.8 7 300 M M 2 M M
25 108 81 95 M 0 30 0.00 M M 5.2 10 170 M M 1 M M
26 107 78 93 M 0 28 0.00 M M 3.2 7 170 M M 0 M M
27 111 75 93 M 0 28 M M M 6.1 28 330 M M 2 41 280
28 96 73 85 M 0 20 0.01 M M 3.8 13 20 M M 3 1 17 20
29 99 74 87 M 0 22 0.00 M M 5.1 16 10 M M 2 24 20
30 101 67 84 M 0 19 0.00 M M 3.2 10 320 M M 0 17 340
31 101 71 86 M 0 21 0.00 M M 1.4 6 70 M M 1 M M
================================================================================
SM 3250 2386 0 811 0.01 M 171.7 M 32
================================================================================
AV104.8 77.0 5.5 FASTST M M 1 MAX(MPH)
MISC ----> 28 330 41 280
================================================================================
NOTES:
# LAST OF SEVERAL OCCURRENCES
COLUMN 17 PEAK WIND IN M.P.H.
PRELIMINARY LOCAL CLIMATOLOGICAL DATA (WS FORM: F-6) , PAGE 2
STATION: HEARNE
MONTH: AUGUST
YEAR: 2023
LATITUDE: 30 52 N
LONGITUDE: 96 36 W
[TEMPERATURE DATA] [PRECIPITATION DATA] SYMBOLS USED IN COLUMN 16
AVERAGE MONTHLY: 90.9 TOTAL FOR MONTH: 0.01 1 = FOG OR MIST
DPTR FM NORMAL: 0.0 DPTR FM NORMAL: M 2 = FOG REDUCING VISIBILITY
HIGHEST: 111 ON 27 GRTST 24HR 0.01 ON 28-28 TO 1/4 MILE OR LESS
LOWEST: 66 ON 16 3 = THUNDER
SNOW, ICE PELLETS, HAIL 4 = ICE PELLETS
TOTAL MONTH: M 5 = HAIL
GRTST 24HR M ON M 6 = FREEZING RAIN OR DRIZZLE
GRTST DEPTH: M ON M 7 = DUSTSTORM OR SANDSTORM:
VSBY 1/2 MILE OR LESS
8 = SMOKE OR HAZE
[NO. OF DAYS WITH] [WEATHER - DAYS WITH] 9 = BLOWING SNOW
X = TORNADO
MAX 32 OR BELOW: 0 0.01 INCH OR MORE: 1
MAX 90 OR ABOVE: 31 0.10 INCH OR MORE: 0
MIN 32 OR BELOW: 0 0.50 INCH OR MORE: 0
MIN 0 OR BELOW: 0 1.00 INCH OR MORE: 0
[HDD (BASE 65) ]
TOTAL THIS MO. 0 CLEAR (SCALE 0-3) 30
DPTR FM NORMAL M PTCLDY (SCALE 4-7) 1
TOTAL FM JUL 1 0 CLOUDY (SCALE 8-10) 0
DPTR FM NORMAL M
[CDD (BASE 65) ]
TOTAL THIS MO. 811
DPTR FM NORMAL M [PRESSURE DATA]
TOTAL FM JAN 1 2763 HIGHEST SLP M ON M
DPTR FM NORMAL M LOWEST SLP M ON M
[REMARKS]
#FINAL-08-23#