000
CXUS55 KPUB 091713 CCA
CF6LHX
PRELIMINARY LOCAL CLIMATOLOGICAL DATA (WS FORM: F-6)
STATION: LA JUNTA CO
MONTH: JANUARY
YEAR: 2023
LATITUDE: 38 2 N
LONGITUDE: 103 31 W
TEMPERATURE IN F: :PCPN: SNOW: WIND :SUNSHINE: SKY :PK WND
================================================================================
1 2 3 4 5 6A 6B 7 8 9 10 11 12 13 14 15 16 17 18
12Z AVG MX 2MIN
DY MAX MIN AVG DEP HDD CDD WTR SNW DPTH SPD SPD DIR MIN PSBL S-S WX SPD DR
================================================================================
1 42 29 36 5 29 0 0.00 M M 7.9 17 50 M M 1 23 40
2 35 28 32 1 33 0 0.07 M M 5.4 16 360 M M 10 12 21 10
3 32 22 27 -4 38 0 0.00 M M 8.7 16 320 M M 3 20 320
4 39 16 28 -3 37 0 0.00 M M 7.1 15 270 M M 0 17 270
5 37 15 26 -6 39 0 0.00 M M 7.0 14 260 M M 0 16 260
6 59 18 39 7 26 0 0.00 M M 9.6 28 340 M M 0 34 320
7 47 22 35 3 30 0 0.00 M M 5.3 15 260 M M 1 17 260
8 50 18 34 2 31 0 0.00 M M 7.7 16 260 M M 0 19 260
9 61 26 44 12 21 0 0.00 M M 10.5 20 230 M M 0 23 230
10 66 31 49 17 16 0 0.00 M M 13.8 29 270 M M 0 39 280
11 53 29 41 9 24 0 0.04 M M 17.0 37 310 M M 5 12 47 310
12 49 23 36 4 29 0 0.00 M M 7.9 15 280 M M 1 18 280
13 52 19 36 4 29 0 0.00 M M 6.5 13 260 M M 0 16 250
14 58 24 41 9 24 0 0.00 M M 7.2 17 260 M M 0 19 260
15 57 33 45 13 20 0 0.01 M M 7.3 21 290 M M 3 28 290
16 56 24 40 8 25 0 0.00 M M 8.1 16 250 M M 0 20 240
17 46 18 32 0 33 0 0.23 M M 10.5 26 90 M M 3 128 35 80
18 35 28 32 0 33 0 T M M 13.3 28 320 M M 9 12 36 320
19 45 19 32 0 33 0 0.00 M M 8.1 14 70 M M 0 17 80
20 38 18 28 -5 37 0 0.08 M M 9.3 22 360 M M 4 1 29 10
21 32 24 28 -5 37 0 0.48 M M 16.8 29 350 M M 10 1 36 350
22 34 12 23 -10 42 0 0.00 M M 7.1 15 240 M M 4 18 250
23 29 10 20 -13 45 0 0.00 M M 4.8 10 220 M M 0 1 18 210
24 33 5 19 -14 46 0 0.00 M M 9.1 23 350 M M 3 1 29 360
25 34 18 26 -7 39 0 T M M 11.5 22 340 M M 9 1 27 340
26 36 11 24 -9 41 0 0.00 M M 14.6 22 220 M M 1 26 220
27 40 12 26 -7 39 0 0.00 M M 9.7 18 260 M M 0 22 250
28 38 17 28 -5 37 0 0.00 M M 11.8 22 50 M M 4 1 28 70
29 17 2 10 -23 55 0 0.05 M M 12.5 20 80 M M 10 1 24 70
30 7 0 4 -29 61 0 T M M 7.2 13 60 M M 9 18 14 60
31 21 -5 8 -25 57 0 0.00 M M 6.4 14 270 M M 1 17 270
================================================================================
SM 1278 566 1086 0 0.96 M 289.7 M 91
================================================================================
AV 41.2 18.3 9.3 FASTST M M 3 MAX(MPH)
MISC ----> 37 310 47 310
================================================================================
NOTES:
# LAST OF SEVERAL OCCURRENCES
COLUMN 7; SUPPLEMENTED PRECIPITATION USING BACKUP COOP SITE (05-4724) FOR 1/21
AND 1/29. FOR THE 20-21 EVENT...HEAVIEST PRECIPITATION OCCURRED ON THE 21ST...
SO LEFT THE 20TH UNCHANGED.
COLUMN 17 PEAK WIND IN M.P.H.
PRELIMINARY LOCAL CLIMATOLOGICAL DATA (WS FORM: F-6) , PAGE 2
STATION: LA JUNTA CO
MONTH: JANUARY
YEAR: 2023
LATITUDE: 38 2 N
LONGITUDE: 103 31 W
[TEMPERATURE DATA] [PRECIPITATION DATA] SYMBOLS USED IN COLUMN 16
AVERAGE MONTHLY: 29.7 TOTAL FOR MONTH: 0.96 1 = FOG OR MIST
DPTR FM NORMAL: -2.6 DPTR FM NORMAL: 0.75 2 = FOG REDUCING VISIBILITY
HIGHEST: 66 ON 10 GRTST 24HR 0.56 ON 20-21 TO 1/4 MILE OR LESS
LOWEST: -5 ON 31 3 = THUNDER
SNOW, ICE PELLETS, HAIL 4 = ICE PELLETS
TOTAL MONTH: M 5 = HAIL
GRTST 24HR M ON M 6 = FREEZING RAIN OR DRIZZLE
GRTST DEPTH: M ON M 7 = DUSTSTORM OR SANDSTORM:
VSBY 1/2 MILE OR LESS
8 = SMOKE OR HAZE
[NO. OF DAYS WITH] [WEATHER - DAYS WITH] 9 = BLOWING SNOW
X = TORNADO
MAX 32 OR BELOW: 6 0.01 INCH OR MORE: 6
MAX 90 OR ABOVE: 0 0.10 INCH OR MORE: 2
MIN 32 OR BELOW: 30 0.50 INCH OR MORE: 0
MIN 0 OR BELOW: 2 1.00 INCH OR MORE: 0
[HDD (BASE 65) ]
TOTAL THIS MO. 1086 CLEAR (SCALE 0-3) 20
DPTR FM NORMAL 72 PTCLDY (SCALE 4-7) 5
TOTAL FM JUL 1 3392 CLOUDY (SCALE 8-10) 6
DPTR FM NORMAL 277
[CDD (BASE 65) ]
TOTAL THIS MO. 0
DPTR FM NORMAL 0 [PRESSURE DATA]
TOTAL FM JAN 1 0 HIGHEST SLP 30.50 ON 30
DPTR FM NORMAL 0 LOWEST SLP 29.26 ON 15
[REMARKS]
#FINAL-01-23#