794
CXUS55 KPUB 011310
CF6LHX
PRELIMINARY LOCAL CLIMATOLOGICAL DATA (WS FORM: F-6)
STATION: LA JUNTA CO
MONTH: JANUARY
YEAR: 2021
LATITUDE: 38 2 N
LONGITUDE: 103 31 W
TEMPERATURE IN F: :PCPN: SNOW: WIND :SUNSHINE: SKY :PK WND
================================================================================
1 2 3 4 5 6A 6B 7 8 9 10 11 12 13 14 15 16 17 18
12Z AVG MX 2MIN
DY MAX MIN AVG DEP HDD CDD WTR SNW DPTH SPD SPD DIR MIN PSBL S-S WX SPD DR
================================================================================
1 46 21 34 4 31 0 0.00 M M 8.2 16 10 M M 1 22 320
2 51 20 36 6 29 0 0.00 M M 4.1 14 280 M M 1 16 280
3 54 21 38 8 27 0 0.00 M M 7.1 16 280 M M 0 22 260
4 54 27 41 11 24 0 0.00 M M 10.2 17 270 M M 0 22 250
5 65 27 46 16 19 0 0.00 M M 16.4 38 270 M M 3 49 270
6 50 24 37 6 28 0 0.00 M M 10.5 23 340 M M 2 29 350
7 46 19 33 2 32 0 0.00 M M 7.3 13 90 M M 0 16 70
8 49 19 34 3 31 0 0.00 M M 5.3 9 280 M M 0 M M
9 31 26 29 -2 36 0 T M M 7.9 16 80 M M 7 1 22 100
10 33 14 24 -7 41 0 T M M 3.7 13 270 M M 7 1 15 270
11 36 15 26 -5 39 0 0.00 M M 9.3 16 270 M M 5 12 18 270
12 42 9 26 -5 39 0 0.00 M M 9.0 17 240 M M 0 21 240
13 56 23 40 9 25 0 0.00 M M 8.5 20 270 M M 0 24 260
14 47 26 37 6 28 0 0.00 M M 18.2 44 350 M M 2 59 30
15 50 20 35 4 30 0 0.00 M M 13.9 29 360 M M 3 8 38 10
16 54 25 40 9 25 0 0.00 M M 8.4 20 10 M M 3 24 40
17 48 23 36 5 29 0 0.00 M M 6.5 14 260 M M 0 17 160
18 46 25 36 5 29 0 0.00 M M 7.3 21 360 M M 8 24 360
19 41 21 31 0 34 0 0.00 M M 5.2 12 210 M M 2 18 280
20 65 21 43 12 22 0 0.00 M M 10.6 23 250 M M 0 29 260
21 59 22 41 10 24 0 0.00 M M 8.3 22 80 M M 0 27 80
22 50 21 36 5 29 0 0.00 M M 8.7 17 110 M M 0 23 120
23 63 21 42 11 23 0 0.00 0.0 0 10.0 31 240 M M 1 12 43 240
24 39 26 33 2 32 0 T T T 8.3 21 80 M M 8 26 70
25 36 24 30 -1 35 0 0.12 M M 7.2 18 350 M M 8 18 23 350
26 27 13 20 -11 45 0 0.11 M M 9.3 16 80 M M 10 128 20 70
27 21 0 11 -20 54 0 T M M 6.9 17 270 M M 3 128 20 270
28 38 7 23 -9 42 0 0.00 M M 6.8 15 290 M M 0 17 280
29 53 22 38 6 27 0 0.00 M M 9.1 21 240 M M 0 25 230
30 57 33 45 13 20 0 0.00 M M 13.3 25 320 M M 4 34 310
31 50 29 40 8 25 0 0.00 M M 6.6 14 330 M M 1 18 320
================================================================================
SM 1457 644 954 0 0.23 T 272.1 M 79
================================================================================
AV 47.0 20.8 8.8 FASTST M M 3 MAX(MPH)
MISC ----> 44 350 59 30
================================================================================
NOTES:
# LAST OF SEVERAL OCCURRENCES
COLUMN 17 PEAK WIND IN M.P.H.
PRELIMINARY LOCAL CLIMATOLOGICAL DATA (WS FORM: F-6) , PAGE 2
STATION: LA JUNTA CO
MONTH: JANUARY
YEAR: 2021
LATITUDE: 38 2 N
LONGITUDE: 103 31 W
[TEMPERATURE DATA] [PRECIPITATION DATA] SYMBOLS USED IN COLUMN 16
AVERAGE MONTHLY: 33.9 TOTAL FOR MONTH: 0.23 1 = FOG OR MIST
DPTR FM NORMAL: 2.9 DPTR FM NORMAL: -0.06 2 = FOG REDUCING VISIBILITY
HIGHEST: 65 ON 20, 5 GRTST 24HR 0.16 ON 26-26 TO 1/4 MILE OR LESS
LOWEST: 0 ON 27 3 = THUNDER
SNOW, ICE PELLETS, HAIL 4 = ICE PELLETS
TOTAL MONTH: T 5 = HAIL
GRTST 24HR T ON 24-24 6 = FREEZING RAIN OR DRIZZLE
GRTST DEPTH: T 7 = DUSTSTORM OR SANDSTORM:
VSBY 1/2 MILE OR LESS
8 = SMOKE OR HAZE
[NO. OF DAYS WITH] [WEATHER - DAYS WITH] 9 = BLOWING SNOW
X = TORNADO
MAX 32 OR BELOW: 3 0.01 INCH OR MORE: 2
MAX 90 OR ABOVE: 0 0.10 INCH OR MORE: 2
MIN 32 OR BELOW: 30 0.50 INCH OR MORE: 0
MIN 0 OR BELOW: 1 1.00 INCH OR MORE: 0
[HDD (BASE 65) ]
TOTAL THIS MO. 954 CLEAR (SCALE 0-3) 22
DPTR FM NORMAL -100 PTCLDY (SCALE 4-7) 8
TOTAL FM JUL 1 2938 CLOUDY (SCALE 8-10) 1
DPTR FM NORMAL -319
[CDD (BASE 65) ]
TOTAL THIS MO. 0
DPTR FM NORMAL 0 [PRESSURE DATA]
TOTAL FM JAN 1 0 HIGHEST SLP 30.54 ON 19
DPTR FM NORMAL 0 LOWEST SLP 29.43 ON 30
[REMARKS]
#FINAL-01-21#