000
CXUS55 KBOU 010900
CF6LIC
PRELIMINARY LOCAL CLIMATOLOGICAL DATA (WS FORM: F-6)
STATION: LIMON CO
MONTH: MAY
YEAR: 2022
LATITUDE: 39 10 N
LONGITUDE: 103 42 W
TEMPERATURE IN F: :PCPN: SNOW: WIND :SUNSHINE: SKY :PK WND
================================================================================
1 2 3 4 5 6A 6B 7 8 9 10 11 12 13 14 15 16 17 18
12Z AVG MX 2MIN
DY MAX MIN AVG DEP HDD CDD WTR SNW DPTH SPD SPD DIR MIN PSBL S-S WX SPD DR
================================================================================
1 71 22 47 -1 18 0 0.10 M M 18.3 38 90 M M 2 3 51 110
2 46 34 40 -8 25 0 0.12 M M 13.0 33 100 M M 10 13 43 110
3 58 34 46 -3 19 0 0.00 M M 18.2 33 130 M M 4 45 140
4 54 40 47 -2 18 0 0.02 M M 9.0 22 20 M M 10 1 26 10
5 67 42 55 5 10 0 0.00 M M 11.7 30 340 M M 5 39 330
6 84 34 59 9 6 0 0.00 M M 5.3 17 60 M M 0 24 50
7 91 37 64 14 1 0 0.00 M M 15.4 41 360 M M 0 52 20
8 77 43 60 9 5 0 0.00 M M 18.8 37 160 M M 2 8 50 160
9 86 43 65 14 0 0 0.00 M M 17.0 38 190 M M 5 8 49 220
10 79 35 57 5 8 0 0.00 M M 13.3 30 150 M M 0 8 38 150
11 90 49 70 18 0 5 0.00 M M 15.8 32 200 M M 0 8 45 160
12 81 43 62 10 3 0 0.00 M M 15.8 37 270 M M 0 56 290
13 76 28 52 -1 13 0 0.00 M M 11.3 26 190 M M 0 40 170
14 81 37 59 6 6 0 0.00 M M 6.9 18 350 M M 0 32 150
15 77 41 59 5 6 0 0.00 M M 10.1 26 360 M M 0 33 360
16 85 45 65 11 0 0 0.00 M M 10.4 23 180 M M 0 33 190
17 88 47 68 14 0 3 0.04 M M 10.0 35 310 M M 0 3 51 320
18 79 46 63 8 2 0 0.47 M M 6.7 26 340 M M 3 3 34 330
19 88 40 64 9 1 0 0.00 M M 12.7 38 20 M M 1 48 20
20 43 32 38 -18 27 0 0.51 M M 12.4 24 10 M M 9 1 30 360
21 46 31 39 -17 26 0 0.29 M M 5.4 9 230 M M 6 1 13 350
22 54 37 46 -10 19 0 0.15 M M 14.8 32 140 M M 10 45 170
23 61 42 52 -5 13 0 0.00 M M 13.1 30 160 M M 7 38 140
24 51 36 44 -13 21 0 0.03 M M 7.3 16 330 M M 7 1 19 330
25 68 35 52 -6 13 0 0.00 M M 12.8 29 10 M M 2 1 37 10
26 82 36 59 1 6 0 0.00 M M 4.4 15 340 M M 0 22 360
27 89 47 68 10 0 3 0.00 M M 6.4 20 160 M M 0 3 27 140
28 90 42 66 7 0 1 0.00 M M 8.8 26 200 M M 0 39 190
29 83 52 68 9 0 3 T M M 16.2 48 350 M M 1 3 60 350
30 70 47 59 0 6 0 0.08 M M 12.2 26 310 M M 2 35 280
31 69 43 56 -4 9 0 0.15 M M 13.0 26 360 M M 6 1 35 10
================================================================================
SM 2264 1220 281 15 1.96 M 366.5 M 92
================================================================================
AV 73.0 39.4 11.8 FASTST M M 3 MAX(MPH)
MISC ----> 48 350 60 350
================================================================================
NOTES:
# LAST OF SEVERAL OCCURRENCES
COLUMN 17 PEAK WIND IN M.P.H.
PRELIMINARY LOCAL CLIMATOLOGICAL DATA (WS FORM: F-6) , PAGE 2
STATION: LIMON CO
MONTH: MAY
YEAR: 2022
LATITUDE: 39 10 N
LONGITUDE: 103 42 W
[TEMPERATURE DATA] [PRECIPITATION DATA] SYMBOLS USED IN COLUMN 16
AVERAGE MONTHLY: 56.2 TOTAL FOR MONTH: 1.96 1 = FOG OR MIST
DPTR FM NORMAL: 2.3 DPTR FM NORMAL: -0.25 2 = FOG REDUCING VISIBILITY
HIGHEST: 91 ON 7 GRTST 24HR 0.80 ON 20-21 TO 1/4 MILE OR LESS
LOWEST: 22 ON 1 3 = THUNDER
SNOW, ICE PELLETS, HAIL 4 = ICE PELLETS
TOTAL MONTH: M 5 = HAIL
GRTST 24HR M ON M 6 = FREEZING RAIN OR DRIZZLE
GRTST DEPTH: M ON M 7 = DUSTSTORM OR SANDSTORM:
VSBY 1/2 MILE OR LESS
8 = SMOKE OR HAZE
[NO. OF DAYS WITH] [WEATHER - DAYS WITH] 9 = BLOWING SNOW
X = TORNADO
MAX 32 OR BELOW: 0 0.01 INCH OR MORE: 11
MAX 90 OR ABOVE: 3 0.10 INCH OR MORE: 7
MIN 32 OR BELOW: 4 0.50 INCH OR MORE: 1
MIN 0 OR BELOW: 0 1.00 INCH OR MORE: 0
[HDD (BASE 65) ]
TOTAL THIS MO. 281 CLEAR (SCALE 0-3) 19
DPTR FM NORMAL -68 PTCLDY (SCALE 4-7) 8
TOTAL FM JUL 1 6331 CLOUDY (SCALE 8-10) 4
DPTR FM NORMAL -611
[CDD (BASE 65) ]
TOTAL THIS MO. 15
DPTR FM NORMAL 10 [PRESSURE DATA]
TOTAL FM JAN 1 15 HIGHEST SLP M ON M
DPTR FM NORMAL 10 LOWEST SLP 29.13 ON 8
[REMARKS]
#FINAL-05-22#