000
CXUS54 KLZK 130306 CCA
CLMLIT
CLIMATE REPORT...UPDATED WITH SUPPLEMENTAL DATA
NATIONAL WEATHER SERVICE LITTLE ROCK AR
1005 PM CDT WED JUL 12 2023
...................................
...THE LITTLE ROCK ADAMS FIELD CLIMATE SUMMARY FOR THE MONTH OF JUNE 2023...
CLIMATE NORMAL PERIOD 1991 TO 2020
CLIMATE RECORD PERIOD 1874 TO 2023
WEATHER OBSERVED NORMAL DEPART LAST YEAR`S
VALUE DATE(S) VALUE FROM VALUE DATE(S)
NORMAL
................................................................
TEMPERATURE (F)
RECORD
HIGH 107 06/28/2012
LOW 46 06/03/1969
HIGHEST 100 06/29 89 11 100 06/22
06/30
06/25
LOWEST 66 06/13 68 -2 61 06/03
AVG. MAXIMUM 91.6 88.2 3.4 90.7
AVG. MINIMUM 70.2 67.7 2.5 70.9
MEAN 80.9 78.0 2.9 80.8
DAYS MAX >= 90 21 15.9 5.1 17
DAYS MAX <= 32 0 0.0 0.0 0
DAYS MIN <= 32 0 0.0 0.0 0
DAYS MIN <= 0 0 0.0 0.0 0
PRECIPITATION (INCHES)
RECORD
MAXIMUM 10.53 1877
MINIMUM 0.00 1952
TOTALS 4.49 3.55 0.94 4.22
DAILY AVG. 0.15 0.12 0.03 0.14
DAYS >= .01 6 8.0 -2.0 7
DAYS >= .10 5 5
DAYS >= .50 3 3
DAYS >= 1.00 2 1.1 0.9 2
GREATEST
24 HR. TOTAL 2.08 06/09 TO 06/10
STORM TOTAL 1.45
(MM/DD(HH))
SNOWFALL (INCHES)
RECORDS
TOTAL MM MM
24 HR TOTAL MM
SNOW DEPTH MM MM
TOTALS 0.0 0.0 0.0 0.0
LIQUID EQUIV 0.00 0.00 0.00 0.00
SINCE 7/1 0.1 3.8 -3.7 MM
LIQUID 7/1 0.01 0.30 -0.29 MM
SNOWDEPTH AVG. 0
DAYS >= TRACE 0 0.0 0.0 0
DAYS >= 1.0 0 0
GREATEST
SNOW DEPTH 0
24 HR TOTAL MM MM 0.0
DEGREE DAYS
HEATING TOTAL 0 0 0 0
SINCE 7/1 2355 3163 -808 MM
COOLING TOTAL 483 389 94 480
SINCE 1/1 861 632 229 MM
FREEZE DATES
RECORD
EARLIEST 10/20/1989
LATEST 04/19/1983
EARLIEST 11/12 11/12
LATEST 03/20 03/13
................................................................
WIND (MPH)
AVERAGE WIND SPEED 5.8
HIGHEST WIND SPEED/DIRECTION 48/360 DATE 06/25
HIGHEST GUST SPEED/DIRECTION 69/360 DATE 06/25
SKY COVER
POSSIBLE SUNSHINE (PERCENT) MM
AVERAGE SKY COVER 0.49
NUMBER OF DAYS FAIR 9
NUMBER OF DAYS PC 16
NUMBER OF DAYS CLOUDY 5
WEATHER CONDITIONS. NUMBER OF DAYS WITH
THUNDERSTORM 9 MIXED PRECIP 0
HEAVY RAIN 4 RAIN 4
LIGHT RAIN 8 FREEZING RAIN 0
LT FREEZING RAIN 0 HAIL 0
HEAVY SNOW 0 SLEET 0
FOG 9 FOG W/VIS <= 1/4 MILE 0
HAZE 7
- INDICATES NEGATIVE NUMBERS.
R INDICATES RECORD WAS SET OR TIED.
MM INDICATES DATA IS MISSING.
T INDICATES TRACE AMOUNT.
&&
.MONTHLY AVERAGES...
THE AVERAGE HIGH TEMPERATURE OF 91.6 (+3.4) WAS TIED FOR THE 20TH
HOTTEST AND WARMEST SINCE 2016.
THE AVERAGE LOW TEMPERATURE OF 70.2 (+2.5) WAS TIED FOR THE 31ST
HOTTEST AND WARMEST SINCE 2022.
THE AVERAGE TEMPERATURE OF 80.9 (+2.9) WAS THE 18TH HOTTEST AND
WARMEST SINCE 2016.
THE MONTHLY HIGH, LOW, AND AVERAGE TEMPERATURES WERE ABOUT 2-3
DEGREES ABOVE THE 30-YEAR CLIMATOLOGICAL AVERAGES.
.DAILY TEMPERATURES...
DAILY TEMPERATURES WERE AVERAGE ON 2 DAYS.
DAILY TEMPERATURES WERE ABOVE AVERAGE ON 24 DAYS.
DAILY TEMPERATURES WERE BELOW AVERAGE ON 4 DAYS.
.DAILY TEMPERATURE RECORDS TIED OR BROKEN DURING THE MONTH...
NO DAILY TEMPERATURE RECORDS WERE TIED OR BROKEN.
.MONTHLY RAINFALL...
THE MONTHLY RAINFALL TOTAL OF 4.49 WAS TIED FOR THE 48TH WETTEST ON
RECORD AND WETTEST SINCE 2021. THE MONTHLY RAINFALL WAS +0.94 ABOVE
AVERAGE FOR THE MONTH.
.DAILY RAINFALL RECORDS TIED OR BROKEN DURING THE MONTH...
NO DAILY RAINFALL RECORDS WERE TIED OR BROKEN.
.MONTHLY SNOWFALL...
NO DAILY SNOWFALL WAS RECORDED.
.DAILY SNOWFALL RECORDS TIED OR BROKEN DURING THE MONTH...
NO DAILY SNOWFALL RECORDS WERE TIED OR BROKEN.
$$
70