063
CXUS55 KPIH 011642
CF6LLJ
PRELIMINARY LOCAL CLIMATOLOGICAL DATA (WS FORM: F-6)
STATION: CHALLIS ID
MONTH: JUNE
YEAR: 2020
LATITUDE: 44 31 N
LONGITUDE: 114 13 W
TEMPERATURE IN F: :PCPN: SNOW: WIND :SUNSHINE: SKY :PK WND
================================================================================
1 2 3 4 5 6A 6B 7 8 9 10 11 12 13 14 15 16 17 18
12Z AVG MX 2MIN
DY MAX MIN AVG DEP HDD CDD WTR SNW DPTH SPD SPD DIR MIN PSBL S-S WX SPD DR
================================================================================
1 75 53 64 8 1 0 0.00 M M 6.1 23 270 M M 4 8 31 260
2 81 49 65 8 0 0 0.00 M M 7.6 22 260 M M 0 27 230
3 81 51 66 9 0 1 0.00 M M 9.2 28 230 M M 1 8 37 240
4 81 53 67 10 0 2 0.00 M M 6.9 23 260 M M 4 28 270
5 91 47 69 12 0 4 T M M 8.8 40 240 M M 1 8 54 170
6 64 46 55 -3 10 0 0.37 M M 5.9 23 310 M M 9 13 29 280
7 55 38 47 -11 18 0 0.17 M M 9.2 21 290 M M 8 3 25 290
8 59 37 48 -10 17 0 T M M 8.5 22 280 M M 5 29 260
9 65 35 50 -8 15 0 0.00 M M 3.4 16 240 M M 7 21 320
10 77 43 60 2 5 0 0.00 M M 4.9 15 290 M M 2 20 290
11 85 46 66 7 0 1 0.00 M M 3.8 23 190 M M 1 32 210
12 88 46 67 8 0 2 0.00 M M 5.2 28 190 M M 0 38 200
13 74 49 62 3 3 0 0.05 M M 14.5 33 190 M M 3 8 42 190
14 60 41 51 -9 14 0 T M M 8.1 29 220 M M 5 37 220
15 68 36 52 -8 13 0 T M M 5.5 28 230 M M 6 39 260
16 61 44 53 -7 12 0 0.30 M M 4.9 23 310 M M 9 1 31 300
17 53 34 44 -16 21 0 0.95 M M 4.3 12 150 M M 10 1 14 150
18 67 37 52 -9 13 0 0.00 M M 3.9 9 20 M M 1 8 15 160
19 74 42 58 -3 7 0 0.00 M M 2.3 9 110 M M 1 11 90
20 71 48 60 -1 5 0 T M M 3.2 14 40 M M 5 18 30
21 79 50 65 3 0 0 0.04 M M 4.2 13 360 M M 4 3 16 10
22 84 51 68 6 0 3 0.00 M M 2.6 10 330 M M 0 8 14 10
23 90 52 71 9 0 6 0.00 M M 2.8 10 330 M M 1 8 14 320
24 89 54 72 9 0 7 T M M 5.7 28 30 M M 2 38 36 40
25 84 55 70 7 0 5 0.00 M M 3.8 13 30 M M 0 8 16 30
26 90 53 72 9 0 7 0.00 M M 4.0 17 320 M M 0 8 24 320
27 83 54 69 5 0 4 0.00 M M 7.7 25 220 M M 3 33 200
28 67 44 56 -8 9 0 0.09 M M 8.3 24 310 M M 4 30 300
29 54 41 48 -16 17 0 0.35 M M 4.7 20 130 M M 10 1 25 150
30 65 42 54 -11 11 0 0.10 M M 3.4 18 310 M M 6 24 300
================================================================================
SM 2215 1371 191 42 2.42 M 173.4 M 112
================================================================================
AV 73.8 45.7 5.8 FASTST M M 4 MAX(MPH)
MISC ----> # 40 240 # 54 170
================================================================================
NOTES:
# LAST OF SEVERAL OCCURRENCES
PRECIPITATION SUSPECT DURING FREEZING/FROZEN EVENTS
COLUMN 17 PEAK WIND IN M.P.H.
PRELIMINARY LOCAL CLIMATOLOGICAL DATA (WS FORM: F-6) , PAGE 2
STATION: CHALLIS ID
MONTH: JUNE
YEAR: 2020
LATITUDE: 44 31 N
LONGITUDE: 114 13 W
[TEMPERATURE DATA] [PRECIPITATION DATA] SYMBOLS USED IN COLUMN 16
AVERAGE MONTHLY: 59.8 TOTAL FOR MONTH: 2.42 1 = FOG OR MIST
DPTR FM NORMAL: -0.4 DPTR FM NORMAL: 0.79 2 = FOG REDUCING VISIBILITY
HIGHEST: 91 ON 5 GRTST 24HR 0.95 ON 17-17 TO 1/4 MILE OR LESS
LOWEST: 34 ON 17 3 = THUNDER
SNOW, ICE PELLETS, HAIL 4 = ICE PELLETS
TOTAL MONTH: M 5 = HAIL
GRTST 24HR M ON M 6 = FREEZING RAIN OR DRIZZLE
GRTST DEPTH: M ON M 7 = DUSTSTORM OR SANDSTORM:
VSBY 1/2 MILE OR LESS
8 = SMOKE OR HAZE
[NO. OF DAYS WITH] [WEATHER - DAYS WITH] 9 = BLOWING SNOW
X = TORNADO
MAX 32 OR BELOW: 0 0.01 INCH OR MORE: 9
MAX 90 OR ABOVE: 3 0.10 INCH OR MORE: 6
MIN 32 OR BELOW: 0 0.50 INCH OR MORE: 1
MIN 0 OR BELOW: 0 1.00 INCH OR MORE: 0
[HDD (BASE 65) ]
TOTAL THIS MO. 191 CLEAR (SCALE 0-3) 14
DPTR FM NORMAL 26 PTCLDY (SCALE 4-7) 11
TOTAL FM JUL 1 7764 CLOUDY (SCALE 8-10) 5
DPTR FM NORMAL -397
[CDD (BASE 65) ]
TOTAL THIS MO. 42
DPTR FM NORMAL 20 [PRESSURE DATA]
TOTAL FM JAN 1 61 HIGHEST SLP 30.27 ON 18
DPTR FM NORMAL 37 LOWEST SLP 29.36 ON 28
[REMARKS]
5TH: HIGH OF 91 TIES OLD RECORD SET IN 2000.
17TH: RAINFALL OF 0.95 INCHES BREAKS OLD RECORD OF 0.70 SET IN 2018.
#FINAL-06-20#