000
CXUS56 KMFR 010930
CF6LMT
PRELIMINARY LOCAL CLIMATOLOGICAL DATA (WS FORM: F-6)
STATION: KLAMATH FALLS OR
MONTH: APRIL
YEAR: 2022
LATITUDE: 42 9 N
LONGITUDE: 121 44 W
TEMPERATURE IN F: :PCPN: SNOW: WIND :SUNSHINE: SKY :PK WND
================================================================================
1 2 3 4 5 6A 6B 7 8 9 10 11 12 13 14 15 16 17 18
12Z AVG MX 2MIN
DY MAX MIN AVG DEP HDD CDD WTR SNW DPTH SPD SPD DIR MIN PSBL S-S WX SPD DR
================================================================================
1 64 19 42 1 23 0 0.00 M M 4.8 20 290 M M 0 24 280
2 60 24 42 1 23 0 0.00 M M 4.3 18 290 M M 0 22 290
3 60 18 39 -2 26 0 0.00 M M 6.5 22 280 M M 3 29 280
4 47 33 40 -1 25 0 0.01 M M 13.0 28 290 M M 9 1 38 290
5 48 28 38 -3 27 0 T M M 8.1 22 280 M M 3 29 270
6 66 24 45 4 20 0 0.00 M M 2.9 10 340 M M 0 14 360
7 78 29 54 12 11 0 0.00 M M 2.7 9 80 M M 0 13 140
8 61 29 45 3 20 0 0.00 M M 10.3 26 310 M M 0 34 280
9 50 19 35 -7 30 0 0.00 M M 9.7 26 340 M M 0 37 340
10 47 25 36 -6 29 0 0.01 M M 9.2 23 260 M M 9 1 29 250
11 35 24 30 -12 35 0 0.05 M M 19.9 33 280 M M 7 18 48 320
12 40 23 32 -10 33 0 T M M 14.8 26 280 M M 7 128 34 300
13 41 M M M M M 0.07 M M 12.4 26 260 M M 8 18 34 260
14 47 25 36 -7 29 0 0.01 M M 10.0 23 280 M M 7 1 31 290
15 46 22 34 -9 31 0 0.04 M M 5.1 16 190 M M 6 1 21 190
16 44 30 37 -6 28 0 0.25 M M 10.2 25 260 M M 7 1 34 280
17 58 25 42 -1 23 0 0.00 M M 5.4 17 160 M M 3 24 170
18 56 35 46 2 19 0 0.11 M M 17.2 36 180 M M 4 18 54 170
19 46 28 37 -7 28 0 0.03 M M 8.4 26 270 M M 5 1 35 230
20 49 25 37 -7 28 0 0.12 M M 18.2 37 190 M M 8 1 60 180
21 49 32 41 -3 24 0 0.02 M M 7.4 22 180 M M 8 1 32 180
22 52 25 39 -6 26 0 0.01 M M 5.2 22 300 M M 4 12 27 270
23 59 22 41 -4 24 0 0.00 M M 2.6 10 320 M M 0 15 290
24 65 22 44 -1 21 0 0.00 M M 4.1 15 280 M M 0 19 290
25 63 34 49 3 16 0 0.00 M M 5.9 20 280 M M 3 25 280
26 55 34 45 -1 20 0 0.00 M M 8.3 17 290 M M 4 22 320
27 58 25 42 -4 23 0 0.00 M M 7.3 17 330 M M 1 24 290
28 51 30 41 -6 24 0 0.17 M M 11.4 26 280 M M 8 1 34 280
29 60 22 41 -6 24 0 0.00 M M 6.5 15 280 M M 4 22 280
30 60 31 46 -1 19 0 0.08 M M 11.4 28 330 M M 6 1 35 260
================================================================================
SM 1615 762 709 0 0.98 M 263.2 M 124
================================================================================
AV 53.8 26.3 8.8 FASTST M M 4 MAX(MPH)
MISC ----> 37 190 60 180
================================================================================
NOTES:
# LAST OF SEVERAL OCCURRENCES
COLUMN 17 PEAK WIND IN M.P.H.
PRELIMINARY LOCAL CLIMATOLOGICAL DATA (WS FORM: F-6) , PAGE 2
STATION: KLAMATH FALLS OR
MONTH: APRIL
YEAR: 2022
LATITUDE: 42 9 N
LONGITUDE: 121 44 W
[TEMPERATURE DATA] [PRECIPITATION DATA] SYMBOLS USED IN COLUMN 16
AVERAGE MONTHLY: 40.1 TOTAL FOR MONTH: 0.98 1 = FOG OR MIST
DPTR FM NORMAL: -3.4 DPTR FM NORMAL: -0.08 2 = FOG REDUCING VISIBILITY
HIGHEST: 78 ON 7 GRTST 24HR 0.29 ON 15-16 TO 1/4 MILE OR LESS
LOWEST: 18 ON 3 3 = THUNDER
SNOW, ICE PELLETS, HAIL 4 = ICE PELLETS
TOTAL MONTH: M 5 = HAIL
GRTST 24HR M ON M 6 = FREEZING RAIN OR DRIZZLE
GRTST DEPTH: M ON M 7 = DUSTSTORM OR SANDSTORM:
VSBY 1/2 MILE OR LESS
8 = SMOKE OR HAZE
[NO. OF DAYS WITH] [WEATHER - DAYS WITH] 9 = BLOWING SNOW
X = TORNADO
MAX 32 OR BELOW: 0 0.01 INCH OR MORE: 14
MAX 90 OR ABOVE: 0 0.10 INCH OR MORE: 4
MIN 32 OR BELOW: 25 0.50 INCH OR MORE: 0
MIN 0 OR BELOW: 0 1.00 INCH OR MORE: 0
[HDD (BASE 65) ]
TOTAL THIS MO. 709 CLEAR (SCALE 0-3) 13
DPTR FM NORMAL 63 PTCLDY (SCALE 4-7) 15
TOTAL FM JUL 1 5963 CLOUDY (SCALE 8-10) 2
DPTR FM NORMAL -125
[CDD (BASE 65) ]
TOTAL THIS MO. 0
DPTR FM NORMAL 0 [PRESSURE DATA]
TOTAL FM JAN 1 0 HIGHEST SLP M ON M
DPTR FM NORMAL 0 LOWEST SLP 29.43 ON 11
[REMARKS]
#FINAL-04-22#