000
CXUS55 KRIW 011110
CF6LND
PRELIMINARY LOCAL CLIMATOLOGICAL DATA (WS FORM: F-6)
STATION: LANDER WY
MONTH: NOVEMBER
YEAR: 2021
LATITUDE: 42 49 N
LONGITUDE: 108 44 W
TEMPERATURE IN F: :PCPN: SNOW: WIND :SUNSHINE: SKY :PK WND
================================================================================
1 2 3 4 5 6A 6B 7 8 9 10 11 12 13 14 15 16 17 18
12Z AVG MX 2MIN
DY MAX MIN AVG DEP HDD CDD WTR SNW DPTH SPD SPD DIR MIN PSBL S-S WX SPD DR
================================================================================
1 36 30 33 -6 32 0 0.01 0.2 T 2.3 8 340 M M 10 1 10 350
2 51 33 42 4 23 0 0.00 0.0 0 0.9 6 300 M M 8 8 30
3 57 32 45 7 20 0 0.00 0.0 0 3.7 14 250 M M 0 16 240
4 59 30 45 8 20 0 0.00 0.0 0 5.4 39 240 M M 0 53 250
5 60 38 49 12 16 0 0.00 0.0 0 6.8 17 250 M M 0 26 340
6 69 35 52 16 13 0 0.00 0.0 0 8.3 26 250 M M 0 37 250
7 58 35 47 11 18 0 0.00 0.0 0 7.4 25 260 M M 3 36 260
8 48 29 39 3 26 0 0.00 0.0 0 5.0 20 270 M M 3 26 280
9 56 26 41 6 24 0 0.00 0.0 0 5.2 31 210 M M 1 43 220
10 50 25 38 3 27 0 0.00 0.0 0 7.3 29 280 M M 1 42 290
11 47 19 33 -1 32 0 0.00 0.0 0 3.9 12 50 M M 3 18 90
12 54 20 37 3 28 0 0.00 0.0 0 4.9 21 220 M M 0 30 230
13 63 36 50 17 15 0 0.00 0.0 0 5.5 22 10 M M 0 30 310
14 64 29 47 14 18 0 0.00 0.0 0 7.9 30 290 M M 0 42 290
15 68 36 52 20 13 0 0.00 0.0 0 8.6 21 280 M M 0 29 290
16 60 24 42 10 23 0 0.00 0.0 0 13.0 39 260 M M 2 67 170
17 36 14 25 -6 40 0 0.00 0.0 0 3.9 14 190 M M 1 17 350
18 37 12 25 -6 40 0 0.00 0.0 0 2.6 12 260 M M 0 13 260
19 56 23 40 10 25 0 0.00 0.0 0 5.6 24 250 M M 2 30 250
20 49 24 37 7 28 0 0.00 0.0 0 5.2 17 300 M M 2 24 300
21 50 18 34 4 31 0 0.00 0.0 0 6.1 14 250 M M 0 16 260
22 58 26 42 13 23 0 0.00 0.0 0 3.9 12 340 M M 0 14 350
23 57 26 42 13 23 0 0.00 0.0 0 8.4 33 290 M M 0 47 260
24 37 19 28 0 37 0 0.09 1.2 1 6.1 15 140 M M 4 1 18 130
25 55 13 34 6 31 0 0.00 0.0 1 5.5 13 320 M M 0 16 150
26 57 29 43 16 22 0 0.00 0.0 0 5.6 14 130 M M 0 17 130
27 49 27 38 11 27 0 0.00 0.0 0 3.7 14 230 M M 1 16 360
28 61 24 43 17 22 0 0.00 0.0 0 4.5 15 250 M M 0 16 250
29 59 34 47 21 18 0 0.00 0.0 0 5.8 15 150 M M 0 20 10
30 53 26 40 14 25 0 0.00 0.0 0 6.1 16 240 M M 0 19 240
================================================================================
SM 1614 792 740 0 0.10 1.4 169.1 M 41
================================================================================
AV 53.8 26.4 5.6 FASTST M M 1 MAX(MPH)
MISC ----> # 39 240 67 170
================================================================================
NOTES:
# LAST OF SEVERAL OCCURRENCES
COLUMN 17 PEAK WIND IN M.P.H.
PRELIMINARY LOCAL CLIMATOLOGICAL DATA (WS FORM: F-6) , PAGE 2
STATION: LANDER WY
MONTH: NOVEMBER
YEAR: 2021
LATITUDE: 42 49 N
LONGITUDE: 108 44 W
[TEMPERATURE DATA] [PRECIPITATION DATA] SYMBOLS USED IN COLUMN 16
AVERAGE MONTHLY: 40.1 TOTAL FOR MONTH: 0.10 1 = FOG OR MIST
DPTR FM NORMAL: 8.0 DPTR FM NORMAL: -0.68 2 = FOG REDUCING VISIBILITY
HIGHEST: 69 ON 6 GRTST 24HR 0.09 ON 24-24 TO 1/4 MILE OR LESS
LOWEST: 12 ON 18 3 = THUNDER
SNOW, ICE PELLETS, HAIL 4 = ICE PELLETS
TOTAL MONTH: 1.4 INCHES 5 = HAIL
GRTST 24HR 1.2 ON 24-24 6 = FREEZING RAIN OR DRIZZLE
GRTST DEPTH: 1 ON 25,24 7 = DUSTSTORM OR SANDSTORM:
VSBY 1/2 MILE OR LESS
8 = SMOKE OR HAZE
[NO. OF DAYS WITH] [WEATHER - DAYS WITH] 9 = BLOWING SNOW
X = TORNADO
MAX 32 OR BELOW: 0 0.01 INCH OR MORE: 2
MAX 90 OR ABOVE: 0 0.10 INCH OR MORE: 0
MIN 32 OR BELOW: 23 0.50 INCH OR MORE: 0
MIN 0 OR BELOW: 0 1.00 INCH OR MORE: 0
[HDD (BASE 65) ]
TOTAL THIS MO. 740 CLEAR (SCALE 0-3) 26
DPTR FM NORMAL -247 PTCLDY (SCALE 4-7) 3
TOTAL FM JUL 1 1448 CLOUDY (SCALE 8-10) 1
DPTR FM NORMAL -379
[CDD (BASE 65) ]
TOTAL THIS MO. 0
DPTR FM NORMAL 0 [PRESSURE DATA]
TOTAL FM JAN 1 697 HIGHEST SLP 30.50 ON 25
DPTR FM NORMAL 212 LOWEST SLP 29.54 ON 16
[REMARKS]
#FINAL-11-21#