000
CXUS55 KRIW 010945
CF6LND
PRELIMINARY LOCAL CLIMATOLOGICAL DATA (WS FORM: F-6)
STATION: LANDER WY
MONTH: AUGUST
YEAR: 2020
LATITUDE: 42 49 N
LONGITUDE: 108 44 W
TEMPERATURE IN F: :PCPN: SNOW: WIND :SUNSHINE: SKY :PK WND
================================================================================
1 2 3 4 5 6A 6B 7 8 9 10 11 12 13 14 15 16 17 18
12Z AVG MX 2MIN
DY MAX MIN AVG DEP HDD CDD WTR SNW DPTH SPD SPD DIR MIN PSBL S-S WX SPD DR
================================================================================
1 88 57 73 1 0 8 T 0.0 0 6.3 26 310 M M 0 3 39 330
2 95 56 76 4 0 11 0.00 0.0 0 6.1 20 70 M M 0 31 40
3 91 60 76 4 0 11 T 0.0 0 6.3 31 290 M M 0 45 290
4 90 57 74 2 0 9 0.00 0.0 0 6.5 22 360 M M 0 30 360
5 90 59 75 3 0 10 0.01 0.0 0 6.2 17 50 M M 0 23 50
6 94 59 77 5 0 12 T 0.0 0 9.6 29 220 M M 0 39 200
7 93 63 78 6 0 13 0.00 0.0 0 10.1 25 220 M M 0 34 240
8 91 55 73 1 0 8 0.00 0.0 0 7.0 33 220 M M 0 3 50 240
9 93 58 76 5 0 11 0.00 0.0 0 9.5 25 270 M M 0 40 290
10 92 56 74 3 0 9 T 0.0 0 9.3 28 240 M M 0 3 39 240
11 92 57 75 4 0 10 0.00 0.0 0 12.5 48 200 M M 0 65 190
12 91 57 74 3 0 9 T 0.0 0 9.8 41 210 M M 0 58 210
13 91 61 76 5 0 11 0.00 0.0 0 13.0 31 280 M M 0 47 290
14 84 54 69 -1 0 4 0.00 0.0 0 7.3 17 230 M M 0 20 220
15 92 57 75 5 0 10 0.00 0.0 0 6.7 16 240 M M 0 21 50
16 92 56 74 4 0 9 0.00 0.0 0 6.0 16 240 M M 0 20 240
17 96 59 78 8 0 13 0.00 0.0 0 4.9 17 300 M M 0 22 300
18 97 64 81 11 0 16 T 0.0 0 7.2 24 210 M M 0 3 31 210
19 92 64 78 9 0 13 T 0.0 0 6.0 26 10 M M 1 40 10
20 82 55 69 0 0 4 0.00 0.0 0 5.1 21 220 M M 0 28 230
21 87 57 72 3 0 7 0.00 0.0 0 5.4 14 250 M M 1 8 16 250
22 95 55 75 6 0 10 0.00 0.0 0 4.6 15 340 M M 0 8 18 340
23 91 59 75 7 0 10 0.00 0.0 0 8.0 40 190 M M 0 3 53 200
24 96 61 79 11 0 14 0.00 0.0 0 7.3 33 220 M M 0 42 230
25 94 59 77 9 0 12 T 0.0 0 6.3 38 200 M M 0 3 52 210
26 91 60 76 9 0 11 0.03 0.0 0 7.7 37 250 M M 0 50 250
27 91 61 76 9 0 11 0.00 0.0 0 6.2 18 40 M M 0 3 24 40
28 83 52 68 1 0 3 0.00 0.0 0 6.4 13 250 M M 0 16 260
29 89 52 71 5 0 6 0.00 0.0 0 8.9 39 250 M M 0 54 260
30 86 43 65 -1 0 0 0.00 0.0 0 10.4 28 280 M M 0 42 270
31 55 40 48 -18 17 0 0.01 0.0 0 5.2 8 270 M M 4 M M
================================================================================
SM 2784 1763 17 285 0.05 0.0 231.8 M 6
================================================================================
AV 89.8 56.9 7.5 FASTST M M 0 MAX(MPH)
MISC ----> # 48 200 # 65 190
================================================================================
NOTES:
# LAST OF SEVERAL OCCURRENCES
COLUMN 17 PEAK WIND IN M.P.H.
PRELIMINARY LOCAL CLIMATOLOGICAL DATA (WS FORM: F-6) , PAGE 2
STATION: LANDER WY
MONTH: AUGUST
YEAR: 2020
LATITUDE: 42 49 N
LONGITUDE: 108 44 W
[TEMPERATURE DATA] [PRECIPITATION DATA] SYMBOLS USED IN COLUMN 16
AVERAGE MONTHLY: 73.3 TOTAL FOR MONTH: 0.05 1 = FOG OR MIST
DPTR FM NORMAL: 3.7 DPTR FM NORMAL: -0.56 2 = FOG REDUCING VISIBILITY
HIGHEST: 97 ON 18 GRTST 24HR 0.03 ON 26-26 TO 1/4 MILE OR LESS
LOWEST: 40 ON 31 3 = THUNDER
SNOW, ICE PELLETS, HAIL 4 = ICE PELLETS
TOTAL MONTH: 0.0 INCH 5 = HAIL
GRTST 24HR 0.0 6 = FREEZING RAIN OR DRIZZLE
GRTST DEPTH: 0 7 = DUSTSTORM OR SANDSTORM:
VSBY 1/2 MILE OR LESS
8 = SMOKE OR HAZE
[NO. OF DAYS WITH] [WEATHER - DAYS WITH] 9 = BLOWING SNOW
X = TORNADO
MAX 32 OR BELOW: 0 0.01 INCH OR MORE: 3
MAX 90 OR ABOVE: 23 0.10 INCH OR MORE: 0
MIN 32 OR BELOW: 0 0.50 INCH OR MORE: 0
MIN 0 OR BELOW: 0 1.00 INCH OR MORE: 0
[HDD (BASE 65) ]
TOTAL THIS MO. 17 CLEAR (SCALE 0-3) 30
DPTR FM NORMAL -7 PTCLDY (SCALE 4-7) 1
TOTAL FM JUL 1 19 CLOUDY (SCALE 8-10) 0
DPTR FM NORMAL -21
[CDD (BASE 65) ]
TOTAL THIS MO. 285
DPTR FM NORMAL 117 [PRESSURE DATA]
TOTAL FM JAN 1 637 HIGHEST SLP 30.21 ON 17
DPTR FM NORMAL 192 LOWEST SLP 29.55 ON 30
[REMARKS]
#FINAL-08-20#