679
CXUS55 KRIW 010945
CF6LND
PRELIMINARY LOCAL CLIMATOLOGICAL DATA (WS FORM: F-6)
STATION: LANDER WY
MONTH: MAY
YEAR: 2020
LATITUDE: 42 49 N
LONGITUDE: 108 44 W
TEMPERATURE IN F: :PCPN: SNOW: WIND :SUNSHINE: SKY :PK WND
================================================================================
1 2 3 4 5 6A 6B 7 8 9 10 11 12 13 14 15 16 17 18
12Z AVG MX 2MIN
DY MAX MIN AVG DEP HDD CDD WTR SNW DPTH SPD SPD DIR MIN PSBL S-S WX SPD DR
================================================================================
1 66 41 54 6 11 0 T 0.0 0 6.6 30 160 M M 3 39 170
2 69 40 55 6 10 0 0.00 0.0 0 6.4 26 220 M M 3 35 230
3 67 44 56 7 9 0 T 0.0 0 7.0 29 270 M M 3 40 270
4 61 41 51 1 14 0 0.00 0.0 0 9.4 24 320 M M 3 33 300
5 68 33 51 1 14 0 0.00 0.0 0 6.0 20 20 M M 0 34 360
6 74 37 56 6 9 0 0.00 0.0 0 8.9 28 260 M M 0 40 270
7 59 34 47 -3 18 0 0.00 0.0 0 12.6 37 350 M M 4 49 10
8 63 31 47 -4 18 0 0.05 0.0 0 6.4 31 20 M M 3 40 20
9 56 35 46 -5 19 0 0.00 0.0 0 4.2 14 40 M M 7 8 18 90
10 61 33 47 -5 18 0 0.00 0.0 0 6.7 23 70 M M 3 8 29 60
11 53 32 43 -9 22 0 0.01 0.0 0 6.8 17 100 M M 5 20 100
12 66 36 51 -1 14 0 T 0.0 0 7.2 28 310 M M 3 3 39 310
13 64 40 52 0 13 0 T 0.0 0 10.5 29 280 M M 4 37 280
14 67 36 52 -1 13 0 0.00 0.0 0 5.5 18 310 M M 4 24 300
15 66 37 52 -1 13 0 0.00 0.0 0 8.4 24 280 M M 4 32 280
16 66 34 50 -3 15 0 0.00 0.0 0 6.6 14 30 M M 0 21 80
17 80 39 60 6 5 0 0.00 0.0 0 6.7 18 210 M M 1 29 180
18 86 52 69 15 0 4 0.00 0.0 0 12.3 28 210 M M 0 37 210
19 83 51 67 13 0 2 0.00 0.0 0 14.9 39 170 M M 0 52 170
20 69 45 57 2 8 0 0.00 0.0 0 17.3 43 200 M M 1 59 190
21 67 44 56 1 9 0 0.00 0.0 0 12.9 29 270 M M 2 41 280
22 75 41 58 3 7 0 0.00 0.0 0 10.2 33 230 M M 0 46 170
23 62 38 50 -6 15 0 T 0.0 0 7.9 28 230 M M 6 39 260
24 60 33 47 -9 18 0 T 0.0 0 6.2 20 20 M M 6 24 30
25 69 35 52 -4 13 0 0.00 0.0 0 5.8 17 240 M M 2 21 240
26 78 46 62 6 3 0 0.00 0.0 0 6.3 21 340 M M 3 29 290
27 78 47 63 6 2 0 0.00 0.0 0 6.5 14 320 M M 1 17 40
28 81 50 66 9 0 1 0.00 0.0 0 7.8 15 130 M M 0 22 80
29 89 51 70 13 0 5 T 0.0 0 6.9 24 240 M M 1 34 220
30 89 54 72 14 0 7 T 0.0 0 7.5 43 170 M M 2 3 53 170
31 88 57 73 15 0 8 0.00 0.0 0 13.9 36 190 M M 2 44 190
================================================================================
SM 2180 1267 310 27 0.06 0.0 262.3 M 76
================================================================================
AV 70.3 40.9 8.5 FASTST M M 2 MAX(MPH)
MISC ----> # 43 200 # 59 190
================================================================================
NOTES:
# LAST OF SEVERAL OCCURRENCES
COLUMN 17 PEAK WIND IN M.P.H.
PRELIMINARY LOCAL CLIMATOLOGICAL DATA (WS FORM: F-6) , PAGE 2
STATION: LANDER WY
MONTH: MAY
YEAR: 2020
LATITUDE: 42 49 N
LONGITUDE: 108 44 W
[TEMPERATURE DATA] [PRECIPITATION DATA] SYMBOLS USED IN COLUMN 16
AVERAGE MONTHLY: 55.6 TOTAL FOR MONTH: 0.06 1 = FOG OR MIST
DPTR FM NORMAL: 2.3 DPTR FM NORMAL: -2.14 2 = FOG REDUCING VISIBILITY
HIGHEST: 89 ON 30,29 GRTST 24HR 0.05 ON 8- 8 TO 1/4 MILE OR LESS
LOWEST: 31 ON 8 3 = THUNDER
SNOW, ICE PELLETS, HAIL 4 = ICE PELLETS
TOTAL MONTH: 0.0 INCH 5 = HAIL
GRTST 24HR 0.0 6 = FREEZING RAIN OR DRIZZLE
GRTST DEPTH: 0 7 = DUSTSTORM OR SANDSTORM:
VSBY 1/2 MILE OR LESS
8 = SMOKE OR HAZE
[NO. OF DAYS WITH] [WEATHER - DAYS WITH] 9 = BLOWING SNOW
X = TORNADO
MAX 32 OR BELOW: 0 0.01 INCH OR MORE: 2
MAX 90 OR ABOVE: 0 0.10 INCH OR MORE: 0
MIN 32 OR BELOW: 2 0.50 INCH OR MORE: 0
MIN 0 OR BELOW: 0 1.00 INCH OR MORE: 0
[HDD (BASE 65) ]
TOTAL THIS MO. 310 CLEAR (SCALE 0-3) 22
DPTR FM NORMAL -58 PTCLDY (SCALE 4-7) 9
TOTAL FM JUL 1 8056 CLOUDY (SCALE 8-10) 0
DPTR FM NORMAL 434
[CDD (BASE 65) ]
TOTAL THIS MO. 27
DPTR FM NORMAL 22 [PRESSURE DATA]
TOTAL FM JAN 1 28 HIGHEST SLP 30.35 ON 9
DPTR FM NORMAL 23 LOWEST SLP 29.44 ON 20
[REMARKS]
#FINAL-05-20#