000
CXUS55 KRIW 011600
CLMLND
CLIMATE REPORT
NATIONAL WEATHER SERVICE RIVERTON WY
1000 AM MDT SAT JUL 01 2023
...................................
...THE LANDER WY CLIMATE SUMMARY FOR THE MONTH OF JUNE 2023...
CLIMATE NORMAL PERIOD: 1991 TO 2020
CLIMATE RECORD PERIOD: 1891 TO 2023
WEATHER OBSERVED NORMAL DEPART LAST YEAR`S
VALUE DATE(S) VALUE FROM VALUE
NORMAL
..............................................................
TEMPERATURE (F)
RECORD
HIGH 100 06/23/1954
LOW 25 06/03/1951
HIGHEST 79 06/06
LOWEST 42 06/17
06/24
AVG. MAXIMUM 71.0 78.0 -7.0
AVG. MINIMUM 48.7 47.7 1.0
MEAN 59.8 62.8 -3.0
DAYS MAX >= 90 0
DAYS MAX <= 32 0
DAYS MIN <= 32 0
DAYS MIN <= 0 0
PRECIPITATION (INCHES)
RECORD
MAXIMUM 6.88 1947
MINIMUM 0.00 1971
TOTALS 3.14 1.08 2.06 T
DAILY AVG. 0.10 0.04 0.06
DAYS >= .01 18
DAYS >= .10 10
DAYS >= .50 1
DAYS >= 1.00 0
GREATEST
24 HR. TOTAL 1.05 06/15 TO 06/16
STORM TOTAL 0.90
SNOWFALL (INCHES)
TOTALS 0.0 0.1 -0.1
SINCE 7/1 107.0 87.6 19.4
SNOWDEPTH AVG. 0
DAYS >= 1.0 0
DEGREE DAYS
HEATING TOTAL 147 124 23
SINCE 7/1 8752 7712 1040
COOLING TOTAL 0 59 -59
SINCE 1/1 0 64 -64
..............................................................
WIND (MPH)
AVERAGE WIND SPEED 5.9
RESULTANT WIND SPEED/DIRECTION 1/240
HIGHEST WIND SPEED/DIRECTION 39/260 DATE 06/23
HIGHEST GUST SPEED/DIRECTION 56/260 DATE 06/23
SKY COVER
POSSIBLE SUNSHINE (PERCENT) MM
AVERAGE SKY COVER 0.42
NUMBER OF DAYS FAIR 14
NUMBER OF DAYS PC 13
NUMBER OF DAYS CLOUDY 3
AVERAGE RH (PERCENT) 66
WEATHER CONDITIONS. NUMBER OF DAYS WITH
THUNDERSTORM 18 MIXED PRECIP 0
HEAVY RAIN 4 RAIN 11
LIGHT RAIN 26 FREEZING RAIN 0
LT FREEZING RAIN 0 HAIL 0
HEAVY SNOW 0 SNOW 0
LIGHT SNOW 0 SLEET 0
FOG 10 FOG W/VIS <= 1/4 MILE 1
HAZE 0
- INDICATES NEGATIVE NUMBERS.
R INDICATES RECORD WAS SET OR TIED.
MM INDICATES DATA IS MISSING.
T INDICATES TRACE AMOUNT.
$$