000
CXUS55 KRIW 011236
CLMLND
CLIMATE REPORT
NATIONAL WEATHER SERVICE RIVERTON WY
636 AM MDT SAT APR 01 2023
...................................
...THE LANDER WY CLIMATE SUMMARY FOR THE MONTH OF MARCH 2023...
CLIMATE NORMAL PERIOD: 1991 TO 2020
CLIMATE RECORD PERIOD: 1891 TO 2023
WEATHER OBSERVED NORMAL DEPART LAST YEAR`S
VALUE DATE(S) VALUE FROM VALUE
NORMAL
..............................................................
TEMPERATURE (F)
RECORD
HIGH 76 03/31/2015
03/31/2012
03/30/1966
LOW -16 03/02/1960
HIGHEST 49 03/15
LOWEST -2 03/08
AVG. MAXIMUM 32.0 48.6 -16.6
AVG. MINIMUM 12.2 23.4 -11.2
MEAN 22.1 36.0 -13.9
DAYS MAX >= 90 0
DAYS MAX <= 32 18
DAYS MIN <= 32 31
DAYS MIN <= 0 2
PRECIPITATION (INCHES)
RECORD
MAXIMUM 4.65 2017
MINIMUM 0.03 2004
TOTALS 0.58 1.29 -0.71 1.89
DAILY AVG. 0.02 0.04 -0.02
DAYS >= .01 6
DAYS >= .10 2
DAYS >= .50 0
DAYS >= 1.00 0
GREATEST
24 HR. TOTAL 0.31 03/25 TO 03/25
STORM TOTAL 0.31
SNOWFALL (INCHES)
TOTALS 5.9 14.4 -8.5
SINCE 7/1 82.1 66.6 15.5
SNOWDEPTH AVG. 15
DAYS >= 1.0 2
DEGREE DAYS
HEATING TOTAL 1322 899 423
SINCE 7/1 7591 6550 1041
COOLING TOTAL 0 0 0
SINCE 1/1 0 0 0
..............................................................
WIND (MPH)
AVERAGE WIND SPEED 5.1
RESULTANT WIND SPEED/DIRECTION 1/260
HIGHEST WIND SPEED/DIRECTION 46/210 DATE 03/15
HIGHEST GUST SPEED/DIRECTION 59/210 DATE 03/15
SKY COVER
POSSIBLE SUNSHINE (PERCENT) MM
AVERAGE SKY COVER 0.24
NUMBER OF DAYS FAIR 23
NUMBER OF DAYS PC 6
NUMBER OF DAYS CLOUDY 2
AVERAGE RH (PERCENT) 67
WEATHER CONDITIONS. NUMBER OF DAYS WITH
THUNDERSTORM 0 MIXED PRECIP 0
HEAVY RAIN 0 RAIN 0
LIGHT RAIN 2 FREEZING RAIN 0
LT FREEZING RAIN 0 HAIL 0
HEAVY SNOW 0 SNOW 2
LIGHT SNOW 8 SLEET 0
FOG 11 FOG W/VIS <= 1/4 MILE 5
HAZE 7
- INDICATES NEGATIVE NUMBERS.
R INDICATES RECORD WAS SET OR TIED.
MM INDICATES DATA IS MISSING.
T INDICATES TRACE AMOUNT.
$$