000
CXUS53 KMKX 010910
CF6LNR
PRELIMINARY LOCAL CLIMATOLOGICAL DATA (WS FORM: F-6)
STATION: LONE ROCK WI
MONTH: JANUARY
YEAR: 2022
LATITUDE: 43 12 N
LONGITUDE: 90 11 W
TEMPERATURE IN F: :PCPN: SNOW: WIND :SUNSHINE: SKY :PK WND
================================================================================
1 2 3 4 5 6A 6B 7 8 9 10 11 12 13 14 15 16 17 18
12Z AVG MX 2MIN
DY MAX MIN AVG DEP HDD CDD WTR SNW DPTH SPD SPD DIR MIN PSBL S-S WX SPD DR
================================================================================
1 24 11 18 -2 47 0 T M M 10.6 20 340 M M 9 27 350
2 14 -5 5 -15 60 0 0.00 M M 5.4 12 340 M M 3 17 300
3 21 -7 7 -13 58 0 0.00 M M 3.9 12 190 M M 0 16 250
4 32 10 21 1 44 0 0.00 M M 6.1 18 170 M M 2 25 150
5 31 11 21 1 44 0 T M M 17.9 28 270 M M 10 18 38 270
6 11 -5 3 -16 62 0 T M M 10.4 17 290 M M 5 8 21 300
7 11 -11 0 -19 65 0 0.00 M M 4.9 13 160 M M 2 17 150
8 27 8 18 -1 47 0 0.00 M M 7.6 21 160 M M 8 1 27 170
9 29 5 17 -2 48 0 0.00 M M 12.7 25 290 M M 3 1 33 310
10 10 -6 2 -17 63 0 0.00 M M 8.3 17 320 M M 2 25 330
11 36 -1 18 -1 47 0 0.00 M M 7.2 21 200 M M 1 31 210
12 43 25 34 15 31 0 0.00 M M 1.8 8 270 M M 4 13 280
13 42 24 33 15 32 0 0.00 M M 4.4 18 360 M M 8 1 24 10
14 33 14 24 6 41 0 T M M 13.5 21 50 M M 10 1 29 50
15 20 1 11 -7 54 0 0.00 M M 7.1 18 30 M M 3 27 30
16 23 -3 10 -8 55 0 T M M 4.8 13 310 M M 7 18 17 310
17 30 17 24 6 41 0 0.00 M M 6.5 17 330 M M 6 27 330
18 37 21 29 11 36 0 0.00 M M 11.1 23 280 M M 5 36 280
19 32 5 19 1 46 0 0.00 M M 14.5 29 280 M M 0 40 280
20 11 -7 2 -16 63 0 0.00 M M 4.1 12 330 M M 0 17 340
21 14 -12 1 -17 64 0 T M M 6.0 18 190 M M 1 24 200
22 24 13 19 1 46 0 0.10 M M 10.3 24 280 M M 7 18 34 280
23 14 2 8 -10 57 0 0.02 M M 5.7 20 10 M M 4 18 26 10
24 17 -4 7 -11 58 0 0.11 M M 7.6 18 340 M M 6 1 25 340
25 6 -20 -7 -25 72 0 0.00 M M 8.3 17 300 M M 0 24 300
26 14 -28 -7 -25 72 0 0.00 M M 5.7 15 200 M M 0 20 210
27 35 13 24 6 41 0 0.00 M M 8.1 21 360 M M 7 27 290
28 17 -9 4 -14 61 0 T M M 5.7 14 300 M M 3 17 280
29 23 5 14 -5 51 0 0.00 M M 4.6 20 190 M M 4 24 190
30 27 6 17 -2 48 0 0.00 M M 5.5 14 310 M M 9 18 20 320
31 33 -1 16 -3 49 0 0.00 M M 6.8 17 130 M M 2 128 23 180
================================================================================
SM 741 72 1603 0 0.23 M 237.1 M 131
================================================================================
AV 23.9 2.3 7.6 FASTST M M 4 MAX(MPH)
MISC ----> 29 280 40 280
================================================================================
NOTES:
# LAST OF SEVERAL OCCURRENCES
COLUMN 17 PEAK WIND IN M.P.H.
PRELIMINARY LOCAL CLIMATOLOGICAL DATA (WS FORM: F-6) , PAGE 2
STATION: LONE ROCK WI
MONTH: JANUARY
YEAR: 2022
LATITUDE: 43 12 N
LONGITUDE: 90 11 W
[TEMPERATURE DATA] [PRECIPITATION DATA] SYMBOLS USED IN COLUMN 16
AVERAGE MONTHLY: 13.1 TOTAL FOR MONTH: 0.23 1 = FOG OR MIST
DPTR FM NORMAL: -5.6 DPTR FM NORMAL: -0.65 2 = FOG REDUCING VISIBILITY
HIGHEST: 43 ON 12 GRTST 24HR 0.11 ON 24-24 TO 1/4 MILE OR LESS
LOWEST: -28 ON 26 3 = THUNDER
SNOW, ICE PELLETS, HAIL 4 = ICE PELLETS
TOTAL MONTH: M 5 = HAIL
GRTST 24HR M ON M 6 = FREEZING RAIN OR DRIZZLE
GRTST DEPTH: M ON M 7 = DUSTSTORM OR SANDSTORM:
VSBY 1/2 MILE OR LESS
8 = SMOKE OR HAZE
[NO. OF DAYS WITH] [WEATHER - DAYS WITH] 9 = BLOWING SNOW
X = TORNADO
MAX 32 OR BELOW: 24 0.01 INCH OR MORE: 3
MAX 90 OR ABOVE: 0 0.10 INCH OR MORE: 2
MIN 32 OR BELOW: 31 0.50 INCH OR MORE: 0
MIN 0 OR BELOW: 14 1.00 INCH OR MORE: 0
[HDD (BASE 65) ]
TOTAL THIS MO. 1603 CLEAR (SCALE 0-3) 14
DPTR FM NORMAL 168 PTCLDY (SCALE 4-7) 12
TOTAL FM JUL 1 3965 CLOUDY (SCALE 8-10) 5
DPTR FM NORMAL -221
[CDD (BASE 65) ]
TOTAL THIS MO. 0
DPTR FM NORMAL 0 [PRESSURE DATA]
TOTAL FM JAN 1 0 HIGHEST SLP 30.71 ON 20
DPTR FM NORMAL 0 LOWEST SLP 29.44 ON 5
[REMARKS]
#FINAL-01-22#