000
CXUS53 KLMK 010810
CF6LOU
PRELIMINARY LOCAL CLIMATOLOGICAL DATA (WS FORM: F-6)
STATION: LOUISVILLE BOWMAN KY
MONTH: JANUARY
YEAR: 2024
LATITUDE: 38 13 N
LONGITUDE: 85 39 W
TEMPERATURE IN F: :PCPN: SNOW: WIND :SUNSHINE: SKY :PK WND
================================================================================
1 2 3 4 5 6A 6B 7 8 9 10 11 12 13 14 15 16 17 18
12Z AVG MX 2MIN
DY MAX MIN AVG DEP HDD CDD WTR SNW DPTH SPD SPD DIR MIN PSBL S-S WX SPD DR
================================================================================
1 38 31 35 -1 30 0 0.00 M M 6.1 12 300 M M 10 16 310
2 38 29 34 -2 31 0 0.00 M M 6.0 14 210 M M 8 18 250
3 43 23 33 -3 32 0 0.00 M M 5.4 14 230 M M 3 18 20 300
4 41 24 33 -3 32 0 0.00 M M 4.1 13 360 M M 7 20 350
5 44 20 32 -3 33 0 0.00 M M 4.2 10 110 M M 1 1 14 100
6 41 34 38 3 27 0 0.47 M M 4.9 15 60 M M 10 1 18 70
7 39 35 37 2 28 0 0.02 M M 8.9 18 250 M M 10 1 24 260
8 45 26 36 1 29 0 0.27 M M 8.4 18 90 M M 2 1 26 70
9 50 35 43 8 22 0 1.30 M M 14.3 30 230 M M 10 18 43 230
10 36 30 33 -2 32 0 0.02 M M 10.7 25 230 M M 8 1 37 210
11 51 30 41 6 24 0 0.00 M M 7.3 16 250 M M 1 25 240
12 51 33 42 7 23 0 1.12 M M 13.6 35 210 M M 7 1 51 190
13 33 23 28 -7 37 0 T M M 13.3 29 250 M M 9 1 41 250
14 25 9 17 -18 48 0 0.02 M M 10.1 22 280 M M 7 1 33 300
15 15 5 10 -25 55 0 T M M 5.0 9 350 M M 8 18 13 350
16 18 8 13 -22 52 0 T M M 8.7 16 240 M M 6 21 280
17 29 5 17 -18 48 0 0.00 M M 11.0 20 190 M M 0 27 220
18 34 19 27 -8 38 0 T M M 6.7 13 160 M M 5 16 190
19 28 8 18 -17 47 0 0.18 M M 10.5 23 280 M M 10 18 33 280
20 18 2 10 -25 55 0 0.00 M M 6.2 15 290 M M 1 8 20 280
21 26 2 14 -21 51 0 0.00 M M 2.3 9 120 M M 0 13 110
22 47 16 32 -3 33 0 0.00 M M 5.0 17 220 M M 2 24 220
23 50 39 45 10 20 0 0.40 M M 4.8 10 160 M M 10 1 14 170
24 59 49 54 19 11 0 1.16 M M 5.2 12 160 M M 10 12 16 160
25 61 54 58 23 7 0 0.34 M M 4.4 18 220 M M 10 12 27 220
26 59 44 52 17 13 0 0.01 M M 8.8 22 240 M M 10 1 31 230
27 46 42 44 9 21 0 0.49 M M 8.0 20 10 M M 10 13 28 10
28 43 39 41 6 24 0 0.42 M M 10.2 17 300 M M 10 1 25 310
29 40 33 37 2 28 0 0.00 M M 6.5 13 350 M M 10 22 340
30 40 32 36 1 29 0 0.02 M M 7.8 15 160 M M 10 18 21 160
31 42 34 38 2 27 0 0.01 M M 4.7 8 270 M M 10 1 12 350
================================================================================
SM 1230 813 987 0 6.25 M 233.1 M 215
================================================================================
AV 39.7 26.2 7.5 FASTST M M 7 MAX(MPH)
MISC ----> 35 210 51 190
================================================================================
NOTES:
# LAST OF SEVERAL OCCURRENCES
COLUMN 17 PEAK WIND IN M.P.H.
PRELIMINARY LOCAL CLIMATOLOGICAL DATA (WS FORM: F-6) , PAGE 2
STATION: LOUISVILLE BOWMAN KY
MONTH: JANUARY
YEAR: 2024
LATITUDE: 38 13 N
LONGITUDE: 85 39 W
[TEMPERATURE DATA] [PRECIPITATION DATA] SYMBOLS USED IN COLUMN 16
AVERAGE MONTHLY: 33.0 TOTAL FOR MONTH: 6.25 1 = FOG OR MIST
DPTR FM NORMAL: -2.0 DPTR FM NORMAL: 2.97 2 = FOG REDUCING VISIBILITY
HIGHEST: 61 ON 25 GRTST 24HR 1.61 ON 8- 9 TO 1/4 MILE OR LESS
LOWEST: 2 ON 21,20 3 = THUNDER
SNOW, ICE PELLETS, HAIL 4 = ICE PELLETS
TOTAL MONTH: M 5 = HAIL
GRTST 24HR M ON M 6 = FREEZING RAIN OR DRIZZLE
GRTST DEPTH: M ON M 7 = DUSTSTORM OR SANDSTORM:
VSBY 1/2 MILE OR LESS
8 = SMOKE OR HAZE
[NO. OF DAYS WITH] [WEATHER - DAYS WITH] 9 = BLOWING SNOW
X = TORNADO
MAX 32 OR BELOW: 7 0.01 INCH OR MORE: 16
MAX 90 OR ABOVE: 0 0.10 INCH OR MORE: 10
MIN 32 OR BELOW: 19 0.50 INCH OR MORE: 3
MIN 0 OR BELOW: 0 1.00 INCH OR MORE: 3
[HDD (BASE 65) ]
TOTAL THIS MO. 987 CLEAR (SCALE 0-3) 8
DPTR FM NORMAL 57 PTCLDY (SCALE 4-7) 8
TOTAL FM JUL 1 2425 CLOUDY (SCALE 8-10) 15
DPTR FM NORMAL -113
[CDD (BASE 65) ]
TOTAL THIS MO. 0
DPTR FM NORMAL 0 [PRESSURE DATA]
TOTAL FM JAN 1 0 HIGHEST SLP 30.78 ON 21
DPTR FM NORMAL 0 LOWEST SLP 29.06 ON 9
[REMARKS]
#FINAL-01-24#