000
CXUS54 KLZK 011230
CF6LRF
PRELIMINARY LOCAL CLIMATOLOGICAL DATA (WS FORM: F-6)
STATION: JACKSONVILLE/LITTLE ROCK AFB
MONTH: DECEMBER
YEAR: 2021
LATITUDE: 34 55 N
LONGITUDE: 92 9 W
TEMPERATURE IN F: :PCPN: SNOW: WIND :SUNSHINE: SKY :PK WND
================================================================================
1 2 3 4 5 6A 6B 7 8 9 10 11 12 13 14 15 16 17 18
12Z AVG MX 2MIN
DY MAX MIN AVG DEP HDD CDD WTR SNW DPTH SPD SPD DIR MIN PSBL S-S WX SPD DR
================================================================================
1 68 41 55 8 10 0 0.00 0.0 0 4.6 13 220 M M 2 1 M M
2 78 36 57 10 8 0 0.00 0.0 0 2.4 10 240 M M 0 12 M M
3 76 41 59 13 6 0 T 0.0 0 5.9 15 210 M M 4 M M
4 64 56 60 14 5 0 0.12 0.0 0 5.4 12 70 M M 10 1 M M
5 73 54 64 18 1 0 0.00 0.0 0 5.9 16 230 M M 10 1 24 230
6 68 31 50 5 15 0 0.17 0.0 0 8.8 21 360 M M 3 3 33 330
7 48 27 38 -7 27 0 0.00 0.0 0 5.2 12 100 M M 3 M M
8 56 29 43 -2 22 0 0.00 0.0 0 2.3 7 150 M M 1 M M
9 63 34 49 4 16 0 T 0.0 0 4.9 10 200 M M 8 12 M M
10 79 62 71 27 0 6 1.58 0.0 0 10.1 37 240 M M 8 123 64 240
11 65 30 48 4 17 0 0.01 0.0 0 8.3 17 290 M M 2 30 300
12 53 26 40 -4 25 0 0.00 0.0 0 2.1 9 150 M M 0 M M
13 63 26 45 1 20 0 0.00 0.0 0 1.8 10 170 M M 3 M M
14 66 45 56 13 9 0 0.04 0.0 0 3.3 8 160 M M 9 M M
15 70 63 67 24 0 2 0.00 0.0 0 7.7 14 160 M M 10 21 180
16 74 55 65 22 0 0 0.02 0.0 0 7.9 17 360 M M 10 1 23 360
17 65 49 57 14 8 0 0.44 0.0 0 6.6 13 80 M M 10 123 M M
18 64 38 51 9 14 0 1.05 0.0 0 5.9 14 360 M M 7 138 18 360
19 44 27 36 -6 29 0 0.00 0.0 0 4.9 10 360 M M 1 16 20
20 42 24 33 -9 32 0 0.00 0.0 0 1.7 6 20 M M 5 M M
21 56 34 45 3 20 0 0.00 0.0 0 4.5 10 290 M M 3 M M
22 53 28 41 -1 24 0 0.00 0.0 0 3.0 10 70 M M 0 8 M M
23 65 30 48 7 17 0 0.00 0.0 0 4.7 10 190 M M 6 M M
24 72 58 65 24 0 0 0.00 0.0 0 12.3 23 230 M M 8 39 210
25 79 53 66 25 0 1 0.00 0.0 0 10.7 22 230 M M 5 31 230
26 67 49 58 17 7 0 T 0.0 0 3.2 8 170 M M 6 12 M M
27 74 59 67 26 0 2 0.00 0.0 M 8.4 17 220 M M 7 24 220
28 74 59 67 26 0 2 0.00 0.0 0 8.8 20 220 M M 8 8 28 220
29 60 48 54 13 11 0 1.86 M M 2.7 13 330 M M 7 123 17 320
30 63 47 55 15 10 0 0.00 0.0 0 2.2 7 180 M M 7 12 M M
31 69 50 60 20 5 0 T M M 4.6 14 220 M M 7 12 16 240
================================================================================
SM 2011 1309 358 13 5.29 0.0 170.8 M 170
================================================================================
AV 64.9 42.2 5.5 FASTST M M 5 MAX(MPH)
MISC ----> 37 240 64 240
================================================================================
NOTES:
# LAST OF SEVERAL OCCURRENCES
COLUMN 17 PEAK WIND IN M.P.H.
PRELIMINARY LOCAL CLIMATOLOGICAL DATA (WS FORM: F-6) , PAGE 2
STATION: JACKSONVILLE/LITTLE ROCK AFB
MONTH: DECEMBER
YEAR: 2021
LATITUDE: 34 55 N
LONGITUDE: 92 9 W
[TEMPERATURE DATA] [PRECIPITATION DATA] SYMBOLS USED IN COLUMN 16
AVERAGE MONTHLY: 53.5 TOTAL FOR MONTH: 5.29 1 = FOG OR MIST
DPTR FM NORMAL: 10.4 DPTR FM NORMAL: M 2 = FOG REDUCING VISIBILITY
HIGHEST: 79 ON 10,25 GRTST 24HR 1.86 ON 29-29 TO 1/4 MILE OR LESS
LOWEST: 24 ON 20 3 = THUNDER
SNOW, ICE PELLETS, HAIL 4 = ICE PELLETS
TOTAL MONTH: 0.0 INCH 5 = HAIL
GRTST 24HR 0.0 6 = FREEZING RAIN OR DRIZZLE
GRTST DEPTH: 0 7 = DUSTSTORM OR SANDSTORM:
VSBY 1/2 MILE OR LESS
8 = SMOKE OR HAZE
[NO. OF DAYS WITH] [WEATHER - DAYS WITH] 9 = BLOWING SNOW
X = TORNADO
MAX 32 OR BELOW: 0 0.01 INCH OR MORE: 9
MAX 90 OR ABOVE: 0 0.10 INCH OR MORE: 6
MIN 32 OR BELOW: 10 0.50 INCH OR MORE: 3
MIN 0 OR BELOW: 0 1.00 INCH OR MORE: 3
[HDD (BASE 65) ]
TOTAL THIS MO. 358 CLEAR (SCALE 0-3) 11
DPTR FM NORMAL -338 PTCLDY (SCALE 4-7) 13
TOTAL FM JUL 1 941 CLOUDY (SCALE 8-10) 7
DPTR FM NORMAL -320
[CDD (BASE 65) ]
TOTAL THIS MO. 13
DPTR FM NORMAL 11 [PRESSURE DATA]
TOTAL FM JAN 1 2021 HIGHEST SLP M ON M
DPTR FM NORMAL -16 LOWEST SLP M ON M
[REMARKS]
#FINAL-12-21#