000
CXUS54 KLZK 011230
CF6LRF
PRELIMINARY LOCAL CLIMATOLOGICAL DATA (WS FORM: F-6)
STATION: JACKSONVILLE/LITTLE ROCK AFB
MONTH: SEPTEMBER
YEAR: 2023
LATITUDE: 34 55 N
LONGITUDE: 92 9 W
TEMPERATURE IN F: :PCPN: SNOW: WIND :SUNSHINE: SKY :PK WND
================================================================================
1 2 3 4 5 6A 6B 7 8 9 10 11 12 13 14 15 16 17 18
12Z AVG MX 2MIN
DY MAX MIN AVG DEP HDD CDD WTR SNW DPTH SPD SPD DIR MIN PSBL S-S WX SPD DR
================================================================================
1 88 57 73 -5 0 8 0.00 0.0 0 3.7 9 90 M M 2 M M
2 92 65 79 1 0 14 0.00 0.0 0 3.7 10 110 M M 2 M M
3 94 72 83 5 0 18 0.00 0.0 0 3.2 9 110 M M 5 M M
4 97 72 85 8 0 20 0.00 0.0 0 6.6 24 120 M M 3 3 40 140
5 95 70 83 6 0 18 0.00 0.0 0 5.2 13 220 M M 5 M M
6 102 69 86 9 0 21 0.00 0.0 0 5.7 15 250 M M 1 M M
7 94 62 78 1 0 13 0.00 0.0 0 3.0 9 110 M M 1 M M
8 86 62 74 -2 0 9 0.10 0.0 0 5.4 13 360 M M 2 13 M M
9 88 59 74 -2 0 9 0.00 0.0 0 4.8 12 10 M M 0 17 30
10 87 56 72 -4 0 7 0.00 0.0 0 4.8 14 20 M M 0 21 30
11 88 58 73 -2 0 8 0.00 0.0 0 1.8 8 90 M M 2 M M
12 74 64 69 -6 0 4 0.10 0.0 0 4.1 10 40 M M 9 1 M M
13 83 67 75 0 0 10 0.00 0.0 0 5.9 12 70 M M 6 20 70
14 83 56 70 -5 0 5 0.00 0.0 0 6.9 14 70 M M 6 M M
15 86 52 69 -5 0 4 0.00 0.0 0 4.7 13 90 M M 1 17 10
16 89 55 72 -2 0 7 0.00 0.0 0 3.0 9 360 M M 5 M M
17 90 57 74 0 0 9 0.00 0.0 0 4.3 12 290 M M 2 20 310
18 88 50 69 -4 0 4 0.00 0.0 0 2.3 7 200 M M 0 M M
19 91 53 72 -1 0 7 T 0.0 0 3.0 8 160 M M 3 M M
20 84 64 74 1 0 9 T 0.0 0 4.8 10 270 M M 5 M M
21 92 62 77 5 0 12 T 0.0 0 3.0 8 160 M M 3 M M
22 84 65 75 3 0 10 0.15 0.0 0 3.6 10 110 M M 6 13 M M
23 94 64 79 7 0 14 0.00 0.0 0 2.8 8 130 M M 2 M M
24 86 67 77 5 0 12 0.37 0.0 0 4.3 14 220 M M 4 1 M M
25 91 65 78 7 0 13 0.00 0.0 0 2.6 10 60 M M 2 M M
26 92 64 78 7 0 13 0.00 0.0 0 1.9 7 40 M M 1 M M
27 95 60 78 7 0 13 0.00 0.0 0 1.5 6 180 M M 0 M M
28 95 66 81 11 0 16 0.00 0.0 0 4.3 9 200 M M 1 M M
29 94 62 78 8 0 13 0.00 0.0 0 2.6 8 150 M M 0 M M
30 95 59 77 7 0 12 0.00 0.0 0 1.6 8 120 M M 0 M M
================================================================================
SM 2697 1854 0 332 0.72 0.0 115.1 M 79
================================================================================
AV 89.9 61.8 3.8 FASTST M M 3 MAX(MPH)
MISC ----> 24 120 40 140
================================================================================
NOTES:
# LAST OF SEVERAL OCCURRENCES
COLUMN 17 PEAK WIND IN M.P.H.
PRELIMINARY LOCAL CLIMATOLOGICAL DATA (WS FORM: F-6) , PAGE 2
STATION: JACKSONVILLE/LITTLE ROCK AFB
MONTH: SEPTEMBER
YEAR: 2023
LATITUDE: 34 55 N
LONGITUDE: 92 9 W
[TEMPERATURE DATA] [PRECIPITATION DATA] SYMBOLS USED IN COLUMN 16
AVERAGE MONTHLY: 75.9 TOTAL FOR MONTH: 0.72 1 = FOG OR MIST
DPTR FM NORMAL: 1.8 DPTR FM NORMAL: M 2 = FOG REDUCING VISIBILITY
HIGHEST: 102 ON 6 GRTST 24HR 0.37 ON 24-24 TO 1/4 MILE OR LESS
LOWEST: 50 ON 18 3 = THUNDER
SNOW, ICE PELLETS, HAIL 4 = ICE PELLETS
TOTAL MONTH: 0.0 INCH 5 = HAIL
GRTST 24HR 0.0 6 = FREEZING RAIN OR DRIZZLE
GRTST DEPTH: 0 7 = DUSTSTORM OR SANDSTORM:
VSBY 1/2 MILE OR LESS
8 = SMOKE OR HAZE
[NO. OF DAYS WITH] [WEATHER - DAYS WITH] 9 = BLOWING SNOW
X = TORNADO
MAX 32 OR BELOW: 0 0.01 INCH OR MORE: 4
MAX 90 OR ABOVE: 16 0.10 INCH OR MORE: 4
MIN 32 OR BELOW: 0 0.50 INCH OR MORE: 0
MIN 0 OR BELOW: 0 1.00 INCH OR MORE: 0
[HDD (BASE 65) ]
TOTAL THIS MO. 0 CLEAR (SCALE 0-3) 20
DPTR FM NORMAL -18 PTCLDY (SCALE 4-7) 9
TOTAL FM JUL 1 0 CLOUDY (SCALE 8-10) 1
DPTR FM NORMAL -29
[CDD (BASE 65) ]
TOTAL THIS MO. 332
DPTR FM NORMAL 54 [PRESSURE DATA]
TOTAL FM JAN 1 2102 HIGHEST SLP M ON M
DPTR FM NORMAL 153 LOWEST SLP M ON M
[REMARKS]
#FINAL-09-23#