000
CXUS54 KEPZ 011130
CF6LRU
PRELIMINARY LOCAL CLIMATOLOGICAL DATA (WS FORM: F-6)
STATION: LAS CRUCES
MONTH: FEBRUARY
YEAR: 2021
LATITUDE: 32 17 N
LONGITUDE: 106 46 W
TEMPERATURE IN F: :PCPN: SNOW: WIND :SUNSHINE: SKY :PK WND
================================================================================
1 2 3 4 5 6A 6B 7 8 9 10 11 12 13 14 15 16 17 18
12Z AVG MX 2MIN
DY MAX MIN AVG DEP HDD CDD WTR SNW DPTH SPD SPD DIR MIN PSBL S-S WX SPD DR
================================================================================
1 63 30 47 M 18 0 0.00 M M 4.1 9 140 M M 0 M M
2 73 38 56 M 9 0 0.00 M M 4.6 8 280 M M 0 M M
3 77 40 59 M 6 0 0.00 M M 9.3 24 250 M M 1 30 250
4 70 48 59 M 6 0 0.00 M M 16.1 29 280 M M 0 35 260
5 67 33 50 M 15 0 0.00 M M 12.0 32 250 M M 0 37 250
6 64 37 51 M 14 0 0.00 M M 8.0 18 360 M M 0 24 360
7 73 36 55 M 10 0 0.00 M M 12.2 21 260 M M 0 29 260
8 75 43 59 M 6 0 0.00 M M 14.4 25 250 M M 0 33 260
9 73 37 55 M 10 0 0.00 M M 8.7 14 240 M M 0 21 240
10 71 38 55 M 10 0 0.00 M M 7.6 15 260 M M 0 25 260
11 70 40 55 M 10 0 0.00 M M 6.6 15 320 M M 0 17 0
12 65 36 51 M 14 0 T M M 6.7 12 250 M M 4 18 200
13 64 37 51 M 14 0 0.00 M M 10.2 21 190 M M 1 27 190
14 53 18 36 M 29 0 0.17 M M 9.2 17 140 M M 10 30 300
15 34 17 26 M 39 0 0.00 M M 4.2 9 150 M M 7 M M
16 50 25 38 M 27 0 T M M 11.6 33 270 M M 6 1 41 270
17 55 34 45 M 20 0 0.00 M M 10.5 18 250 M M 6 33 280
18 51 29 40 M 25 0 0.00 M M 6.3 13 350 M M 3 17 330
19 60 27 44 M 21 0 0.00 M M 4.0 10 230 M M 0 M M
20 74 29 52 M 13 0 0.00 M M 6.3 16 220 M M 0 22 260
21 62 42 52 M 13 0 0.00 M M 13.2 29 270 M M 0 40 270
22 67 27 47 M 18 0 0.00 M M 5.3 9 330 M M 0 M M
23 75 29 52 M 13 0 0.00 M M 8.0 28 270 M M 0 32 270
24 74 37 56 M 9 0 0.00 M M 9.7 20 250 M M 0 25 250
25 74 34 54 M 11 0 0.00 M M 8.3 17 280 M M 0 30 260
26 69 30 50 M 15 0 0.00 M M 4.8 12 270 M M 0 M M
27 69 29 49 M 16 0 0.00 M M 10.6 22 240 M M 0 28 250
28 65 37 51 M 14 0 0.00 M M 15.0 22 250 M M 0 36 250
================================================================================
SM 1837 937 425 0 0.17 M 247.4 M 38
================================================================================
AV 65.6 33.5 8.8 FASTST M M 1 MAX(MPH)
MISC ----> 33 270 41 270
================================================================================
NOTES:
# LAST OF SEVERAL OCCURRENCES
COLUMN 17 PEAK WIND IN M.P.H.
PRELIMINARY LOCAL CLIMATOLOGICAL DATA (WS FORM: F-6) , PAGE 2
STATION: LAS CRUCES
MONTH: FEBRUARY
YEAR: 2021
LATITUDE: 32 17 N
LONGITUDE: 106 46 W
[TEMPERATURE DATA] [PRECIPITATION DATA] SYMBOLS USED IN COLUMN 16
AVERAGE MONTHLY: 49.5 TOTAL FOR MONTH: 0.17 1 = FOG OR MIST
DPTR FM NORMAL: 0.0 DPTR FM NORMAL: 0.17 2 = FOG REDUCING VISIBILITY
HIGHEST: 77 ON 3 GRTST 24HR 0.17 ON 14-14 TO 1/4 MILE OR LESS
LOWEST: 17 ON 15 3 = THUNDER
SNOW, ICE PELLETS, HAIL 4 = ICE PELLETS
TOTAL MONTH: M 5 = HAIL
GRTST 24HR M ON M 6 = FREEZING RAIN OR DRIZZLE
GRTST DEPTH: M ON M 7 = DUSTSTORM OR SANDSTORM:
VSBY 1/2 MILE OR LESS
8 = SMOKE OR HAZE
[NO. OF DAYS WITH] [WEATHER - DAYS WITH] 9 = BLOWING SNOW
X = TORNADO
MAX 32 OR BELOW: 0 0.01 INCH OR MORE: 1
MAX 90 OR ABOVE: 0 0.10 INCH OR MORE: 1
MIN 32 OR BELOW: 11 0.50 INCH OR MORE: 0
MIN 0 OR BELOW: 0 1.00 INCH OR MORE: 0
[HDD (BASE 65) ]
TOTAL THIS MO. 425 CLEAR (SCALE 0-3) 23
DPTR FM NORMAL M PTCLDY (SCALE 4-7) 4
TOTAL FM JUL 1 1710 CLOUDY (SCALE 8-10) 1
DPTR FM NORMAL M
[CDD (BASE 65) ]
TOTAL THIS MO. 0
DPTR FM NORMAL M [PRESSURE DATA]
TOTAL FM JAN 1 0 HIGHEST SLP M ON M
DPTR FM NORMAL M LOWEST SLP M ON M
[REMARKS]
#FINAL-02-21#