000
CXUS54 KEPZ 011130
CF6LRU
PRELIMINARY LOCAL CLIMATOLOGICAL DATA (WS FORM: F-6)
STATION: LAS CRUCES
MONTH: DECEMBER
YEAR: 2020
LATITUDE: 32 17 N
LONGITUDE: 106 46 W
TEMPERATURE IN F: :PCPN: SNOW: WIND :SUNSHINE: SKY :PK WND
================================================================================
1 2 3 4 5 6A 6B 7 8 9 10 11 12 13 14 15 16 17 18
12Z AVG MX 2MIN
DY MAX MIN AVG DEP HDD CDD WTR SNW DPTH SPD SPD DIR MIN PSBL S-S WX SPD DR
================================================================================
1 71 23 47 M 18 0 0.00 M M 7.0 14 230 M M 0 20 360
2 48 M M M M M 0.00 M M 6.1 15 10 M M 4 21 10
3 46 22 34 M 31 0 0.00 M M 3.5 8 310 M M 2 M M
4 54 18 36 M 29 0 0.00 M M 3.1 8 300 M M 0 M M
5 60 26 43 M 22 0 0.00 M M 7.3 13 340 M M 0 16 350
6 63 24 44 M 21 0 0.00 M M 2.2 8 330 M M 0 M M
7 63 25 44 M 21 0 0.00 M M 2.5 8 340 M M 0 M M
8 65 30 48 M 17 0 0.00 M M 3.5 8 340 M M 0 M M
9 66 30 48 M 17 0 0.00 M M 4.6 8 330 M M 1 M M
10 57 42 50 M 15 0 0.15 M M 7.0 18 260 M M 7 28 260
11 57 39 48 M 17 0 0.00 M M 17.6 28 260 M M 0 33 260
12 60 34 47 M 18 0 0.00 M M 9.4 18 250 M M 1 22 240
13 47 28 38 M 27 0 0.00 M M 8.6 21 10 M M 2 26 340
14 53 20 37 M 28 0 0.00 M M 5.1 13 260 M M 1 M M
15 52 29 41 M 24 0 0.00 M M 9.6 15 290 M M 0 20 260
16 53 26 40 M 25 0 0.00 M M 4.8 9 320 M M 0 M M
17 56 26 41 M 24 0 0.00 M M 4.8 10 330 M M 0 M M
18 61 32 47 M 18 0 0.00 M M 8.2 20 280 M M 0 27 280
19 56 34 45 M 20 0 0.00 M M 6.5 12 350 M M 0 21 330
20 60 31 46 M 19 0 0.00 M M 6.0 9 360 M M 0 M M
21 63 35 49 M 16 0 0.00 M M 6.4 10 360 M M 0 M M
22 63 24 44 M 21 0 0.00 M M 5.8 13 260 M M 0 M M
23 64 33 49 M 16 0 0.00 M M 13.2 26 270 M M 0 36 270
24 45 18 32 M 33 0 0.00 M M 5.9 10 330 M M 0 M M
25 51 23 37 M 28 0 0.00 M M 3.6 10 280 M M 0 M M
26 60 22 41 M 24 0 0.00 M M 5.2 17 260 M M 0 M M
27 68 32 50 M 15 0 0.00 M M 6.4 18 260 M M 0 18 100
28 71 37 54 M 11 0 0.00 M M 7.4 22 250 M M 1 27 190
29 56 38 47 M 18 0 0.00 M M 16.5 28 270 M M 2 35 280
30 50 27 39 M 26 0 0.00 M M 11.7 21 350 M M 3 27 350
31 49 19 34 M 31 0 0.00 M M 4.6 10 220 M M 0 17 290
================================================================================
SM 1788 847 650 0 0.15 M 214.4 M 24
================================================================================
AV 57.7 28.2 6.9 FASTST M M 1 MAX(MPH)
MISC ----> 28 260 36 270
================================================================================
NOTES:
# LAST OF SEVERAL OCCURRENCES
COLUMN 17 PEAK WIND IN M.P.H.
PRELIMINARY LOCAL CLIMATOLOGICAL DATA (WS FORM: F-6) , PAGE 2
STATION: LAS CRUCES
MONTH: DECEMBER
YEAR: 2020
LATITUDE: 32 17 N
LONGITUDE: 106 46 W
[TEMPERATURE DATA] [PRECIPITATION DATA] SYMBOLS USED IN COLUMN 16
AVERAGE MONTHLY: 43.0 TOTAL FOR MONTH: 0.15 1 = FOG OR MIST
DPTR FM NORMAL: 0.0 DPTR FM NORMAL: M 2 = FOG REDUCING VISIBILITY
HIGHEST: 71 ON 28, 1 GRTST 24HR 0.15 ON 10-10 TO 1/4 MILE OR LESS
LOWEST: 18 ON 24, 4 3 = THUNDER
SNOW, ICE PELLETS, HAIL 4 = ICE PELLETS
TOTAL MONTH: M 5 = HAIL
GRTST 24HR M ON M 6 = FREEZING RAIN OR DRIZZLE
GRTST DEPTH: M ON M 7 = DUSTSTORM OR SANDSTORM:
VSBY 1/2 MILE OR LESS
8 = SMOKE OR HAZE
[NO. OF DAYS WITH] [WEATHER - DAYS WITH] 9 = BLOWING SNOW
X = TORNADO
MAX 32 OR BELOW: 0 0.01 INCH OR MORE: 1
MAX 90 OR ABOVE: 0 0.10 INCH OR MORE: 1
MIN 32 OR BELOW: 22 0.50 INCH OR MORE: 0
MIN 0 OR BELOW: 0 1.00 INCH OR MORE: 0
[HDD (BASE 65) ]
TOTAL THIS MO. 650 CLEAR (SCALE 0-3) 29
DPTR FM NORMAL M PTCLDY (SCALE 4-7) 2
TOTAL FM JUL 1 1064 CLOUDY (SCALE 8-10) 0
DPTR FM NORMAL M
[CDD (BASE 65) ]
TOTAL THIS MO. 0
DPTR FM NORMAL M [PRESSURE DATA]
TOTAL FM JAN 1 2384 HIGHEST SLP M ON M
DPTR FM NORMAL M LOWEST SLP M ON M
[REMARKS]
#FINAL-12-20#