000
CXUS56 KMTR 142207
CF6LVK
PRELIMINARY LOCAL CLIMATOLOGICAL DATA (WS FORM: F-6)
STATION: LIVERMORE AIRPORT
MONTH: JULY
YEAR: 2020
LATITUDE: 37 42 N
LONGITUDE: 121 49 W
TEMPERATURE IN F: :PCPN: SNOW: WIND :SUNSHINE: SKY :PK WND
================================================================================
1 2 3 4 5 6A 6B 7 8 9 10 11 12 13 14 15 16 17 18
12Z AVG MX 2MIN
DY MAX MIN AVG DEP HDD CDD WTR SNW DPTH SPD SPD DIR MIN PSBL S-S WX SPD DR
================================================================================
1 90 55 73 2 0 8 0.00 M M 7.0 17 300 M M 0 21 280
2 84 53 69 -2 0 4 0.00 M M 7.3 21 290 M M 0 24 290
3 85 54 70 -1 0 5 0.00 M M 7.5 18 300 M M 0 22 300
4 95 53 74 2 0 9 0.00 M M 4.6 17 270 M M 0 20 280
5 93 59 76 4 0 11 0.00 M M 7.9 17 280 M M 0 21 270
6 81 55 68 -4 0 3 0.00 M M 9.5 18 200 M M 0 25 190
7 89 52 71 -1 0 6 0.00 M M 7.0 17 290 M M 0 20 300
8 92 55 74 2 0 9 0.00 M M 7.1 20 290 M M 0 24 290
9 95 54 75 3 0 10 0.00 M M 5.8 18 280 M M 0 22 280
10 96 57 77 5 0 12 0.00 M M 5.9 16 290 M M 0 20 290
11 100 57 79 7 0 14 0.00 M M 5.0 17 260 M M 0 21 300
12 102 60 81 9 0 16 0.00 M M 6.5 17 300 M M 0 21 290
13 85 57 71 -1 0 6 0.00 M M 12.1 21 290 M M 0 24 290
14 87 56 72 -1 0 7 0.00 M M 7.6 18 300 M M 0 22 290
15 90 57 74 1 0 9 0.00 M M 8.1 16 300 M M 1 19 280
16 84 57 71 -2 0 6 0.00 M M 10.4 21 290 M M 1 25 280
17 87 57 72 -1 0 7 0.00 M M 8.6 18 310 M M 0 23 290
18 93 58 76 3 0 11 0.00 M M 6.9 17 290 M M 0 21 280
19 84 57 71 -2 0 6 0.00 M M 10.3 20 290 M M 1 24 290
20 81 57 69 -4 0 4 0.00 M M 11.6 18 290 M M 3 24 290
21 84 56 70 -3 0 5 0.00 M M 10.1 20 290 M M 2 24 300
22 86 57 72 -1 0 7 0.00 M M 9.5 22 290 M M 4 26 280
23 87 58 73 0 0 8 0.00 M M 8.9 18 290 M M 4 23 290
24 83 56 70 -3 0 5 0.00 M M 11.2 18 290 M M 0 22 300
25 92 54 73 0 0 8 0.00 M M 6.4 16 300 M M 0 20 290
26 92 57 75 2 0 10 0.00 M M 8.1 20 290 M M 0 23 280
27 90 57 74 1 0 9 0.00 M M 9.4 20 290 M M 0 22 290
28 91 55 73 0 0 8 0.00 M M 7.7 15 300 M M 0 19 300
29 90 56 73 0 0 8 0.00 M M 8.2 18 270 M M 0 22 270
30 90 56 73 0 0 8 0.00 M M 8.8 16 280 M M 2 18 310
31 88 55 72 -1 0 7 0.00 M M 8.9 21 260 M M 1 25 250
================================================================================
SM 2766 1737 0 246 0.00 M 253.9 M 19
================================================================================
AV 89.2 56.0 8.2 FASTST M M 1 MAX(MPH)
MISC ----> 22 290 26 280
================================================================================
NOTES:
# LAST OF SEVERAL OCCURRENCES
COLUMN 17 PEAK WIND IN M.P.H.
PRELIMINARY LOCAL CLIMATOLOGICAL DATA (WS FORM: F-6) , PAGE 2
STATION: LIVERMORE AIRPORT
MONTH: JULY
YEAR: 2020
LATITUDE: 37 42 N
LONGITUDE: 121 49 W
[TEMPERATURE DATA] [PRECIPITATION DATA] SYMBOLS USED IN COLUMN 16
AVERAGE MONTHLY: 72.6 TOTAL FOR MONTH: 0.00 1 = FOG OR MIST
DPTR FM NORMAL: 0.3 DPTR FM NORMAL: 0.00 2 = FOG REDUCING VISIBILITY
HIGHEST: 102 ON 12 GRTST 24HR 0.03 ON 22-22 TO 1/4 MILE OR LESS
LOWEST: 52 ON 7 3 = THUNDER
SNOW, ICE PELLETS, HAIL 4 = ICE PELLETS
TOTAL MONTH: M 5 = HAIL
GRTST 24HR M ON M 6 = FREEZING RAIN OR DRIZZLE
GRTST DEPTH: M ON M 7 = DUSTSTORM OR SANDSTORM:
VSBY 1/2 MILE OR LESS
8 = SMOKE OR HAZE
[NO. OF DAYS WITH] [WEATHER - DAYS WITH] 9 = BLOWING SNOW
X = TORNADO
MAX 32 OR BELOW: 0 0.01 INCH OR MORE: 0
MAX 90 OR ABOVE: 16 0.10 INCH OR MORE: 0
MIN 32 OR BELOW: 0 0.50 INCH OR MORE: 0
MIN 0 OR BELOW: 0 1.00 INCH OR MORE: 0
[HDD (BASE 65) ]
TOTAL THIS MO. 0 CLEAR (SCALE 0-3) 29
DPTR FM NORMAL -4 PTCLDY (SCALE 4-7) 2
TOTAL FM JUL 1 0 CLOUDY (SCALE 8-10) 0
DPTR FM NORMAL 0
[CDD (BASE 65) ]
TOTAL THIS MO. 246
DPTR FM NORMAL 15 [PRESSURE DATA]
TOTAL FM JAN 1 559 HIGHEST SLP 30.04 ON 31
DPTR FM NORMAL 165 LOWEST SLP 29.73 ON 1
[REMARKS]
#FINAL-07-20#