000
CXUS56 KMTR 011634
CF6LVK
PRELIMINARY LOCAL CLIMATOLOGICAL DATA (WS FORM: F-6)
STATION: LIVERMORE AIRPORT
MONTH: APRIL
YEAR: 2020
LATITUDE: 37 42 N
LONGITUDE: 121 49 W
TEMPERATURE IN F: :PCPN: SNOW: WIND :SUNSHINE: SKY :PK WND
================================================================================
1 2 3 4 5 6A 6B 7 8 9 10 11 12 13 14 15 16 17 18
12Z AVG MX 2MIN
DY MAX MIN AVG DEP HDD CDD WTR SNW DPTH SPD SPD DIR MIN PSBL S-S WX SPD DR
================================================================================
1 62 42 52 -2 13 0 0.00 M M 6.5 15 240 M M 1 19 250
2 66 37 52 -2 13 0 0.00 M M 5.4 20 270 M M 0 23 250
3 65 41 53 -1 12 0 0.00 M M 4.9 15 270 M M 0 19 250
4 60 46 53 -1 12 0 0.08 M M 8.2 18 230 M M 9 18 24 220
5 56 46 51 -4 14 0 0.56 M M 6.4 24 240 M M 10 1 31 240
6 52 39 46 -9 19 0 0.18 0.0 M 2.9 13 40 M M 7 1 18 30
7 64 37 51 -4 14 0 0.00 M M 3.4 12 310 M M 4 12 15 320
8 67 47 57 2 8 0 0.00 M M 7.1 20 280 M M 1 22 290
9 61 51 56 1 9 0 0.00 M M 6.7 15 40 M M 8 1 18 40
10 66 50 58 3 7 0 0.00 M M 6.0 15 280 M M 7 20 270
11 63 50 57 1 8 0 0.00 M M 9.0 16 290 M M 8 22 290
12 67 51 59 3 6 0 0.00 M M 7.0 17 280 M M 6 20 280
13 74 47 61 5 4 0 0.00 0.0 M 5.2 13 290 M M 3 1 17 280
14 77 40 59 3 6 0 0.00 M M 4.1 14 50 M M 0 19 80
15 81 42 62 6 3 0 0.00 M M 4.5 14 300 M M 0 18 280
16 68 50 59 2 6 0 0.00 M M 6.9 16 280 M M 4 20 310
17 65 51 58 1 7 0 0.00 M M 10.5 21 270 M M 7 27 290
18 66 48 57 0 8 0 0.00 M M 8.3 15 280 M M 5 21 230
19 68 44 56 -1 9 0 0.00 M M 6.8 16 280 M M 2 20 290
20 65 50 58 0 7 0 0.00 M M 8.5 18 280 M M 9 23 300
21 71 50 61 3 4 0 0.00 M M 7.2 17 280 M M 5 21 280
22 79 45 62 4 3 0 0.00 0.0 M 3.9 15 270 M M 0 19 280
23 81 53 67 9 0 2 0.00 0.0 M 5.0 16 280 M M 2 20 280
24 88 49 69 11 0 4 0.00 M M 3.3 12 270 M M 0 15 290
25 87 52 70 11 0 5 0.00 M M 5.2 13 300 M M 0 17 280
26 81 49 65 6 0 0 0.00 M M 6.5 16 290 M M 0 19 300
27 80 58 69 10 0 4 0.00 M M 8.3 16 280 M M 0 20 260
28 88 52 70 11 0 5 0.00 M M 5.3 16 290 M M 0 21 300
29 73 53 63 3 2 0 0.00 M M 8.6 15 200 M M 2 19 200
30 77 51 64 4 1 0 0.00 M M 8.4 20 290 M M 1 18 25 260
================================================================================
SM 2118 1421 195 20 0.82 0.0 190.0 M 101
================================================================================
AV 70.6 47.4 6.3 FASTST M M 3 MAX(MPH)
MISC ----> 24 240 31 240
================================================================================
NOTES:
# LAST OF SEVERAL OCCURRENCES
COLUMN 17 PEAK WIND IN M.P.H.
PRELIMINARY LOCAL CLIMATOLOGICAL DATA (WS FORM: F-6) , PAGE 2
STATION: LIVERMORE AIRPORT
MONTH: APRIL
YEAR: 2020
LATITUDE: 37 42 N
LONGITUDE: 121 49 W
[TEMPERATURE DATA] [PRECIPITATION DATA] SYMBOLS USED IN COLUMN 16
AVERAGE MONTHLY: 59.0 TOTAL FOR MONTH: 0.82 1 = FOG OR MIST
DPTR FM NORMAL: 2.4 DPTR FM NORMAL: -0.18 2 = FOG REDUCING VISIBILITY
HIGHEST: 88 ON 28,24 GRTST 24HR 0.58 ON 4- 5 TO 1/4 MILE OR LESS
LOWEST: 37 ON 7, 2 3 = THUNDER
SNOW, ICE PELLETS, HAIL 4 = ICE PELLETS
TOTAL MONTH: 0.0 INCH 5 = HAIL
GRTST 24HR 0.0 6 = FREEZING RAIN OR DRIZZLE
GRTST DEPTH: M ON M 7 = DUSTSTORM OR SANDSTORM:
VSBY 1/2 MILE OR LESS
8 = SMOKE OR HAZE
[NO. OF DAYS WITH] [WEATHER - DAYS WITH] 9 = BLOWING SNOW
X = TORNADO
MAX 32 OR BELOW: 0 0.01 INCH OR MORE: 3
MAX 90 OR ABOVE: 0 0.10 INCH OR MORE: 2
MIN 32 OR BELOW: 0 0.50 INCH OR MORE: 1
MIN 0 OR BELOW: 0 1.00 INCH OR MORE: 0
[HDD (BASE 65) ]
TOTAL THIS MO. 195 CLEAR (SCALE 0-3) 17
DPTR FM NORMAL -63 PTCLDY (SCALE 4-7) 10
TOTAL FM JUL 1 2252 CLOUDY (SCALE 8-10) 3
DPTR FM NORMAL -371
[CDD (BASE 65) ]
TOTAL THIS MO. 20
DPTR FM NORMAL 12 [PRESSURE DATA]
TOTAL FM JAN 1 20 HIGHEST SLP 30.28 ON 22
DPTR FM NORMAL 11 LOWEST SLP 29.61 ON 5
[REMARKS]
#FINAL-04-20#