000
CXUS53 KTOP 010810
CF6LWC
PRELIMINARY LOCAL CLIMATOLOGICAL DATA (WS FORM: F-6)
STATION: LAWRENCE KS
MONTH: AUGUST
YEAR: 2023
LATITUDE: 39 0 N
LONGITUDE: 95 13 W
TEMPERATURE IN F: :PCPN: SNOW: WIND :SUNSHINE: SKY :PK WND
================================================================================
1 2 3 4 5 6A 6B 7 8 9 10 11 12 13 14 15 16 17 18
12Z AVG MX 2MIN
DY MAX MIN AVG DEP HDD CDD WTR SNW DPTH SPD SPD DIR MIN PSBL S-S WX SPD DR
================================================================================
1 97 73 85 6 0 20 0.00 M M 8.5 16 160 M M 1 1 23 140
2 90 78 84 5 0 19 0.20 M M 6.6 20 200 M M 2 138 25 210
3 88 77 83 4 0 18 0.17 M M 5.4 14 160 M M 5 138 17 170
4 92 72 82 3 0 17 0.00 M M 5.6 15 310 M M 6 138 21 100
5 94 69 82 3 0 17 0.01 M M 5.1 15 270 M M 2 12 20 280
6 85 68 77 -2 0 12 0.26 M M 12.6 26 290 M M 4 13 39 300
7 84 64 74 -5 0 9 0.01 M M 5.5 14 310 M M 4 138 19 320
8 94 64 79 0 0 14 0.00 M M 5.0 8 70 M M 0 1 12 50
9 88 68 78 -1 0 13 0.76 M M 2.8 20 140 M M 3 13 26 130
10 92 66 79 0 0 14 0.00 M M 5.3 12 170 M M 2 12 17 180
11 101 71 86 7 0 21 0.00 M M 4.7 15 190 M M 0 23 190
12 98 75 87 9 0 22 0.00 M M 4.7 10 130 M M 2 1 15 60
13 90 72 81 3 0 16 1.11 M M 5.2 25 320 M M 6 13 36 320
14 82 62 72 -6 0 7 0.00 M M 10.1 17 330 M M 3 30 310
15 83 58 71 -7 0 6 0.00 M M 5.3 15 340 M M 1 19 340
16 90 57 74 -4 0 9 0.00 M M 7.4 17 160 M M 0 1 22 200
17 88 58 73 -5 0 8 0.00 M M 6.3 17 330 M M 0 18 27 330
18 90 55 73 -5 0 8 0.00 M M 5.7 15 140 M M 0 18 19 160
19 110 68 89 12 0 24 0.00 M M 7.8 14 170 M M 0 1 22 180
20 103 76 90 13 0 25 0.00 M M 4.7 13 340 M M 0 18 17 330
21 104 77 91 14 0 26 0.00 M M 3.6 10 70 M M 2 128 15 80
22 103 74 89 12 0 24 0.00 M M 3.2 10 160 M M 2 128 15 140
23 107 78 93 17 0 28 0.00 M M 4.8 13 210 M M 0 18 18 180
24 112 79 96 20 0 31 0.00 M M 5.4 14 160 M M 1 8 17 250
25 108 75 92 16 0 27 0.00 M M 4.2 14 180 M M 1 38 18 280
26 86 71 79 3 0 14 0.03 M M 8.3 31 330 M M 4 3 42 320
27 85 61 73 -2 0 8 0.00 M M 5.9 15 40 M M 4 1 21 100
28 87 54 71 -4 0 6 0.00 M M 2.5 9 40 M M 0 18 13 30
29 92 61 77 2 0 12 0.00 M M 5.2 16 340 M M 0 18 24 350
30 88 59 74 0 0 9 0.00 M M 5.5 13 30 M M 0 18 20 40
31 88 53 71 -3 0 6 0.00 M M 6.0 13 130 M M 0 18 20 170
================================================================================
SM 2899 2093 0 490 2.55 M 178.9 M 55
================================================================================
AV 93.5 67.5 5.8 FASTST M M 2 MAX(MPH)
MISC ----> 31 330 42 320
================================================================================
NOTES:
# LAST OF SEVERAL OCCURRENCES
COLUMN 17 PEAK WIND IN M.P.H.
PRELIMINARY LOCAL CLIMATOLOGICAL DATA (WS FORM: F-6) , PAGE 2
STATION: LAWRENCE KS
MONTH: AUGUST
YEAR: 2023
LATITUDE: 39 0 N
LONGITUDE: 95 13 W
[TEMPERATURE DATA] [PRECIPITATION DATA] SYMBOLS USED IN COLUMN 16
AVERAGE MONTHLY: 80.5 TOTAL FOR MONTH: 2.55 1 = FOG OR MIST
DPTR FM NORMAL: 3.0 DPTR FM NORMAL: -1.50 2 = FOG REDUCING VISIBILITY
HIGHEST: 112 ON 24 GRTST 24HR 1.11 ON 13-13 TO 1/4 MILE OR LESS
LOWEST: 53 ON 31 3 = THUNDER
SNOW, ICE PELLETS, HAIL 4 = ICE PELLETS
TOTAL MONTH: M 5 = HAIL
GRTST 24HR M ON M 6 = FREEZING RAIN OR DRIZZLE
GRTST DEPTH: M ON M 7 = DUSTSTORM OR SANDSTORM:
VSBY 1/2 MILE OR LESS
8 = SMOKE OR HAZE
[NO. OF DAYS WITH] [WEATHER - DAYS WITH] 9 = BLOWING SNOW
X = TORNADO
MAX 32 OR BELOW: 0 0.01 INCH OR MORE: 8
MAX 90 OR ABOVE: 19 0.10 INCH OR MORE: 5
MIN 32 OR BELOW: 0 0.50 INCH OR MORE: 2
MIN 0 OR BELOW: 0 1.00 INCH OR MORE: 1
[HDD (BASE 65) ]
TOTAL THIS MO. 0 CLEAR (SCALE 0-3) 22
DPTR FM NORMAL -2 PTCLDY (SCALE 4-7) 9
TOTAL FM JUL 1 0 CLOUDY (SCALE 8-10) 0
DPTR FM NORMAL 0
[CDD (BASE 65) ]
TOTAL THIS MO. 490
DPTR FM NORMAL 101 [PRESSURE DATA]
TOTAL FM JAN 1 1376 HIGHEST SLP M ON M
DPTR FM NORMAL 110 LOWEST SLP 29.71 ON 11
[REMARKS]
#FINAL-08-23#