000
CXUS53 KGID 011650
CF6LXN
PRELIMINARY LOCAL CLIMATOLOGICAL DATA (WS FORM: F-6)
STATION: LEXINGTON NE
MONTH: JULY
YEAR: 2022
LATITUDE: 40 47 N
LONGITUDE: 99 46 W
TEMPERATURE IN F: :PCPN: SNOW: WIND :SUNSHINE: SKY :PK WND
================================================================================
1 2 3 4 5 6A 6B 7 8 9 10 11 12 13 14 15 16 17 18
12Z AVG MX 2MIN
DY MAX MIN AVG DEP HDD CDD WTR SNW DPTH SPD SPD DIR MIN PSBL S-S WX SPD DR
================================================================================
1 82 62 72 M 0 7 0.07 M M 9.9 21 330 M M 2 30 330
2 84 63 74 M 0 9 0.00 M M 7.1 12 320 M M 3 30 320
3 92 64 78 M 0 13 0.64 M M 12.2 18 140 M M 5 13 32 110
4 97 72 85 M 0 20 0.00 M M 9.5 16 190 M M 0 23 180
5 96 72 84 M 0 19 0.10 M M 10.8 27 60 M M 1 3 35 190
6 85 67 76 M 0 11 0.05 M M 8.4 14 50 M M 4 22 50
7 84 68 76 M 0 11 0.12 M M 4.7 12 50 M M 5 1 17 40
8 89 64 77 M 0 12 0.00 M M 5.3 10 120 M M 1 1 M M
9 91 64 78 M 0 13 0.00 M M 10.0 18 140 M M 1 1 25 140
10 107 70 89 M 0 24 0.01 M M 11.3 15 220 M M 0 33 60
11 86 61 74 M 0 9 0.00 M M 9.9 21 10 M M 0 29 0
12 88 55 72 M 0 7 0.00 M M 4.3 9 140 M M 0 8 M M
13 97 60 79 M 0 14 0.00 M M 9.7 15 120 M M 0 8 22 120
14 105 72 89 M 0 24 0.00 M M 8.2 16 200 M M 0 21 210
15 99 66 83 M 0 18 0.00 M M 7.9 15 30 M M 0 17 30
16 94 67 81 M 0 16 T M M 7.0 16 290 M M 1 31 190
17 91 64 78 M 0 13 0.00 M M 6.5 10 80 M M 3 18 16 100
18 96 64 80 M 0 15 0.00 M M 11.6 20 160 M M 0 1 27 160
19 94 64 79 M 0 14 0.00 M M 7.6 16 10 M M 0 21 180
20 93 58 76 M 0 11 0.00 M M 4.9 10 160 M M 0 M M
21 97 68 83 M 0 18 0.08 M M 9.6 38 200 M M 1 62 200
22 97 70 84 M 0 19 0.09 M M 10.8 21 200 M M 0 3 28 200
23 106 73 90 M 0 25 0.00 M M 10.0 22 210 M M 0 28 210
24 86 64 75 M 0 10 0.00 M M 9.4 15 70 M M 0 21 100
25 72 61 67 M 0 2 0.51 M M 8.6 16 100 M M 9 1 18 100
26 80 65 73 M 0 8 0.00 M M 6.2 10 170 M M 6 1 M M
27 85 60 73 M 0 8 0.04 M M 3.6 9 160 M M 0 18 M M
28 78 64 71 M 0 6 0.25 M M 6.2 23 320 M M 1 36 320
29 79 59 69 M 0 4 0.00 M M 6.3 16 180 M M 1 18 21 180
30 82 56 69 M 0 4 0.00 M M 8.8 14 160 M M 0 22 160
31 93 62 78 M 0 13 0.00 M M 6.0 12 220 M M 2 1 13 220
================================================================================
SM 2805 1999 0 397 1.96 M 252.3 M 46
================================================================================
AV 90.5 64.5 8.1 FASTST M M 1 MAX(MPH)
MISC ----> 38 200 M M
================================================================================
NOTES:
# LAST OF SEVERAL OCCURRENCES
COLUMN 17 PEAK WIND IN M.P.H.
PRELIMINARY LOCAL CLIMATOLOGICAL DATA (WS FORM: F-6) , PAGE 2
STATION: LEXINGTON NE
MONTH: JULY
YEAR: 2022
LATITUDE: 40 47 N
LONGITUDE: 99 46 W
[TEMPERATURE DATA] [PRECIPITATION DATA] SYMBOLS USED IN COLUMN 16
AVERAGE MONTHLY: 77.5 TOTAL FOR MONTH: 1.96 1 = FOG OR MIST
DPTR FM NORMAL: M DPTR FM NORMAL: M 2 = FOG REDUCING VISIBILITY
HIGHEST: 107 ON 10 GRTST 24HR 0.64 ON 3- 3 TO 1/4 MILE OR LESS
LOWEST: 55 ON 12 3 = THUNDER
SNOW, ICE PELLETS, HAIL 4 = ICE PELLETS
TOTAL MONTH: M 5 = HAIL
GRTST 24HR M ON M 6 = FREEZING RAIN OR DRIZZLE
GRTST DEPTH: M ON M 7 = DUSTSTORM OR SANDSTORM:
VSBY 1/2 MILE OR LESS
8 = SMOKE OR HAZE
[NO. OF DAYS WITH] [WEATHER - DAYS WITH] 9 = BLOWING SNOW
X = TORNADO
MAX 32 OR BELOW: 0 0.01 INCH OR MORE: 11
MAX 90 OR ABOVE: 17 0.10 INCH OR MORE: 5
MIN 32 OR BELOW: 0 0.50 INCH OR MORE: 2
MIN 0 OR BELOW: 0 1.00 INCH OR MORE: 0
[HDD (BASE 65) ]
TOTAL THIS MO. 0 CLEAR (SCALE 0-3) 25
DPTR FM NORMAL M PTCLDY (SCALE 4-7) 5
TOTAL FM JUL 1 0 CLOUDY (SCALE 8-10) 1
DPTR FM NORMAL M
[CDD (BASE 65) ]
TOTAL THIS MO. 397
DPTR FM NORMAL M [PRESSURE DATA]
TOTAL FM JAN 1 732 HIGHEST SLP M ON M
DPTR FM NORMAL M LOWEST SLP M ON M
[REMARKS]
#FINAL-07-22#