000
CXUS55 KPUB 011210
CF6LXV
PRELIMINARY LOCAL CLIMATOLOGICAL DATA (WS FORM: F-6)
STATION: LEADVILLE CO
MONTH: JULY
YEAR: 2020
LATITUDE: 39 15 N
LONGITUDE: 106 18 W
TEMPERATURE IN F: :PCPN: SNOW: WIND :SUNSHINE: SKY :PK WND
================================================================================
1 2 3 4 5 6A 6B 7 8 9 10 11 12 13 14 15 16 17 18
12Z AVG MX 2MIN
DY MAX MIN AVG DEP HDD CDD WTR SNW DPTH SPD SPD DIR MIN PSBL S-S WX SPD DR
================================================================================
1 69 27 48 -5 17 0 0.00 M M 7.1 24 190 M M 1 8 36 210
2 73 32 53 0 12 0 T M M 7.3 24 180 M M 2 8 36 180
3 73 37 55 2 10 0 0.33 M M 5.1 28 170 M M 4 13 40 160
4 67 41 54 1 11 0 T M M 4.1 24 360 M M 5 13 38 350
5 71 36 54 1 11 0 0.03 M M 6.2 20 350 M M 3 3 29 340
6 73 33 53 0 12 0 T M M 4.7 29 200 M M 3 8 45 200
7 75 37 56 2 9 0 0.00 M M 6.6 26 290 M M 2 8 40 300
8 74 31 53 -1 12 0 0.00 M M 6.2 21 310 M M 1 8 29 300
9 76 34 55 1 10 0 0.00 M M 6.5 22 270 M M 1 8 31 280
10 79 30 55 1 10 0 0.00 M M 6.6 20 300 M M 0 8 31 330
11 81 36 59 5 6 0 0.00 M M 5.5 16 310 M M 0 24 360
12 75 40 58 4 7 0 0.08 M M 7.3 25 290 M M 2 3 35 300
13 75 41 58 4 7 0 T M M 8.0 37 260 M M 5 38 64 260
14 73 43 58 4 7 0 T M M 7.5 29 260 M M 3 48 280
15 74 38 56 2 9 0 T M M 7.5 23 290 M M 2 35 300
16 69 37 53 -1 12 0 0.10 M M 4.8 18 170 M M 4 13 27 140
17 70 35 53 -2 12 0 0.05 M M 5.9 22 180 M M 3 1 30 190
18 70 37 54 -1 11 0 0.02 M M 5.0 25 310 M M 3 37 340
19 70 41 56 1 9 0 T M M 5.6 25 310 M M 4 3 36 310
20 75 35 55 0 10 0 T M M 6.6 22 310 M M 1 3 36 360
21 76 37 57 2 8 0 T M M 6.9 22 190 M M 2 29 320
22 73 39 56 1 9 0 0.04 M M 5.6 29 170 M M 4 1 42 190
23 70 40 55 0 10 0 T M M 4.9 18 320 M M 4 29 330
24 64 48 56 1 9 0 0.04 M M 4.9 16 310 M M 10 25 330
25 61 49 55 0 10 0 0.53 M M 2.8 12 190 M M 10 13 16 190
26 69 44 57 2 8 0 0.60 M M 4.2 14 190 M M 7 12 20 180
27 69 44 57 2 8 0 0.00 M M 4.5 17 190 M M 4 123 25 180
28 67 41 54 -1 11 0 0.04 M M 6.6 25 10 M M 5 36 20
29 72 37 55 0 10 0 0.01 M M 11.4 35 360 M M 3 3 51 10
30 70 42 56 2 9 0 0.00 M M 10.7 24 10 M M 1 38 360
31 74 36 55 1 10 0 0.01 M M 7.4 43 300 M M 1 64 300
================================================================================
SM 2227 1178 306 0 1.88 M 194.0 M 100
================================================================================
AV 71.8 38.0 6.3 FASTST M M 3 MAX(MPH)
MISC ----> 43 300 # 64 260
================================================================================
NOTES:
# LAST OF SEVERAL OCCURRENCES
COLUMN 17 PEAK WIND IN M.P.H.
PRELIMINARY LOCAL CLIMATOLOGICAL DATA (WS FORM: F-6) , PAGE 2
STATION: LEADVILLE CO
MONTH: JULY
YEAR: 2020
LATITUDE: 39 15 N
LONGITUDE: 106 18 W
[TEMPERATURE DATA] [PRECIPITATION DATA] SYMBOLS USED IN COLUMN 16
AVERAGE MONTHLY: 54.9 TOTAL FOR MONTH: 1.88 1 = FOG OR MIST
DPTR FM NORMAL: 0.8 DPTR FM NORMAL: 0.03 2 = FOG REDUCING VISIBILITY
HIGHEST: 81 ON 11 GRTST 24HR 0.67 ON 25-26 TO 1/4 MILE OR LESS
LOWEST: 27 ON 1 3 = THUNDER
SNOW, ICE PELLETS, HAIL 4 = ICE PELLETS
TOTAL MONTH: M 5 = HAIL
GRTST 24HR M ON M 6 = FREEZING RAIN OR DRIZZLE
GRTST DEPTH: M ON M 7 = DUSTSTORM OR SANDSTORM:
VSBY 1/2 MILE OR LESS
8 = SMOKE OR HAZE
[NO. OF DAYS WITH] [WEATHER - DAYS WITH] 9 = BLOWING SNOW
X = TORNADO
MAX 32 OR BELOW: 0 0.01 INCH OR MORE: 13
MAX 90 OR ABOVE: 0 0.10 INCH OR MORE: 4
MIN 32 OR BELOW: 4 0.50 INCH OR MORE: 2
MIN 0 OR BELOW: 0 1.00 INCH OR MORE: 0
[HDD (BASE 65) ]
TOTAL THIS MO. 306 CLEAR (SCALE 0-3) 14
DPTR FM NORMAL -30 PTCLDY (SCALE 4-7) 15
TOTAL FM JUL 1 306 CLOUDY (SCALE 8-10) 2
DPTR FM NORMAL -26
[CDD (BASE 65) ]
TOTAL THIS MO. 0
DPTR FM NORMAL 0 [PRESSURE DATA]
TOTAL FM JAN 1 0 HIGHEST SLP 30.26 ON 16
DPTR FM NORMAL 0 LOWEST SLP 29.73 ON 7
[REMARKS]
#FINAL-07-20#